80.13.166.212 - - [09/Jan/2011:12:48:18 +0100] "GET /chat/?ajax=true&lastID=12 HTTP/1.1" 200 170 "http://les-spartiates.no-ip.org/chat/" "Mozilla/5.0 (Windows NT 6.1; WOW64; rv:2.0b8) Gecko/20100101 Firefox/4.0b8"
80.13.166.212 - - [09/Jan/2011:12:48:21 +0100] "GET /chat/?ajax=true&lastID=12 HTTP/1.1" 200 170 "http://les-spartiates.no-ip.org/chat/" "Mozilla/5.0 (Windows NT 6.1; WOW64; rv:2.0b8) Gecko/20100101 Firefox/4.0b8"
87.91.231.6 - - [09/Jan/2011:12:48:21 +0100] "GET /chat/?ajax=true&lastID=10 HTTP/1.1" 200 323 "http://les-spartiates.no-ip.org/chat/" "Mozilla/5.0 (Windows; U; Windows NT 6.1; fr; rv:1.9.2.13) Gecko/20101203 Firefox/3.6.13 LUDI2 ;ShopperReports"
87.91.231.6 - - [09/Jan/2011:12:48:22 +0100] "GET /chat/?ajax=true&lastID=9 HTTP/1.1" 200 360 "http://les-spartiates.no-ip.org/chat/" "Mozilla/5.0 (Windows; U; Windows NT 6.1; fr; rv:1.9.2.13) Gecko/20101203 Firefox/3.6.13 LUDI2 ;ShopperReports"
87.91.231.6 - - [09/Jan/2011:12:48:22 +0100] "POST /chat/?ajax=true HTTP/1.1" 200 394 "http://les-spartiates.no-ip.org/chat/" "Mozilla/5.0 (Windows; U; Windows NT 6.1; fr; rv:1.9.2.13) Gecko/20101203 Firefox/3.6.13 LUDI2 ;ShopperReports"
87.91.231.6 - - [09/Jan/2011:12:48:22 +0100] "GET /chat/?ajax=true&lastID=9 HTTP/1.1" 200 435 "http://les-spartiates.no-ip.org/chat/" "Mozilla/5.0 (Windows; U; Windows NT 6.1; fr; rv:1.9.2.13) Gecko/20101203 Firefox/3.6.13 LUDI2 ;ShopperReports"
80.13.166.212 - - [09/Jan/2011:12:48:23 +0100] "GET /chat/?ajax=true&lastID=12 HTTP/1.1" 200 296 "http://les-spartiates.no-ip.org/chat/" "Mozilla/5.0 (Windows NT 6.1; WOW64; rv:2.0b8) Gecko/20100101 Firefox/4.0b8"
87.91.231.6 - - [09/Jan/2011:12:48:24 +0100] "GET /chat/?ajax=true&lastID=13 HTTP/1.1" 200 170 "http://les-spartiates.no-ip.org/chat/" "Mozilla/5.0 (Windows; U; Windows NT 6.1; fr; rv:1.9.2.13) Gecko/20101203 Firefox/3.6.13 LUDI2 ;ShopperReports"
87.91.231.6 - - [09/Jan/2011:12:48:25 +0100] "GET /chat/?ajax=true&lastID=13 HTTP/1.1" 200 170 "http://les-spartiates.no-ip.org/chat/" "Mozilla/5.0 (Windows; U; Windows NT 6.1; fr; rv:1.9.2.13) Gecko/20101203 Firefox/3.6.13 LUDI2 ;ShopperReports"
87.91.231.6 - - [09/Jan/2011:12:48:25 +0100] "GET /chat/?ajax=true&lastID=10 HTTP/1.1" 200 394 "http://les-spartiates.no-ip.org/chat/" "Mozilla/5.0 (Windows; U; Windows NT 6.1; fr; rv:1.9.2.13) Gecko/20101203 Firefox/3.6.13 LUDI2 ;ShopperReports"
80.13.166.212 - - [09/Jan/2011:12:48:25 +0100] "GET /chat/?ajax=true&lastID=13 HTTP/1.1" 200 170 "http://les-spartiates.no-ip.org/chat/" "Mozilla/5.0 (Windows NT 6.1; WOW64; rv:2.0b8) Gecko/20100101 Firefox/4.0b8"
87.91.231.6 - - [09/Jan/2011:12:48:27 +0100] "GET /chat/?ajax=true&lastID=13 HTTP/1.1" 200 170 "http://les-spartiates.no-ip.org/chat/" "Mozilla/5.0 (Windows; U; Windows NT 6.1; fr; rv:1.9.2.13) Gecko/20101203 Firefox/3.6.13 LUDI2 ;ShopperReports"
80.13.166.212 - - [09/Jan/2011:12:48:27 +0100] "GET /chat/?ajax=true&lastID=13 HTTP/1.1" 200 170 "http://les-spartiates.no-ip.org/chat/" "Mozilla/5.0 (Windows NT 6.1; WOW64; rv:2.0b8) Gecko/20100101 Firefox/4.0b8"
80.13.166.212 - - [09/Jan/2011:12:48:27 +0100] "POST /chat/?ajax=true HTTP/1.1" 200 262 "http://les-spartiates.no-ip.org/chat/" "Mozilla/5.0 (Windows NT 6.1; WOW64; rv:2.0b8) Gecko/20100101 Firefox/4.0b8"
87.91.231.6 - - [09/Jan/2011:12:48:29 +0100] "GET /chat/?ajax=true&lastID=13 HTTP/1.1" 200 262 "http://les-spartiates.no-ip.org/chat/" "Mozilla/5.0 (Windows; U; Windows NT 6.1; fr; rv:1.9.2.13) Gecko/20101203 Firefox/3.6.13 LUDI2 ;ShopperReports"
87.91.231.6 - - [09/Jan/2011:12:48:29 +0100] "GET /chat/?ajax=true&lastID=10 HTTP/1.1" 200 423 "http://les-spartiates.no-ip.org/chat/" "Mozilla/5.0 (Windows; U; Windows NT 6.1; fr; rv:1.9.2.13) Gecko/20101203 Firefox/3.6.13 LUDI2 ;ShopperReports"
80.13.166.212 - - [09/Jan/2011:12:48:29 +0100] "GET /chat/?ajax=true&lastID=14 HTTP/1.1" 200 170 "http://les-spartiates.no-ip.org/chat/" "Mozilla/5.0 (Windows NT 6.1; WOW64; rv:2.0b8) Gecko/20100101 Firefox/4.0b8"
80.13.166.212 - - [09/Jan/2011:12:48:32 +0100] "GET /chat/?ajax=true&lastID=14 HTTP/1.1" 200 170 "http://les-spartiates.no-ip.org/chat/" "Mozilla/5.0 (Windows NT 6.1; WOW64; rv:2.0b8) Gecko/20100101 Firefox/4.0b8"
87.91.231.6 - - [09/Jan/2011:12:48:32 +0100] "GET /chat/?ajax=true&lastID=14 HTTP/1.1" 200 170 "http://les-spartiates.no-ip.org/chat/" "Mozilla/5.0 (Windows; U; Windows NT 6.1; fr; rv:1.9.2.13) Gecko/20101203 Firefox/3.6.13 LUDI2 ;ShopperReports"
80.13.166.212 - - [09/Jan/2011:12:48:34 +0100] "GET /chat/?ajax=true&lastID=14 HTTP/1.1" 200 170 "http://les-spartiates.no-ip.org/chat/" "Mozilla/5.0 (Windows NT 6.1; WOW64; rv:2.0b8) Gecko/20100101 Firefox/4.0b8"
87.91.231.6 - - [09/Jan/2011:12:48:34 +0100] "GET /chat/?ajax=true&lastID=14 HTTP/1.1" 200 170 "http://les-spartiates.no-ip.org/chat/" "Mozilla/5.0 (Windows; U; Windows NT 6.1; fr; rv:1.9.2.13) Gecko/20101203 Firefox/3.6.13 LUDI2 ;ShopperReports"
80.13.166.212 - - [09/Jan/2011:12:48:36 +0100] "GET /chat/?ajax=true&lastID=14 HTTP/1.1" 200 170 "http://les-spartiates.no-ip.org/chat/" "Mozilla/5.0 (Windows NT 6.1; WOW64; rv:2.0b8) Gecko/20100101 Firefox/4.0b8"
87.91.231.6 - - [09/Jan/2011:12:48:36 +0100] "GET /chat/?ajax=true&lastID=14 HTTP/1.1" 200 170 "http://les-spartiates.no-ip.org/chat/" "Mozilla/5.0 (Windows; U; Windows NT 6.1; fr; rv:1.9.2.13) Gecko/20101203 Firefox/3.6.13 LUDI2 ;ShopperReports"
80.13.166.212 - - [09/Jan/2011:12:48:38 +0100] "GET /chat/?ajax=true&lastID=14 HTTP/1.1" 200 170 "http://les-spartiates.no-ip.org/chat/" "Mozilla/5.0 (Windows NT 6.1; WOW64; rv:2.0b8) Gecko/20100101 Firefox/4.0b8"
87.91.231.6 - - [09/Jan/2011:12:48:39 +0100] "GET /chat/?ajax=true&lastID=14 HTTP/1.1" 200 170 "http://les-spartiates.no-ip.org/chat/" "Mozilla/5.0 (Windows; U; Windows NT 6.1; fr; rv:1.9.2.13) Gecko/20101203 Firefox/3.6.13 LUDI2 ;ShopperReports"
80.13.166.212 - - [09/Jan/2011:12:48:44 +0100] "GET /chat/?ajax=true&lastID=14 HTTP/1.1" 200 170 "http://les-spartiates.no-ip.org/chat/" "Mozilla/5.0 (Windows NT 6.1; WOW64; rv:2.0b8) Gecko/20100101 Firefox/4.0b8"
87.91.231.6 - - [09/Jan/2011:12:48:44 +0100] "GET /chat/?ajax=true&lastID=14 HTTP/1.1" 200 170 "http://les-spartiates.no-ip.org/chat/" "Mozilla/5.0 (Windows; U; Windows NT 6.1; fr; rv:1.9.2.13) Gecko/20101203 Firefox/3.6.13 LUDI2 ;ShopperReports"
87.91.231.6 - - [09/Jan/2011:12:48:44 +0100] "POST /chat/?ajax=true HTTP/1.1" 200 245 "http://les-spartiates.no-ip.org/chat/" "Mozilla/5.0 (Windows; U; Windows NT 6.1; fr; rv:1.9.2.13) Gecko/20101203 Firefox/3.6.13 LUDI2 ;ShopperReports"
80.13.166.212 - - [09/Jan/2011:12:48:45 +0100] "GET /chat/?ajax=true&lastID=14 HTTP/1.1" 200 245 "http://les-spartiates.no-ip.org/chat/" "Mozilla/5.0 (Windows NT 6.1; WOW64; rv:2.0b8) Gecko/20100101 Firefox/4.0b8"
87.91.231.6 - - [09/Jan/2011:12:48:46 +0100] "GET /chat/?ajax=true&lastID=15 HTTP/1.1" 200 170 "http://les-spartiates.no-ip.org/chat/" "Mozilla/5.0 (Windows; U; Windows NT 6.1; fr; rv:1.9.2.13) Gecko/20101203 Firefox/3.6.13 LUDI2 ;ShopperReports"
87.91.231.6 - - [09/Jan/2011:12:48:48 +0100] "GET /chat/?ajax=true&lastID=15 HTTP/1.1" 200 170 "http://les-spartiates.no-ip.org/chat/" "Mozilla/5.0 (Windows; U; Windows NT 6.1; fr; rv:1.9.2.13) Gecko/20101203 Firefox/3.6.13 LUDI2 ;ShopperReports"
87.91.231.6 - - [09/Jan/2011:12:48:50 +0100] "GET /chat/?ajax=true&lastID=15 HTTP/1.1" 200 170 "http://les-spartiates.no-ip.org/chat/" "Mozilla/5.0 (Windows; U; Windows NT 6.1; fr; rv:1.9.2.13) Gecko/20101203 Firefox/3.6.13 LUDI2 ;ShopperReports"
80.13.166.212 - - [09/Jan/2011:12:48:50 +0100] "GET /chat/?ajax=true&lastID=15 HTTP/1.1" 200 170 "http://les-spartiates.no-ip.org/chat/" "Mozilla/5.0 (Windows NT 6.1; WOW64; rv:2.0b8) Gecko/20100101 Firefox/4.0b8"
87.91.231.6 - - [09/Jan/2011:12:48:53 +0100] "GET /chat/?ajax=true&lastID=15 HTTP/1.1" 200 170 "http://les-spartiates.no-ip.org/chat/" "Mozilla/5.0 (Windows; U; Windows NT 6.1; fr; rv:1.9.2.13) Gecko/20101203 Firefox/3.6.13 LUDI2 ;ShopperReports"
87.91.231.6 - - [09/Jan/2011:12:48:55 +0100] "GET /chat/?ajax=true&lastID=15 HTTP/1.1" 200 170 "http://les-spartiates.no-ip.org/chat/" "Mozilla/5.0 (Windows; U; Windows NT 6.1; fr; rv:1.9.2.13) Gecko/20101203 Firefox/3.6.13 LUDI2 ;ShopperReports"
87.91.231.6 - - [09/Jan/2011:12:48:57 +0100] "GET /chat/?ajax=true&lastID=15 HTTP/1.1" 200 170 "http://les-spartiates.no-ip.org/chat/" "Mozilla/5.0 (Windows; U; Windows NT 6.1; fr; rv:1.9.2.13) Gecko/20101203 Firefox/3.6.13 LUDI2 ;ShopperReports"
80.13.166.212 - - [09/Jan/2011:12:48:57 +0100] "GET /chat/?ajax=true&lastID=15 HTTP/1.1" 200 170 "http://les-spartiates.no-ip.org/chat/" "Mozilla/5.0 (Windows NT 6.1; WOW64; rv:2.0b8) Gecko/20100101 Firefox/4.0b8"
87.91.231.6 - - [09/Jan/2011:12:48:59 +0100] "GET /chat/?ajax=true&lastID=15 HTTP/1.1" 200 170 "http://les-spartiates.no-ip.org/chat/" "Mozilla/5.0 (Windows; U; Windows NT 6.1; fr; rv:1.9.2.13) Gecko/20101203 Firefox/3.6.13 LUDI2 ;ShopperReports"
80.13.166.212 - - [09/Jan/2011:12:48:59 +0100] "GET /chat/?ajax=true&lastID=15 HTTP/1.1" 200 170 "http://les-spartiates.no-ip.org/chat/" "Mozilla/5.0 (Windows NT 6.1; WOW64; rv:2.0b8) Gecko/20100101 Firefox/4.0b8"
87.91.231.6 - - [09/Jan/2011:12:49:01 +0100] "GET /chat/?ajax=true&lastID=15 HTTP/1.1" 200 170 "http://les-spartiates.no-ip.org/chat/" "Mozilla/5.0 (Windows; U; Windows NT 6.1; fr; rv:1.9.2.13) Gecko/20101203 Firefox/3.6.13 LUDI2 ;ShopperReports"
80.13.166.212 - - [09/Jan/2011:12:49:02 +0100] "GET /chat/?ajax=true&lastID=15 HTTP/1.1" 200 170 "http://les-spartiates.no-ip.org/chat/" "Mozilla/5.0 (Windows NT 6.1; WOW64; rv:2.0b8) Gecko/20100101 Firefox/4.0b8"
87.91.231.6 - - [09/Jan/2011:12:49:03 +0100] "GET /chat/?ajax=true&lastID=15 HTTP/1.1" 200 170 "http://les-spartiates.no-ip.org/chat/" "Mozilla/5.0 (Windows; U; Windows NT 6.1; fr; rv:1.9.2.13) Gecko/20101203 Firefox/3.6.13 LUDI2 ;ShopperReports"
87.91.231.6 - - [09/Jan/2011:12:49:06 +0100] "GET /chat/?ajax=true&lastID=15 HTTP/1.1" 200 170 "http://les-spartiates.no-ip.org/chat/" "Mozilla/5.0 (Windows; U; Windows NT 6.1; fr; rv:1.9.2.13) Gecko/20101203 Firefox/3.6.13 LUDI2 ;ShopperReports"
80.13.166.212 - - [09/Jan/2011:12:49:07 +0100] "GET /chat/?ajax=true&lastID=15 HTTP/1.1" 200 170 "http://les-spartiates.no-ip.org/chat/" "Mozilla/5.0 (Windows NT 6.1; WOW64; rv:2.0b8) Gecko/20100101 Firefox/4.0b8"
87.91.231.6 - - [09/Jan/2011:12:49:08 +0100] "GET /chat/?ajax=true&lastID=15 HTTP/1.1" 200 170 "http://les-spartiates.no-ip.org/chat/" "Mozilla/5.0 (Windows; U; Windows NT 6.1; fr; rv:1.9.2.13) Gecko/20101203 Firefox/3.6.13 LUDI2 ;ShopperReports"
80.13.166.212 - - [09/Jan/2011:12:49:09 +0100] "GET /chat/?ajax=true&lastID=15 HTTP/1.1" 200 170 "http://les-spartiates.no-ip.org/chat/" "Mozilla/5.0 (Windows NT 6.1; WOW64; rv:2.0b8) Gecko/20100101 Firefox/4.0b8"
87.91.231.6 - - [09/Jan/2011:12:49:10 +0100] "GET /chat/?ajax=true&lastID=15 HTTP/1.1" 200 170 "http://les-spartiates.no-ip.org/chat/" "Mozilla/5.0 (Windows; U; Windows NT 6.1; fr; rv:1.9.2.13) Gecko/20101203 Firefox/3.6.13 LUDI2 ;ShopperReports"
80.13.166.212 - - [09/Jan/2011:12:49:11 +0100] "GET /chat/?ajax=true&lastID=15 HTTP/1.1" 200 170 "http://les-spartiates.no-ip.org/chat/" "Mozilla/5.0 (Windows NT 6.1; WOW64; rv:2.0b8) Gecko/20100101 Firefox/4.0b8"
87.91.231.6 - - [09/Jan/2011:12:49:12 +0100] "GET /chat/?ajax=true&lastID=15 HTTP/1.1" 200 170 "http://les-spartiates.no-ip.org/chat/" "Mozilla/5.0 (Windows; U; Windows NT 6.1; fr; rv:1.9.2.13) Gecko/20101203 Firefox/3.6.13 LUDI2 ;ShopperReports"
80.13.166.212 - - [09/Jan/2011:12:49:13 +0100] "GET /chat/?ajax=true&lastID=15 HTTP/1.1" 200 170 "http://les-spartiates.no-ip.org/chat/" "Mozilla/5.0 (Windows NT 6.1; WOW64; rv:2.0b8) Gecko/20100101 Firefox/4.0b8"
87.91.231.6 - - [09/Jan/2011:12:49:14 +0100] "GET /chat/?ajax=true&lastID=15 HTTP/1.1" 200 170 "http://les-spartiates.no-ip.org/chat/" "Mozilla/5.0 (Windows; U; Windows NT 6.1; fr; rv:1.9.2.13) Gecko/20101203 Firefox/3.6.13 LUDI2 ;ShopperReports"
80.13.166.212 - - [09/Jan/2011:12:49:14 +0100] "POST /chat/?ajax=true HTTP/1.1" 200 272 "http://les-spartiates.no-ip.org/chat/" "Mozilla/5.0 (Windows NT 6.1; WOW64; rv:2.0b8) Gecko/20100101 Firefox/4.0b8"
87.91.231.6 - - [09/Jan/2011:12:49:16 +0100] "GET /chat/?ajax=true&lastID=15 HTTP/1.1" 200 272 "http://les-spartiates.no-ip.org/chat/" "Mozilla/5.0 (Windows; U; Windows NT 6.1; fr; rv:1.9.2.13) Gecko/20101203 Firefox/3.6.13 LUDI2 ;ShopperReports"
80.13.166.212 - - [09/Jan/2011:12:49:17 +0100] "GET /chat/?ajax=true&lastID=16 HTTP/1.1" 200 170 "http://les-spartiates.no-ip.org/chat/" "Mozilla/5.0 (Windows NT 6.1; WOW64; rv:2.0b8) Gecko/20100101 Firefox/4.0b8"
87.91.231.6 - - [09/Jan/2011:12:49:19 +0100] "GET /chat/?ajax=true&lastID=16 HTTP/1.1" 200 170 "http://les-spartiates.no-ip.org/chat/" "Mozilla/5.0 (Windows; U; Windows NT 6.1; fr; rv:1.9.2.13) Gecko/20101203 Firefox/3.6.13 LUDI2 ;ShopperReports"
80.13.166.212 - - [09/Jan/2011:12:49:19 +0100] "GET /chat/?ajax=true&lastID=16 HTTP/1.1" 200 170 "http://les-spartiates.no-ip.org/chat/" "Mozilla/5.0 (Windows NT 6.1; WOW64; rv:2.0b8) Gecko/20100101 Firefox/4.0b8"
80.13.166.212 - - [09/Jan/2011:12:49:20 +0100] "GET /chat/?ajax=true&lastID=16 HTTP/1.1" 200 170 "http://les-spartiates.no-ip.org/chat/" "Mozilla/5.0 (Windows NT 6.1; WOW64; rv:2.0b8) Gecko/20100101 Firefox/4.0b8"
87.91.231.6 - - [09/Jan/2011:12:49:21 +0100] "GET /chat/?ajax=true&lastID=16 HTTP/1.1" 200 170 "http://les-spartiates.no-ip.org/chat/" "Mozilla/5.0 (Windows; U; Windows NT 6.1; fr; rv:1.9.2.13) Gecko/20101203 Firefox/3.6.13 LUDI2 ;ShopperReports"
80.13.166.212 - - [09/Jan/2011:12:49:21 +0100] "POST /chat/?ajax=true HTTP/1.1" 200 279 "http://les-spartiates.no-ip.org/chat/" "Mozilla/5.0 (Windows NT 6.1; WOW64; rv:2.0b8) Gecko/20100101 Firefox/4.0b8"
87.91.231.6 - - [09/Jan/2011:12:49:22 +0100] "POST /chat/?ajax=true HTTP/1.1" 200 342 "http://les-spartiates.no-ip.org/chat/" "Mozilla/5.0 (Windows; U; Windows NT 6.1; fr; rv:1.9.2.13) Gecko/20101203 Firefox/3.6.13 LUDI2 ;ShopperReports"
80.13.166.212 - - [09/Jan/2011:12:49:23 +0100] "GET /chat/?ajax=true&lastID=17 HTTP/1.1" 200 289 "http://les-spartiates.no-ip.org/chat/" "Mozilla/5.0 (Windows NT 6.1; WOW64; rv:2.0b8) Gecko/20100101 Firefox/4.0b8"
87.91.231.6 - - [09/Jan/2011:12:49:24 +0100] "GET /chat/?ajax=true&lastID=18 HTTP/1.1" 200 170 "http://les-spartiates.no-ip.org/chat/" "Mozilla/5.0 (Windows; U; Windows NT 6.1; fr; rv:1.9.2.13) Gecko/20101203 Firefox/3.6.13 LUDI2 ;ShopperReports"
80.13.166.212 - - [09/Jan/2011:12:49:26 +0100] "GET /chat/?ajax=true&lastID=18 HTTP/1.1" 200 170 "http://les-spartiates.no-ip.org/chat/" "Mozilla/5.0 (Windows NT 6.1; WOW64; rv:2.0b8) Gecko/20100101 Firefox/4.0b8"
87.91.231.6 - - [09/Jan/2011:12:49:26 +0100] "GET /chat/?ajax=true&lastID=18 HTTP/1.1" 200 170 "http://les-spartiates.no-ip.org/chat/" "Mozilla/5.0 (Windows; U; Windows NT 6.1; fr; rv:1.9.2.13) Gecko/20101203 Firefox/3.6.13 LUDI2 ;ShopperReports"
80.13.166.212 - - [09/Jan/2011:12:49:28 +0100] "GET /chat/?ajax=true&lastID=18 HTTP/1.1" 200 170 "http://les-spartiates.no-ip.org/chat/" "Mozilla/5.0 (Windows NT 6.1; WOW64; rv:2.0b8) Gecko/20100101 Firefox/4.0b8"
87.91.231.6 - - [09/Jan/2011:12:49:28 +0100] "GET /chat/?ajax=true&lastID=18 HTTP/1.1" 200 170 "http://les-spartiates.no-ip.org/chat/" "Mozilla/5.0 (Windows; U; Windows NT 6.1; fr; rv:1.9.2.13) Gecko/20101203 Firefox/3.6.13 LUDI2 ;ShopperReports"
80.13.166.212 - - [09/Jan/2011:12:49:30 +0100] "GET /chat/?ajax=true&lastID=18 HTTP/1.1" 200 170 "http://les-spartiates.no-ip.org/chat/" "Mozilla/5.0 (Windows NT 6.1; WOW64; rv:2.0b8) Gecko/20100101 Firefox/4.0b8"
80.13.166.212 - - [09/Jan/2011:12:49:30 +0100] "POST /chat/?ajax=true HTTP/1.1" 200 237 "http://les-spartiates.no-ip.org/chat/" "Mozilla/5.0 (Windows NT 6.1; WOW64; rv:2.0b8) Gecko/20100101 Firefox/4.0b8"
87.91.231.6 - - [09/Jan/2011:12:49:30 +0100] "GET /chat/?ajax=true&lastID=18 HTTP/1.1" 200 237 "http://les-spartiates.no-ip.org/chat/" "Mozilla/5.0 (Windows; U; Windows NT 6.1; fr; rv:1.9.2.13) Gecko/20101203 Firefox/3.6.13 LUDI2 ;ShopperReports"
87.91.231.6 - - [09/Jan/2011:12:49:33 +0100] "GET /chat/?ajax=true&lastID=19 HTTP/1.1" 200 170 "http://les-spartiates.no-ip.org/chat/" "Mozilla/5.0 (Windows; U; Windows NT 6.1; fr; rv:1.9.2.13) Gecko/20101203 Firefox/3.6.13 LUDI2 ;ShopperReports"
87.91.231.6 - - [09/Jan/2011:12:49:35 +0100] "GET /chat/?ajax=true&lastID=19 HTTP/1.1" 200 170 "http://les-spartiates.no-ip.org/chat/" "Mozilla/5.0 (Windows; U; Windows NT 6.1; fr; rv:1.9.2.13) Gecko/20101203 Firefox/3.6.13 LUDI2 ;ShopperReports"
87.91.231.6 - - [09/Jan/2011:12:49:37 +0100] "GET /chat/?ajax=true&lastID=19 HTTP/1.1" 200 170 "http://les-spartiates.no-ip.org/chat/" "Mozilla/5.0 (Windows; U; Windows NT 6.1; fr; rv:1.9.2.13) Gecko/20101203 Firefox/3.6.13 LUDI2 ;ShopperReports"
80.13.166.212 - - [09/Jan/2011:12:49:37 +0100] "GET /chat/?ajax=true&lastID=19 HTTP/1.1" 200 170 "http://les-spartiates.no-ip.org/chat/" "Mozilla/5.0 (Windows NT 6.1; WOW64; rv:2.0b8) Gecko/20100101 Firefox/4.0b8"
87.91.231.6 - - [09/Jan/2011:12:49:39 +0100] "GET /chat/?ajax=true&lastID=19 HTTP/1.1" 200 170 "http://les-spartiates.no-ip.org/chat/" "Mozilla/5.0 (Windows; U; Windows NT 6.1; fr; rv:1.9.2.13) Gecko/20101203 Firefox/3.6.13 LUDI2 ;ShopperReports"
87.91.231.6 - - [09/Jan/2011:12:49:41 +0100] "GET /chat/?ajax=true&lastID=19 HTTP/1.1" 200 170 "http://les-spartiates.no-ip.org/chat/" "Mozilla/5.0 (Windows; U; Windows NT 6.1; fr; rv:1.9.2.13) Gecko/20101203 Firefox/3.6.13 LUDI2 ;ShopperReports"
80.13.166.212 - - [09/Jan/2011:12:49:42 +0100] "GET /adm/index.php?sid=565c90d95f4b2f5f9467b546b5b5a082&i=1 HTTP/1.1" 200 4860 "http://les-spartiates.no-ip.org/adm/index.php?i=forums&sid=565c90d95f4b2f5f9467b546b5b5a082&icat=7&mode=manage&parent_id=3" "Mozilla/5.0 (Windows NT 6.1; WOW64; rv:2.0b8) Gecko/20100101 Firefox/4.0b8"
80.13.166.212 - - [09/Jan/2011:12:49:42 +0100] "GET /adm/style/admin.css HTTP/1.1" 200 6162 "http://les-spartiates.no-ip.org/adm/index.php?sid=565c90d95f4b2f5f9467b546b5b5a082&i=1" "Mozilla/5.0 (Windows NT 6.1; WOW64; rv:2.0b8) Gecko/20100101 Firefox/4.0b8"
80.13.166.212 - - [09/Jan/2011:12:49:42 +0100] "GET /adm/images/gradient2b.gif HTTP/1.1" 200 192 "http://les-spartiates.no-ip.org/adm/style/admin.css" "Mozilla/5.0 (Windows NT 6.1; WOW64; rv:2.0b8) Gecko/20100101 Firefox/4.0b8"
80.13.166.212 - - [09/Jan/2011:12:49:42 +0100] "GET /chat/?ajax=true&lastID=19 HTTP/1.1" 200 170 "http://les-spartiates.no-ip.org/chat/" "Mozilla/5.0 (Windows NT 6.1; WOW64; rv:2.0b8) Gecko/20100101 Firefox/4.0b8"
87.91.231.6 - - [09/Jan/2011:12:49:43 +0100] "GET /chat/?ajax=true&lastID=19 HTTP/1.1" 200 170 "http://les-spartiates.no-ip.org/chat/" "Mozilla/5.0 (Windows; U; Windows NT 6.1; fr; rv:1.9.2.13) Gecko/20101203 Firefox/3.6.13 LUDI2 ;ShopperReports"
80.13.166.212 - - [09/Jan/2011:12:49:44 +0100] "GET /chat/?ajax=true&lastID=19 HTTP/1.1" 200 170 "http://les-spartiates.no-ip.org/chat/" "Mozilla/5.0 (Windows NT 6.1; WOW64; rv:2.0b8) Gecko/20100101 Firefox/4.0b8"
87.91.231.6 - - [09/Jan/2011:12:49:45 +0100] "GET /chat/?ajax=true&lastID=19 HTTP/1.1" 200 170 "http://les-spartiates.no-ip.org/chat/" "Mozilla/5.0 (Windows; U; Windows NT 6.1; fr; rv:1.9.2.13) Gecko/20101203 Firefox/3.6.13 LUDI2 ;ShopperReports"
87.91.231.6 - - [09/Jan/2011:12:49:48 +0100] "GET /chat/?ajax=true&lastID=19 HTTP/1.1" 200 170 "http://les-spartiates.no-ip.org/chat/" "Mozilla/5.0 (Windows; U; Windows NT 6.1; fr; rv:1.9.2.13) Gecko/20101203 Firefox/3.6.13 LUDI2 ;ShopperReports"
80.13.166.212 - - [09/Jan/2011:12:49:50 +0100] "GET /chat/?ajax=true&lastID=19 HTTP/1.1" 200 170 "http://les-spartiates.no-ip.org/chat/" "Mozilla/5.0 (Windows NT 6.1; WOW64; rv:2.0b8) Gecko/20100101 Firefox/4.0b8"
87.91.231.6 - - [09/Jan/2011:12:49:50 +0100] "GET /chat/?ajax=true&lastID=19 HTTP/1.1" 200 170 "http://les-spartiates.no-ip.org/chat/" "Mozilla/5.0 (Windows; U; Windows NT 6.1; fr; rv:1.9.2.13) Gecko/20101203 Firefox/3.6.13 LUDI2 ;ShopperReports"
80.13.166.212 - - [09/Jan/2011:12:49:52 +0100] "GET /chat/?ajax=true&lastID=19 HTTP/1.1" 200 170 "http://les-spartiates.no-ip.org/chat/" "Mozilla/5.0 (Windows NT 6.1; WOW64; rv:2.0b8) Gecko/20100101 Firefox/4.0b8"
87.91.231.6 - - [09/Jan/2011:12:49:52 +0100] "GET /chat/?ajax=true&lastID=19 HTTP/1.1" 200 170 "http://les-spartiates.no-ip.org/chat/" "Mozilla/5.0 (Windows; U; Windows NT 6.1; fr; rv:1.9.2.13) Gecko/20101203 Firefox/3.6.13 LUDI2 ;ShopperReports"
80.13.166.212 - - [09/Jan/2011:12:49:54 +0100] "GET /chat/?ajax=true&lastID=19 HTTP/1.1" 200 170 "http://les-spartiates.no-ip.org/chat/" "Mozilla/5.0 (Windows NT 6.1; WOW64; rv:2.0b8) Gecko/20100101 Firefox/4.0b8"
87.91.231.6 - - [09/Jan/2011:12:49:54 +0100] "GET /chat/?ajax=true&lastID=19 HTTP/1.1" 200 170 "http://les-spartiates.no-ip.org/chat/" "Mozilla/5.0 (Windows; U; Windows NT 6.1; fr; rv:1.9.2.13) Gecko/20101203 Firefox/3.6.13 LUDI2 ;ShopperReports"
80.13.166.212 - - [09/Jan/2011:12:49:56 +0100] "GET / HTTP/1.1" 200 3930 "-" "Mozilla/5.0 (Windows NT 6.1; WOW64; rv:2.0b8) Gecko/20100101 Firefox/4.0b8"
80.13.166.212 - - [09/Jan/2011:12:49:56 +0100] "GET /styles/prosilver/template/styleswitcher.js HTTP/1.1" 200 966 "http://les-spartiates.no-ip.org/" "Mozilla/5.0 (Windows NT 6.1; WOW64; rv:2.0b8) Gecko/20100101 Firefox/4.0b8"
80.13.166.212 - - [09/Jan/2011:12:49:56 +0100] "GET /styles/prosilver/template/forum_fn.js HTTP/1.1" 200 3329 "http://les-spartiates.no-ip.org/" "Mozilla/5.0 (Windows NT 6.1; WOW64; rv:2.0b8) Gecko/20100101 Firefox/4.0b8"
80.13.166.212 - - [09/Jan/2011:12:49:56 +0100] "GET /styles/prosilver/theme/print.css HTTP/1.1" 200 1226 "http://les-spartiates.no-ip.org/" "Mozilla/5.0 (Windows NT 6.1; WOW64; rv:2.0b8) Gecko/20100101 Firefox/4.0b8"
80.13.166.212 - - [09/Jan/2011:12:49:56 +0100] "GET /styles/prosilver/theme/normal.css HTTP/1.1" 200 46 "http://les-spartiates.no-ip.org/" "Mozilla/5.0 (Windows NT 6.1; WOW64; rv:2.0b8) Gecko/20100101 Firefox/4.0b8"
80.13.166.212 - - [09/Jan/2011:12:49:56 +0100] "GET /style.php?id=1&lang=fr HTTP/1.1" 200 13665 "http://les-spartiates.no-ip.org/" "Mozilla/5.0 (Windows NT 6.1; WOW64; rv:2.0b8) Gecko/20100101 Firefox/4.0b8"
80.13.166.212 - - [09/Jan/2011:12:49:56 +0100] "GET /chat/?ajax=true&lastID=19 HTTP/1.1" 200 170 "http://les-spartiates.no-ip.org/chat/" "Mozilla/5.0 (Windows NT 6.1; WOW64; rv:2.0b8) Gecko/20100101 Firefox/4.0b8"
80.13.166.212 - - [09/Jan/2011:12:49:56 +0100] "GET /styles/prosilver/theme/images/icon_textbox_search.gif HTTP/1.1" 200 335 "http://les-spartiates.no-ip.org/style.php?id=1&lang=fr" "Mozilla/5.0 (Windows NT 6.1; WOW64; rv:2.0b8) Gecko/20100101 Firefox/4.0b8"
80.13.166.212 - - [09/Jan/2011:12:49:56 +0100] "GET /styles/prosilver/theme/images/bg_header.gif HTTP/1.1" 200 690 "http://les-spartiates.no-ip.org/style.php?id=1&lang=fr" "Mozilla/5.0 (Windows NT 6.1; WOW64; rv:2.0b8) Gecko/20100101 Firefox/4.0b8"
80.13.166.212 - - [09/Jan/2011:12:49:56 +0100] "GET /styles/prosilver/theme/images/corners_right.png HTTP/1.1" 200 201 "http://les-spartiates.no-ip.org/style.php?id=1&lang=fr" "Mozilla/5.0 (Windows NT 6.1; WOW64; rv:2.0b8) Gecko/20100101 Firefox/4.0b8"
80.13.166.212 - - [09/Jan/2011:12:49:56 +0100] "GET /styles/prosilver/theme/images/corners_left.png HTTP/1.1" 200 195 "http://les-spartiates.no-ip.org/style.php?id=1&lang=fr" "Mozilla/5.0 (Windows NT 6.1; WOW64; rv:2.0b8) Gecko/20100101 Firefox/4.0b8"
80.13.166.212 - - [09/Jan/2011:12:49:56 +0100] "GET /styles/prosilver/theme/images/icon_home.gif HTTP/1.1" 200 306 "http://les-spartiates.no-ip.org/style.php?id=1&lang=fr" "Mozilla/5.0 (Windows NT 6.1; WOW64; rv:2.0b8) Gecko/20100101 Firefox/4.0b8"
80.13.166.212 - - [09/Jan/2011:12:49:56 +0100] "GET /styles/prosilver/theme/images/bg_button.gif HTTP/1.1" 200 182 "http://les-spartiates.no-ip.org/style.php?id=1&lang=fr" "Mozilla/5.0 (Windows NT 6.1; WOW64; rv:2.0b8) Gecko/20100101 Firefox/4.0b8"
87.91.231.6 - - [09/Jan/2011:12:49:57 +0100] "GET /chat/?ajax=true&lastID=19 HTTP/1.1" 200 170 "http://les-spartiates.no-ip.org/chat/" "Mozilla/5.0 (Windows; U; Windows NT 6.1; fr; rv:1.9.2.13) Gecko/20101203 Firefox/3.6.13 LUDI2 ;ShopperReports"
80.13.166.212 - - [09/Jan/2011:12:49:57 +0100] "GET /styles/prosilver/theme/medium.css HTTP/1.1" 200 46 "http://les-spartiates.no-ip.org/" "Mozilla/5.0 (Windows NT 6.1; WOW64; rv:2.0b8) Gecko/20100101 Firefox/4.0b8"
80.13.166.212 - - [09/Jan/2011:12:49:57 +0100] "GET /styles/prosilver/theme/large.css HTTP/1.1" 200 46 "http://les-spartiates.no-ip.org/" "Mozilla/5.0 (Windows NT 6.1; WOW64; rv:2.0b8) Gecko/20100101 Firefox/4.0b8"
80.13.166.212 - - [09/Jan/2011:12:49:57 +0100] "GET /styles/prosilver/theme/images/icon_fontsize.gif HTTP/1.1" 200 559 "http://les-spartiates.no-ip.org/style.php?id=1&lang=fr" "Mozilla/5.0 (Windows NT 6.1; WOW64; rv:2.0b8) Gecko/20100101 Firefox/4.0b8"
80.13.166.212 - - [09/Jan/2011:12:49:57 +0100] "GET /styles/prosilver/theme/images/icon_ucp.gif HTTP/1.1" 200 254 "http://les-spartiates.no-ip.org/style.php?id=1&lang=fr" "Mozilla/5.0 (Windows NT 6.1; WOW64; rv:2.0b8) Gecko/20100101 Firefox/4.0b8"
80.13.166.212 - - [09/Jan/2011:12:49:57 +0100] "GET /styles/prosilver/theme/images/icon_faq.gif HTTP/1.1" 200 255 "http://les-spartiates.no-ip.org/style.php?id=1&lang=fr" "Mozilla/5.0 (Windows NT 6.1; WOW64; rv:2.0b8) Gecko/20100101 Firefox/4.0b8"
80.13.166.212 - - [09/Jan/2011:12:49:57 +0100] "GET /styles/prosilver/theme/images/icon_members.gif HTTP/1.1" 200 264 "http://les-spartiates.no-ip.org/style.php?id=1&lang=fr" "Mozilla/5.0 (Windows NT 6.1; WOW64; rv:2.0b8) Gecko/20100101 Firefox/4.0b8"
80.13.166.212 - - [09/Jan/2011:12:49:57 +0100] "GET /styles/prosilver/theme/images/icon_logout.gif HTTP/1.1" 200 219 "http://les-spartiates.no-ip.org/style.php?id=1&lang=fr" "Mozilla/5.0 (Windows NT 6.1; WOW64; rv:2.0b8) Gecko/20100101 Firefox/4.0b8"
80.13.166.212 - - [09/Jan/2011:12:49:57 +0100] "GET /styles/prosilver/theme/images/gradient.gif HTTP/1.1" 200 549 "http://les-spartiates.no-ip.org/style.php?id=1&lang=fr" "Mozilla/5.0 (Windows NT 6.1; WOW64; rv:2.0b8) Gecko/20100101 Firefox/4.0b8"
87.91.231.6 - - [09/Jan/2011:12:49:59 +0100] "GET /chat/?ajax=true&lastID=19 HTTP/1.1" 200 170 "http://les-spartiates.no-ip.org/chat/" "Mozilla/5.0 (Windows; U; Windows NT 6.1; fr; rv:1.9.2.13) Gecko/20101203 Firefox/3.6.13 LUDI2 ;ShopperReports"
80.13.166.212 - - [09/Jan/2011:12:49:59 +0100] "GET /chat/?ajax=true&lastID=19 HTTP/1.1" 200 170 "http://les-spartiates.no-ip.org/chat/" "Mozilla/5.0 (Windows NT 6.1; WOW64; rv:2.0b8) Gecko/20100101 Firefox/4.0b8"
80.13.166.212 - - [09/Jan/2011:12:50:00 +0100] "GET /styles/prosilver/imageset/forum_read.gif HTTP/1.1" 200 688 "http://les-spartiates.no-ip.org/" "Mozilla/5.0 (Windows NT 6.1; WOW64; rv:2.0b8) Gecko/20100101 Firefox/4.0b8"
80.13.166.212 - - [09/Jan/2011:12:50:00 +0100] "GET /styles/prosilver/imageset/forum_link.gif HTTP/1.1" 200 734 "http://les-spartiates.no-ip.org/" "Mozilla/5.0 (Windows NT 6.1; WOW64; rv:2.0b8) Gecko/20100101 Firefox/4.0b8"
87.91.231.6 - - [09/Jan/2011:12:50:01 +0100] "GET /chat/?ajax=true&lastID=19 HTTP/1.1" 200 170 "http://les-spartiates.no-ip.org/chat/" "Mozilla/5.0 (Windows; U; Windows NT 6.1; fr; rv:1.9.2.13) Gecko/20101203 Firefox/3.6.13 LUDI2 ;ShopperReports"
80.13.166.212 - - [09/Jan/2011:12:50:01 +0100] "GET /chat/?ajax=true&lastID=19 HTTP/1.1" 200 170 "http://les-spartiates.no-ip.org/chat/" "Mozilla/5.0 (Windows NT 6.1; WOW64; rv:2.0b8) Gecko/20100101 Firefox/4.0b8"
87.91.231.6 - - [09/Jan/2011:12:50:03 +0100] "GET /chat/?ajax=true&lastID=19 HTTP/1.1" 200 170 "http://les-spartiates.no-ip.org/chat/" "Mozilla/5.0 (Windows; U; Windows NT 6.1; fr; rv:1.9.2.13) Gecko/20101203 Firefox/3.6.13 LUDI2 ;ShopperReports"
80.13.166.212 - - [09/Jan/2011:12:50:03 +0100] "GET /chat/?ajax=true&lastID=19 HTTP/1.1" 200 170 "http://les-spartiates.no-ip.org/chat/" "Mozilla/5.0 (Windows NT 6.1; WOW64; rv:2.0b8) Gecko/20100101 Firefox/4.0b8"
87.91.231.6 - - [09/Jan/2011:12:50:05 +0100] "GET /chat/?ajax=true&lastID=19 HTTP/1.1" 200 170 "http://les-spartiates.no-ip.org/chat/" "Mozilla/5.0 (Windows; U; Windows NT 6.1; fr; rv:1.9.2.13) Gecko/20101203 Firefox/3.6.13 LUDI2 ;ShopperReports"
80.13.166.212 - - [09/Jan/2011:12:50:06 +0100] "GET /chat/?ajax=true&lastID=19 HTTP/1.1" 200 170 "http://les-spartiates.no-ip.org/chat/" "Mozilla/5.0 (Windows NT 6.1; WOW64; rv:2.0b8) Gecko/20100101 Firefox/4.0b8"
87.91.231.6 - - [09/Jan/2011:12:50:07 +0100] "GET /chat/?ajax=true&lastID=19 HTTP/1.1" 200 170 "http://les-spartiates.no-ip.org/chat/" "Mozilla/5.0 (Windows; U; Windows NT 6.1; fr; rv:1.9.2.13) Gecko/20101203 Firefox/3.6.13 LUDI2 ;ShopperReports"
80.13.166.212 - - [09/Jan/2011:12:50:09 +0100] "GET /styles/prosilver/theme/images/bg_list.gif HTTP/1.1" 200 664 "http://les-spartiates.no-ip.org/style.php?id=1&lang=fr" "Mozilla/5.0 (Windows NT 6.1; WOW64; rv:2.0b8) Gecko/20100101 Firefox/4.0b8"
87.91.231.6 - - [09/Jan/2011:12:50:10 +0100] "GET /chat/?ajax=true&lastID=19 HTTP/1.1" 200 170 "http://les-spartiates.no-ip.org/chat/" "Mozilla/5.0 (Windows; U; Windows NT 6.1; fr; rv:1.9.2.13) Gecko/20101203 Firefox/3.6.13 LUDI2 ;ShopperReports"
87.91.231.6 - - [09/Jan/2011:12:50:12 +0100] "GET /chat/?ajax=true&lastID=19 HTTP/1.1" 200 170 "http://les-spartiates.no-ip.org/chat/" "Mozilla/5.0 (Windows; U; Windows NT 6.1; fr; rv:1.9.2.13) Gecko/20101203 Firefox/3.6.13 LUDI2 ;ShopperReports"
80.13.166.212 - - [09/Jan/2011:12:50:13 +0100] "GET /chat/?ajax=true&lastID=19 HTTP/1.1" 200 170 "http://les-spartiates.no-ip.org/chat/" "Mozilla/5.0 (Windows NT 6.1; WOW64; rv:2.0b8) Gecko/20100101 Firefox/4.0b8"
87.91.231.6 - - [09/Jan/2011:12:50:14 +0100] "GET /chat/?ajax=true&lastID=19 HTTP/1.1" 200 170 "http://les-spartiates.no-ip.org/chat/" "Mozilla/5.0 (Windows; U; Windows NT 6.1; fr; rv:1.9.2.13) Gecko/20101203 Firefox/3.6.13 LUDI2 ;ShopperReports"
87.91.231.6 - - [09/Jan/2011:12:50:16 +0100] "GET /chat/?ajax=true&lastID=19 HTTP/1.1" 200 170 "http://les-spartiates.no-ip.org/chat/" "Mozilla/5.0 (Windows; U; Windows NT 6.1; fr; rv:1.9.2.13) Gecko/20101203 Firefox/3.6.13 LUDI2 ;ShopperReports"
80.13.166.212 - - [09/Jan/2011:12:50:18 +0100] "GET /chat/?ajax=true&lastID=19 HTTP/1.1" 200 170 "http://les-spartiates.no-ip.org/chat/" "Mozilla/5.0 (Windows NT 6.1; WOW64; rv:2.0b8) Gecko/20100101 Firefox/4.0b8"
87.91.231.6 - - [09/Jan/2011:12:50:18 +0100] "GET /chat/?ajax=true&lastID=19 HTTP/1.1" 200 170 "http://les-spartiates.no-ip.org/chat/" "Mozilla/5.0 (Windows; U; Windows NT 6.1; fr; rv:1.9.2.13) Gecko/20101203 Firefox/3.6.13 LUDI2 ;ShopperReports"
80.13.166.212 - - [09/Jan/2011:12:50:20 +0100] "GET /chat/?ajax=true&lastID=19 HTTP/1.1" 200 170 "http://les-spartiates.no-ip.org/chat/" "Mozilla/5.0 (Windows NT 6.1; WOW64; rv:2.0b8) Gecko/20100101 Firefox/4.0b8"
87.91.231.6 - - [09/Jan/2011:12:50:20 +0100] "GET /chat/?ajax=true&lastID=19 HTTP/1.1" 200 170 "http://les-spartiates.no-ip.org/chat/" "Mozilla/5.0 (Windows; U; Windows NT 6.1; fr; rv:1.9.2.13) Gecko/20101203 Firefox/3.6.13 LUDI2 ;ShopperReports"
87.91.231.6 - - [09/Jan/2011:12:50:21 +0100] "POST /chat/?ajax=true HTTP/1.1" 200 282 "http://les-spartiates.no-ip.org/chat/" "Mozilla/5.0 (Windows; U; Windows NT 6.1; fr; rv:1.9.2.13) Gecko/20101203 Firefox/3.6.13 LUDI2 ;ShopperReports"
80.13.166.212 - - [09/Jan/2011:12:50:22 +0100] "GET /chat/?ajax=true&lastID=19 HTTP/1.1" 200 282 "http://les-spartiates.no-ip.org/chat/" "Mozilla/5.0 (Windows NT 6.1; WOW64; rv:2.0b8) Gecko/20100101 Firefox/4.0b8"
87.91.231.6 - - [09/Jan/2011:12:50:23 +0100] "GET /chat/?ajax=true&lastID=20 HTTP/1.1" 200 170 "http://les-spartiates.no-ip.org/chat/" "Mozilla/5.0 (Windows; U; Windows NT 6.1; fr; rv:1.9.2.13) Gecko/20101203 Firefox/3.6.13 LUDI2 ;ShopperReports"
80.13.166.212 - - [09/Jan/2011:12:50:24 +0100] "GET /chat/?ajax=true&lastID=20 HTTP/1.1" 200 170 "http://les-spartiates.no-ip.org/chat/" "Mozilla/5.0 (Windows NT 6.1; WOW64; rv:2.0b8) Gecko/20100101 Firefox/4.0b8"
87.91.231.6 - - [09/Jan/2011:12:50:26 +0100] "GET /chat/?ajax=true&lastID=20 HTTP/1.1" 200 170 "http://les-spartiates.no-ip.org/chat/" "Mozilla/5.0 (Windows; U; Windows NT 6.1; fr; rv:1.9.2.13) Gecko/20101203 Firefox/3.6.13 LUDI2 ;ShopperReports"
80.13.166.212 - - [09/Jan/2011:12:50:28 +0100] "GET /chat/?ajax=true&lastID=20 HTTP/1.1" 200 170 "http://les-spartiates.no-ip.org/chat/" "Mozilla/5.0 (Windows NT 6.1; WOW64; rv:2.0b8) Gecko/20100101 Firefox/4.0b8"
87.91.231.6 - - [09/Jan/2011:12:50:28 +0100] "GET /chat/?ajax=true&lastID=20 HTTP/1.1" 200 170 "http://les-spartiates.no-ip.org/chat/" "Mozilla/5.0 (Windows; U; Windows NT 6.1; fr; rv:1.9.2.13) Gecko/20101203 Firefox/3.6.13 LUDI2 ;ShopperReports"
80.13.166.212 - - [09/Jan/2011:12:50:30 +0100] "GET /chat/?ajax=true&lastID=20 HTTP/1.1" 200 170 "http://les-spartiates.no-ip.org/chat/" "Mozilla/5.0 (Windows NT 6.1; WOW64; rv:2.0b8) Gecko/20100101 Firefox/4.0b8"
87.91.231.6 - - [09/Jan/2011:12:50:30 +0100] "GET /chat/?ajax=true&lastID=20 HTTP/1.1" 200 170 "http://les-spartiates.no-ip.org/chat/" "Mozilla/5.0 (Windows; U; Windows NT 6.1; fr; rv:1.9.2.13) Gecko/20101203 Firefox/3.6.13 LUDI2 ;ShopperReports"
87.91.231.6 - - [09/Jan/2011:12:50:31 +0100] "POST /chat/?ajax=true HTTP/1.1" 200 265 "http://les-spartiates.no-ip.org/chat/" "Mozilla/5.0 (Windows; U; Windows NT 6.1; fr; rv:1.9.2.13) Gecko/20101203 Firefox/3.6.13 LUDI2 ;ShopperReports"
80.13.166.212 - - [09/Jan/2011:12:50:32 +0100] "GET /chat/?ajax=true&lastID=20 HTTP/1.1" 200 265 "http://les-spartiates.no-ip.org/chat/" "Mozilla/5.0 (Windows NT 6.1; WOW64; rv:2.0b8) Gecko/20100101 Firefox/4.0b8"
87.91.231.6 - - [09/Jan/2011:12:50:34 +0100] "GET /chat/?ajax=true&lastID=21 HTTP/1.1" 200 170 "http://les-spartiates.no-ip.org/chat/" "Mozilla/5.0 (Windows; U; Windows NT 6.1; fr; rv:1.9.2.13) Gecko/20101203 Firefox/3.6.13 LUDI2 ;ShopperReports"
80.13.166.212 - - [09/Jan/2011:12:50:34 +0100] "GET /chat/?ajax=true&lastID=21 HTTP/1.1" 200 170 "http://les-spartiates.no-ip.org/chat/" "Mozilla/5.0 (Windows NT 6.1; WOW64; rv:2.0b8) Gecko/20100101 Firefox/4.0b8"
87.91.231.6 - - [09/Jan/2011:12:50:36 +0100] "GET /chat/?ajax=true&lastID=21 HTTP/1.1" 200 170 "http://les-spartiates.no-ip.org/chat/" "Mozilla/5.0 (Windows; U; Windows NT 6.1; fr; rv:1.9.2.13) Gecko/20101203 Firefox/3.6.13 LUDI2 ;ShopperReports"
80.13.166.212 - - [09/Jan/2011:12:50:36 +0100] "GET /chat/?ajax=true&lastID=21 HTTP/1.1" 200 170 "http://les-spartiates.no-ip.org/chat/" "Mozilla/5.0 (Windows NT 6.1; WOW64; rv:2.0b8) Gecko/20100101 Firefox/4.0b8"
87.91.231.6 - - [09/Jan/2011:12:50:38 +0100] "GET /chat/?ajax=true&lastID=21 HTTP/1.1" 200 170 "http://les-spartiates.no-ip.org/chat/" "Mozilla/5.0 (Windows; U; Windows NT 6.1; fr; rv:1.9.2.13) Gecko/20101203 Firefox/3.6.13 LUDI2 ;ShopperReports"
80.13.166.212 - - [09/Jan/2011:12:50:39 +0100] "GET /chat/?ajax=true&lastID=21 HTTP/1.1" 200 170 "http://les-spartiates.no-ip.org/chat/" "Mozilla/5.0 (Windows NT 6.1; WOW64; rv:2.0b8) Gecko/20100101 Firefox/4.0b8"
87.91.231.6 - - [09/Jan/2011:12:50:40 +0100] "GET /chat/?ajax=true&lastID=21 HTTP/1.1" 200 170 "http://les-spartiates.no-ip.org/chat/" "Mozilla/5.0 (Windows; U; Windows NT 6.1; fr; rv:1.9.2.13) Gecko/20101203 Firefox/3.6.13 LUDI2 ;ShopperReports"
80.13.166.212 - - [09/Jan/2011:12:50:41 +0100] "GET /chat/?ajax=true&lastID=21 HTTP/1.1" 200 170 "http://les-spartiates.no-ip.org/chat/" "Mozilla/5.0 (Windows NT 6.1; WOW64; rv:2.0b8) Gecko/20100101 Firefox/4.0b8"
87.91.231.6 - - [09/Jan/2011:12:50:42 +0100] "GET /chat/?ajax=true&lastID=21 HTTP/1.1" 200 170 "http://les-spartiates.no-ip.org/chat/" "Mozilla/5.0 (Windows; U; Windows NT 6.1; fr; rv:1.9.2.13) Gecko/20101203 Firefox/3.6.13 LUDI2 ;ShopperReports"
80.13.166.212 - - [09/Jan/2011:12:50:43 +0100] "POST /chat/?ajax=true HTTP/1.1" 200 264 "http://les-spartiates.no-ip.org/chat/" "Mozilla/5.0 (Windows NT 6.1; WOW64; rv:2.0b8) Gecko/20100101 Firefox/4.0b8"
87.91.231.6 - - [09/Jan/2011:12:50:44 +0100] "GET /chat/?ajax=true&lastID=21 HTTP/1.1" 200 264 "http://les-spartiates.no-ip.org/chat/" "Mozilla/5.0 (Windows; U; Windows NT 6.1; fr; rv:1.9.2.13) Gecko/20101203 Firefox/3.6.13 LUDI2 ;ShopperReports"
80.13.166.212 - - [09/Jan/2011:12:50:45 +0100] "GET /chat/?ajax=true&lastID=22 HTTP/1.1" 200 170 "http://les-spartiates.no-ip.org/chat/" "Mozilla/5.0 (Windows NT 6.1; WOW64; rv:2.0b8) Gecko/20100101 Firefox/4.0b8"
80.13.166.212 - - [09/Jan/2011:12:50:45 +0100] "POST /chat/?ajax=true HTTP/1.1" 200 237 "http://les-spartiates.no-ip.org/chat/" "Mozilla/5.0 (Windows NT 6.1; WOW64; rv:2.0b8) Gecko/20100101 Firefox/4.0b8"
87.91.231.6 - - [09/Jan/2011:12:50:47 +0100] "GET /chat/?ajax=true&lastID=22 HTTP/1.1" 200 237 "http://les-spartiates.no-ip.org/chat/" "Mozilla/5.0 (Windows; U; Windows NT 6.1; fr; rv:1.9.2.13) Gecko/20101203 Firefox/3.6.13 LUDI2 ;ShopperReports"
87.91.231.6 - - [09/Jan/2011:12:50:49 +0100] "GET /chat/?ajax=true&lastID=23 HTTP/1.1" 200 170 "http://les-spartiates.no-ip.org/chat/" "Mozilla/5.0 (Windows; U; Windows NT 6.1; fr; rv:1.9.2.13) Gecko/20101203 Firefox/3.6.13 LUDI2 ;ShopperReports"
80.13.166.212 - - [09/Jan/2011:12:50:51 +0100] "GET /chat/?ajax=true&lastID=23 HTTP/1.1" 200 170 "http://les-spartiates.no-ip.org/chat/" "Mozilla/5.0 (Windows NT 6.1; WOW64; rv:2.0b8) Gecko/20100101 Firefox/4.0b8"
87.91.231.6 - - [09/Jan/2011:12:50:51 +0100] "GET /chat/?ajax=true&lastID=23 HTTP/1.1" 200 170 "http://les-spartiates.no-ip.org/chat/" "Mozilla/5.0 (Windows; U; Windows NT 6.1; fr; rv:1.9.2.13) Gecko/20101203 Firefox/3.6.13 LUDI2 ;ShopperReports"
80.13.166.212 - - [09/Jan/2011:12:50:51 +0100] "GET /index.php HTTP/1.1" 200 3930 "http://les-spartiates.no-ip.org/" "Mozilla/5.0 (Windows NT 6.1; WOW64; rv:2.0b8) Gecko/20100101 Firefox/4.0b8"
80.13.166.212 - - [09/Jan/2011:12:50:52 +0100] "GET /styles/prosilver/template/forum_fn.js HTTP/1.1" 200 3329 "http://les-spartiates.no-ip.org/index.php" "Mozilla/5.0 (Windows NT 6.1; WOW64; rv:2.0b8) Gecko/20100101 Firefox/4.0b8"
80.13.166.212 - - [09/Jan/2011:12:50:52 +0100] "GET /styles/prosilver/template/styleswitcher.js HTTP/1.1" 200 966 "http://les-spartiates.no-ip.org/index.php" "Mozilla/5.0 (Windows NT 6.1; WOW64; rv:2.0b8) Gecko/20100101 Firefox/4.0b8"
80.13.166.212 - - [09/Jan/2011:12:50:53 +0100] "GET /chat/?ajax=true&lastID=23 HTTP/1.1" 200 170 "http://les-spartiates.no-ip.org/chat/" "Mozilla/5.0 (Windows NT 6.1; WOW64; rv:2.0b8) Gecko/20100101 Firefox/4.0b8"
87.91.231.6 - - [09/Jan/2011:12:50:53 +0100] "GET /chat/?ajax=true&lastID=23 HTTP/1.1" 200 170 "http://les-spartiates.no-ip.org/chat/" "Mozilla/5.0 (Windows; U; Windows NT 6.1; fr; rv:1.9.2.13) Gecko/20101203 Firefox/3.6.13 LUDI2 ;ShopperReports"
80.13.166.212 - - [09/Jan/2011:12:50:55 +0100] "GET /styles/prosilver/theme/print.css HTTP/1.1" 200 1226 "http://les-spartiates.no-ip.org/index.php" "Mozilla/5.0 (Windows NT 6.1; WOW64; rv:2.0b8) Gecko/20100101 Firefox/4.0b8"
80.13.166.212 - - [09/Jan/2011:12:50:55 +0100] "GET /styles/prosilver/theme/normal.css HTTP/1.1" 200 46 "http://les-spartiates.no-ip.org/index.php" "Mozilla/5.0 (Windows NT 6.1; WOW64; rv:2.0b8) Gecko/20100101 Firefox/4.0b8"
80.13.166.212 - - [09/Jan/2011:12:50:55 +0100] "GET /style.php?id=1&lang=fr HTTP/1.1" 200 13665 "http://les-spartiates.no-ip.org/index.php" "Mozilla/5.0 (Windows NT 6.1; WOW64; rv:2.0b8) Gecko/20100101 Firefox/4.0b8"
80.13.166.212 - - [09/Jan/2011:12:50:55 +0100] "GET /styles/prosilver/theme/large.css HTTP/1.1" 200 46 "http://les-spartiates.no-ip.org/index.php" "Mozilla/5.0 (Windows NT 6.1; WOW64; rv:2.0b8) Gecko/20100101 Firefox/4.0b8"
80.13.166.212 - - [09/Jan/2011:12:50:55 +0100] "GET /styles/prosilver/theme/medium.css HTTP/1.1" 200 46 "http://les-spartiates.no-ip.org/index.php" "Mozilla/5.0 (Windows NT 6.1; WOW64; rv:2.0b8) Gecko/20100101 Firefox/4.0b8"
87.91.231.6 - - [09/Jan/2011:12:50:55 +0100] "GET /chat/?ajax=true&lastID=23 HTTP/1.1" 200 170 "http://les-spartiates.no-ip.org/chat/" "Mozilla/5.0 (Windows; U; Windows NT 6.1; fr; rv:1.9.2.13) Gecko/20101203 Firefox/3.6.13 LUDI2 ;ShopperReports"
80.13.166.212 - - [09/Jan/2011:12:50:56 +0100] "GET /chat/?ajax=true&lastID=23 HTTP/1.1" 200 170 "http://les-spartiates.no-ip.org/chat/" "Mozilla/5.0 (Windows NT 6.1; WOW64; rv:2.0b8) Gecko/20100101 Firefox/4.0b8"
87.91.231.6 - - [09/Jan/2011:12:50:58 +0100] "GET /chat/?ajax=true&lastID=23 HTTP/1.1" 200 170 "http://les-spartiates.no-ip.org/chat/" "Mozilla/5.0 (Windows; U; Windows NT 6.1; fr; rv:1.9.2.13) Gecko/20101203 Firefox/3.6.13 LUDI2 ;ShopperReports"
80.13.166.212 - - [09/Jan/2011:12:50:58 +0100] "GET /chat/?ajax=true&lastID=23 HTTP/1.1" 200 170 "http://les-spartiates.no-ip.org/chat/" "Mozilla/5.0 (Windows NT 6.1; WOW64; rv:2.0b8) Gecko/20100101 Firefox/4.0b8"
87.91.231.6 - - [09/Jan/2011:12:51:00 +0100] "GET /chat/?ajax=true&lastID=23 HTTP/1.1" 200 170 "http://les-spartiates.no-ip.org/chat/" "Mozilla/5.0 (Windows; U; Windows NT 6.1; fr; rv:1.9.2.13) Gecko/20101203 Firefox/3.6.13 LUDI2 ;ShopperReports"
87.91.231.6 - - [09/Jan/2011:12:51:02 +0100] "GET /chat/?ajax=true&lastID=23 HTTP/1.1" 200 170 "http://les-spartiates.no-ip.org/chat/" "Mozilla/5.0 (Windows; U; Windows NT 6.1; fr; rv:1.9.2.13) Gecko/20101203 Firefox/3.6.13 LUDI2 ;ShopperReports"
80.13.166.212 - - [09/Jan/2011:12:51:03 +0100] "GET /chat/?ajax=true&lastID=23 HTTP/1.1" 200 170 "http://les-spartiates.no-ip.org/chat/" "Mozilla/5.0 (Windows NT 6.1; WOW64; rv:2.0b8) Gecko/20100101 Firefox/4.0b8"
87.91.231.6 - - [09/Jan/2011:12:51:04 +0100] "GET /chat/?ajax=true&lastID=23 HTTP/1.1" 200 170 "http://les-spartiates.no-ip.org/chat/" "Mozilla/5.0 (Windows; U; Windows NT 6.1; fr; rv:1.9.2.13) Gecko/20101203 Firefox/3.6.13 LUDI2 ;ShopperReports"
80.13.166.212 - - [09/Jan/2011:12:51:05 +0100] "GET /chat/?ajax=true&lastID=23 HTTP/1.1" 200 170 "http://les-spartiates.no-ip.org/chat/" "Mozilla/5.0 (Windows NT 6.1; WOW64; rv:2.0b8) Gecko/20100101 Firefox/4.0b8"
87.91.231.6 - - [09/Jan/2011:12:51:06 +0100] "GET /chat/?ajax=true&lastID=23 HTTP/1.1" 200 170 "http://les-spartiates.no-ip.org/chat/" "Mozilla/5.0 (Windows; U; Windows NT 6.1; fr; rv:1.9.2.13) Gecko/20101203 Firefox/3.6.13 LUDI2 ;ShopperReports"
80.13.166.212 - - [09/Jan/2011:12:51:07 +0100] "GET /chat/?ajax=true&lastID=23 HTTP/1.1" 200 170 "http://les-spartiates.no-ip.org/chat/" "Mozilla/5.0 (Windows NT 6.1; WOW64; rv:2.0b8) Gecko/20100101 Firefox/4.0b8"
87.91.231.6 - - [09/Jan/2011:12:51:08 +0100] "GET /chat/?ajax=true&lastID=23 HTTP/1.1" 200 170 "http://les-spartiates.no-ip.org/chat/" "Mozilla/5.0 (Windows; U; Windows NT 6.1; fr; rv:1.9.2.13) Gecko/20101203 Firefox/3.6.13 LUDI2 ;ShopperReports"
87.91.231.6 - - [09/Jan/2011:12:51:10 +0100] "GET /chat/?ajax=true&lastID=23 HTTP/1.1" 200 170 "http://les-spartiates.no-ip.org/chat/" "Mozilla/5.0 (Windows; U; Windows NT 6.1; fr; rv:1.9.2.13) Gecko/20101203 Firefox/3.6.13 LUDI2 ;ShopperReports"
87.91.231.6 - - [09/Jan/2011:12:51:12 +0100] "POST /chat/?ajax=true HTTP/1.1" 200 243 "http://les-spartiates.no-ip.org/chat/" "Mozilla/5.0 (Windows; U; Windows NT 6.1; fr; rv:1.9.2.13) Gecko/20101203 Firefox/3.6.13 LUDI2 ;ShopperReports"
87.91.231.6 - - [09/Jan/2011:12:51:14 +0100] "GET /chat/?ajax=true&lastID=24 HTTP/1.1" 200 170 "http://les-spartiates.no-ip.org/chat/" "Mozilla/5.0 (Windows; U; Windows NT 6.1; fr; rv:1.9.2.13) Gecko/20101203 Firefox/3.6.13 LUDI2 ;ShopperReports"
80.13.166.212 - - [09/Jan/2011:12:51:14 +0100] "GET /chat/?ajax=true&lastID=23 HTTP/1.1" 200 243 "http://les-spartiates.no-ip.org/chat/" "Mozilla/5.0 (Windows NT 6.1; WOW64; rv:2.0b8) Gecko/20100101 Firefox/4.0b8"
87.91.231.6 - - [09/Jan/2011:12:51:16 +0100] "POST /chat/?ajax=true HTTP/1.1" 200 264 "http://les-spartiates.no-ip.org/chat/" "Mozilla/5.0 (Windows; U; Windows NT 6.1; fr; rv:1.9.2.13) Gecko/20101203 Firefox/3.6.13 LUDI2 ;ShopperReports"
80.13.166.212 - - [09/Jan/2011:12:51:17 +0100] "GET /chat/?ajax=true&lastID=24 HTTP/1.1" 200 264 "http://les-spartiates.no-ip.org/chat/" "Mozilla/5.0 (Windows NT 6.1; WOW64; rv:2.0b8) Gecko/20100101 Firefox/4.0b8"
87.91.231.6 - - [09/Jan/2011:12:51:18 +0100] "GET /chat/?ajax=true&lastID=25 HTTP/1.1" 200 170 "http://les-spartiates.no-ip.org/chat/" "Mozilla/5.0 (Windows; U; Windows NT 6.1; fr; rv:1.9.2.13) Gecko/20101203 Firefox/3.6.13 LUDI2 ;ShopperReports"
80.13.166.212 - - [09/Jan/2011:12:51:20 +0100] "GET /chat/?ajax=true&lastID=25 HTTP/1.1" 200 170 "http://les-spartiates.no-ip.org/chat/" "Mozilla/5.0 (Windows NT 6.1; WOW64; rv:2.0b8) Gecko/20100101 Firefox/4.0b8"
87.91.231.6 - - [09/Jan/2011:12:51:20 +0100] "GET /chat/?ajax=true&lastID=25 HTTP/1.1" 200 170 "http://les-spartiates.no-ip.org/chat/" "Mozilla/5.0 (Windows; U; Windows NT 6.1; fr; rv:1.9.2.13) Gecko/20101203 Firefox/3.6.13 LUDI2 ;ShopperReports"
80.13.166.212 - - [09/Jan/2011:12:51:22 +0100] "GET /chat/?ajax=true&lastID=25 HTTP/1.1" 200 170 "http://les-spartiates.no-ip.org/chat/" "Mozilla/5.0 (Windows NT 6.1; WOW64; rv:2.0b8) Gecko/20100101 Firefox/4.0b8"
87.91.231.6 - - [09/Jan/2011:12:51:22 +0100] "GET /chat/?ajax=true&lastID=25 HTTP/1.1" 200 170 "http://les-spartiates.no-ip.org/chat/" "Mozilla/5.0 (Windows; U; Windows NT 6.1; fr; rv:1.9.2.13) Gecko/20101203 Firefox/3.6.13 LUDI2 ;ShopperReports"
80.13.166.212 - - [09/Jan/2011:12:51:24 +0100] "GET /chat/?ajax=true&lastID=25 HTTP/1.1" 200 170 "http://les-spartiates.no-ip.org/chat/" "Mozilla/5.0 (Windows NT 6.1; WOW64; rv:2.0b8) Gecko/20100101 Firefox/4.0b8"
87.91.231.6 - - [09/Jan/2011:12:51:25 +0100] "GET /chat/?ajax=true&lastID=25 HTTP/1.1" 200 170 "http://les-spartiates.no-ip.org/chat/" "Mozilla/5.0 (Windows; U; Windows NT 6.1; fr; rv:1.9.2.13) Gecko/20101203 Firefox/3.6.13 LUDI2 ;ShopperReports"
80.13.166.212 - - [09/Jan/2011:12:51:26 +0100] "GET /chat/?ajax=true&lastID=25 HTTP/1.1" 200 170 "http://les-spartiates.no-ip.org/chat/" "Mozilla/5.0 (Windows NT 6.1; WOW64; rv:2.0b8) Gecko/20100101 Firefox/4.0b8"
87.91.231.6 - - [09/Jan/2011:12:51:27 +0100] "GET /chat/?ajax=true&lastID=25 HTTP/1.1" 200 170 "http://les-spartiates.no-ip.org/chat/" "Mozilla/5.0 (Windows; U; Windows NT 6.1; fr; rv:1.9.2.13) Gecko/20101203 Firefox/3.6.13 LUDI2 ;ShopperReports"
87.91.231.6 - - [09/Jan/2011:12:51:29 +0100] "GET /chat/?ajax=true&lastID=25 HTTP/1.1" 200 170 "http://les-spartiates.no-ip.org/chat/" "Mozilla/5.0 (Windows; U; Windows NT 6.1; fr; rv:1.9.2.13) Gecko/20101203 Firefox/3.6.13 LUDI2 ;ShopperReports"
80.13.166.212 - - [09/Jan/2011:12:51:30 +0100] "GET /chat/?ajax=true&lastID=25 HTTP/1.1" 200 170 "http://les-spartiates.no-ip.org/chat/" "Mozilla/5.0 (Windows NT 6.1; WOW64; rv:2.0b8) Gecko/20100101 Firefox/4.0b8"
87.91.231.6 - - [09/Jan/2011:12:51:31 +0100] "GET /chat/?ajax=true&lastID=25 HTTP/1.1" 200 170 "http://les-spartiates.no-ip.org/chat/" "Mozilla/5.0 (Windows; U; Windows NT 6.1; fr; rv:1.9.2.13) Gecko/20101203 Firefox/3.6.13 LUDI2 ;ShopperReports"
80.13.166.212 - - [09/Jan/2011:12:51:32 +0100] "GET /chat/?ajax=true&lastID=25 HTTP/1.1" 200 170 "http://les-spartiates.no-ip.org/chat/" "Mozilla/5.0 (Windows NT 6.1; WOW64; rv:2.0b8) Gecko/20100101 Firefox/4.0b8"
87.91.231.6 - - [09/Jan/2011:12:51:33 +0100] "GET /chat/?ajax=true&lastID=25 HTTP/1.1" 200 170 "http://les-spartiates.no-ip.org/chat/" "Mozilla/5.0 (Windows; U; Windows NT 6.1; fr; rv:1.9.2.13) Gecko/20101203 Firefox/3.6.13 LUDI2 ;ShopperReports"
80.13.166.212 - - [09/Jan/2011:12:51:34 +0100] "GET /chat/?ajax=true&lastID=25 HTTP/1.1" 200 170 "http://les-spartiates.no-ip.org/chat/" "Mozilla/5.0 (Windows NT 6.1; WOW64; rv:2.0b8) Gecko/20100101 Firefox/4.0b8"
87.91.231.6 - - [09/Jan/2011:12:51:36 +0100] "GET /chat/?ajax=true&lastID=25 HTTP/1.1" 200 170 "http://les-spartiates.no-ip.org/chat/" "Mozilla/5.0 (Windows; U; Windows NT 6.1; fr; rv:1.9.2.13) Gecko/20101203 Firefox/3.6.13 LUDI2 ;ShopperReports"
80.13.166.212 - - [09/Jan/2011:12:51:36 +0100] "GET /chat/?ajax=true&lastID=25 HTTP/1.1" 200 170 "http://les-spartiates.no-ip.org/chat/" "Mozilla/5.0 (Windows NT 6.1; WOW64; rv:2.0b8) Gecko/20100101 Firefox/4.0b8"
87.91.231.6 - - [09/Jan/2011:12:51:38 +0100] "GET /chat/?ajax=true&lastID=25 HTTP/1.1" 200 170 "http://les-spartiates.no-ip.org/chat/" "Mozilla/5.0 (Windows; U; Windows NT 6.1; fr; rv:1.9.2.13) Gecko/20101203 Firefox/3.6.13 LUDI2 ;ShopperReports"
80.13.166.212 - - [09/Jan/2011:12:51:39 +0100] "GET /chat/?ajax=true&lastID=25 HTTP/1.1" 200 170 "http://les-spartiates.no-ip.org/chat/" "Mozilla/5.0 (Windows NT 6.1; WOW64; rv:2.0b8) Gecko/20100101 Firefox/4.0b8"
87.91.231.6 - - [09/Jan/2011:12:51:40 +0100] "GET /chat/?ajax=true&lastID=25 HTTP/1.1" 200 170 "http://les-spartiates.no-ip.org/chat/" "Mozilla/5.0 (Windows; U; Windows NT 6.1; fr; rv:1.9.2.13) Gecko/20101203 Firefox/3.6.13 LUDI2 ;ShopperReports"
80.13.166.212 - - [09/Jan/2011:12:51:42 +0100] "GET /chat/?ajax=true&lastID=25 HTTP/1.1" 200 170 "http://les-spartiates.no-ip.org/chat/" "Mozilla/5.0 (Windows NT 6.1; WOW64; rv:2.0b8) Gecko/20100101 Firefox/4.0b8"
87.91.231.6 - - [09/Jan/2011:12:51:42 +0100] "GET /chat/?ajax=true&lastID=25 HTTP/1.1" 200 170 "http://les-spartiates.no-ip.org/chat/" "Mozilla/5.0 (Windows; U; Windows NT 6.1; fr; rv:1.9.2.13) Gecko/20101203 Firefox/3.6.13 LUDI2 ;ShopperReports"
87.91.231.6 - - [09/Jan/2011:12:51:44 +0100] "GET /chat/?ajax=true&lastID=25 HTTP/1.1" 200 170 "http://les-spartiates.no-ip.org/chat/" "Mozilla/5.0 (Windows; U; Windows NT 6.1; fr; rv:1.9.2.13) Gecko/20101203 Firefox/3.6.13 LUDI2 ;ShopperReports"
80.13.166.212 - - [09/Jan/2011:12:51:45 +0100] "GET /chat/?ajax=true&lastID=25 HTTP/1.1" 200 170 "http://les-spartiates.no-ip.org/chat/" "Mozilla/5.0 (Windows NT 6.1; WOW64; rv:2.0b8) Gecko/20100101 Firefox/4.0b8"
87.91.231.6 - - [09/Jan/2011:12:51:46 +0100] "GET /chat/?ajax=true&lastID=25 HTTP/1.1" 200 170 "http://les-spartiates.no-ip.org/chat/" "Mozilla/5.0 (Windows; U; Windows NT 6.1; fr; rv:1.9.2.13) Gecko/20101203 Firefox/3.6.13 LUDI2 ;ShopperReports"
80.13.166.212 - - [09/Jan/2011:12:51:47 +0100] "GET /chat/?ajax=true&lastID=25 HTTP/1.1" 200 170 "http://les-spartiates.no-ip.org/chat/" "Mozilla/5.0 (Windows NT 6.1; WOW64; rv:2.0b8) Gecko/20100101 Firefox/4.0b8"
87.91.231.6 - - [09/Jan/2011:12:51:49 +0100] "GET /chat/?ajax=true&lastID=25 HTTP/1.1" 200 170 "http://les-spartiates.no-ip.org/chat/" "Mozilla/5.0 (Windows; U; Windows NT 6.1; fr; rv:1.9.2.13) Gecko/20101203 Firefox/3.6.13 LUDI2 ;ShopperReports"
