87.91.231.6 - - [09/Jan/2011:12:16:08 +0100] "GET /styles/prosilver/theme/images/gradient.gif HTTP/1.1" 200 549 "http://les-spartiates.no-ip.org/style.php?id=1&lang=en&sid=d4b8ee80b3876d6c4debd905e5961a7c" "Mozilla/5.0 (Windows; U; Windows NT 6.1; fr; rv:1.9.2.13) Gecko/20101203 Firefox/3.6.13 LUDI2 ;ShopperReports"
87.91.231.6 - - [09/Jan/2011:12:16:08 +0100] "GET /styles/prosilver/imageset/forum_read.gif HTTP/1.1" 200 688 "http://les-spartiates.no-ip.org/" "Mozilla/5.0 (Windows; U; Windows NT 6.1; fr; rv:1.9.2.13) Gecko/20101203 Firefox/3.6.13 LUDI2 ;ShopperReports"
87.91.231.6 - - [09/Jan/2011:12:16:08 +0100] "GET /favicon.ico HTTP/1.1" 404 183 "-" "Mozilla/5.0 (Windows; U; Windows NT 6.1; fr; rv:1.9.2.13) Gecko/20101203 Firefox/3.6.13 LUDI2 ;ShopperReports"
87.91.231.6 - - [09/Jan/2011:12:16:08 +0100] "GET /favicon.ico HTTP/1.1" 404 183 "-" "Mozilla/5.0 (Windows; U; Windows NT 6.1; fr; rv:1.9.2.13) Gecko/20101203 Firefox/3.6.13 LUDI2 ;ShopperReports"
87.91.231.6 - - [09/Jan/2011:12:16:09 +0100] "GET /favicon.ico HTTP/1.1" 404 183 "-" "Mozilla/5.0 (Windows; U; Windows NT 6.1; fr; rv:1.9.2.13) Gecko/20101203 Firefox/3.6.13 LUDI2 ;ShopperReports"
80.13.166.212 - - [09/Jan/2011:12:16:10 +0100] "GET /adm/index.php?i=forums&sid=565c90d95f4b2f5f9467b546b5b5a082&icat=6&mode=manage&parent_id=12 HTTP/1.1" 200 3540 "http://les-spartiates.no-ip.org/adm/index.php?sid=565c90d95f4b2f5f9467b546b5b5a082&i=forums&icat=6&mode=manage" "Mozilla/5.0 (Windows NT 6.1; WOW64; rv:2.0b8) Gecko/20100101 Firefox/4.0b8"
80.13.166.212 - - [09/Jan/2011:12:16:10 +0100] "GET /adm/style/admin.css HTTP/1.1" 200 6162 "http://les-spartiates.no-ip.org/adm/index.php?i=forums&sid=565c90d95f4b2f5f9467b546b5b5a082&icat=6&mode=manage&parent_id=12" "Mozilla/5.0 (Windows NT 6.1; WOW64; rv:2.0b8) Gecko/20100101 Firefox/4.0b8"
80.13.166.212 - - [09/Jan/2011:12:16:19 +0100] "POST /adm/index.php?i=forums&sid=565c90d95f4b2f5f9467b546b5b5a082&icat=6&mode=manage&parent_id=12 HTTP/1.1" 200 5750 "http://les-spartiates.no-ip.org/adm/index.php?i=forums&sid=565c90d95f4b2f5f9467b546b5b5a082&icat=6&mode=manage&parent_id=12" "Mozilla/5.0 (Windows NT 6.1; WOW64; rv:2.0b8) Gecko/20100101 Firefox/4.0b8"
80.13.166.212 - - [09/Jan/2011:12:16:19 +0100] "GET /adm/style/admin.css HTTP/1.1" 200 6162 "http://les-spartiates.no-ip.org/adm/index.php?i=forums&sid=565c90d95f4b2f5f9467b546b5b5a082&icat=6&mode=manage&parent_id=12" "Mozilla/5.0 (Windows NT 6.1; WOW64; rv:2.0b8) Gecko/20100101 Firefox/4.0b8"
80.13.166.212 - - [09/Jan/2011:12:16:45 +0100] "POST /adm/index.php?i=forums&sid=565c90d95f4b2f5f9467b546b5b5a082&icat=6&mode=manage&parent_id=12&action=add&f=12 HTTP/1.1" 200 2547 "http://les-spartiates.no-ip.org/adm/index.php?i=forums&sid=565c90d95f4b2f5f9467b546b5b5a082&icat=6&mode=manage&parent_id=12" "Mozilla/5.0 (Windows NT 6.1; WOW64; rv:2.0b8) Gecko/20100101 Firefox/4.0b8"
80.13.166.212 - - [09/Jan/2011:12:16:45 +0100] "GET /adm/style/admin.css HTTP/1.1" 200 6162 "http://les-spartiates.no-ip.org/adm/index.php?i=forums&sid=565c90d95f4b2f5f9467b546b5b5a082&icat=6&mode=manage&parent_id=12&action=add&f=12" "Mozilla/5.0 (Windows NT 6.1; WOW64; rv:2.0b8) Gecko/20100101 Firefox/4.0b8"
80.13.166.212 - - [09/Jan/2011:12:17:17 +0100] "GET /adm/index.php?sid=565c90d95f4b2f5f9467b546b5b5a082&i=permissions&mode=setting_forum_local HTTP/1.1" 200 3279 "http://les-spartiates.no-ip.org/adm/index.php?i=forums&sid=565c90d95f4b2f5f9467b546b5b5a082&icat=6&mode=manage&parent_id=12&action=add&f=12" "Mozilla/5.0 (Windows NT 6.1; WOW64; rv:2.0b8) Gecko/20100101 Firefox/4.0b8"
80.13.166.212 - - [09/Jan/2011:12:17:17 +0100] "GET /adm/style/admin.css HTTP/1.1" 200 6162 "http://les-spartiates.no-ip.org/adm/index.php?sid=565c90d95f4b2f5f9467b546b5b5a082&i=permissions&mode=setting_forum_local" "Mozilla/5.0 (Windows NT 6.1; WOW64; rv:2.0b8) Gecko/20100101 Firefox/4.0b8"
80.13.166.212 - - [09/Jan/2011:12:17:20 +0100] "POST /adm/index.php?i=permissions&sid=565c90d95f4b2f5f9467b546b5b5a082&mode=setting_forum_local HTTP/1.1" 200 3538 "http://les-spartiates.no-ip.org/adm/index.php?sid=565c90d95f4b2f5f9467b546b5b5a082&i=permissions&mode=setting_forum_local" "Mozilla/5.0 (Windows NT 6.1; WOW64; rv:2.0b8) Gecko/20100101 Firefox/4.0b8"
80.13.166.212 - - [09/Jan/2011:12:17:20 +0100] "GET /adm/style/admin.css HTTP/1.1" 200 6162 "http://les-spartiates.no-ip.org/adm/index.php?i=permissions&sid=565c90d95f4b2f5f9467b546b5b5a082&mode=setting_forum_local" "Mozilla/5.0 (Windows NT 6.1; WOW64; rv:2.0b8) Gecko/20100101 Firefox/4.0b8"
80.13.166.212 - - [09/Jan/2011:12:17:26 +0100] "POST /adm/index.php?i=permissions&sid=565c90d95f4b2f5f9467b546b5b5a082&mode=setting_forum_local HTTP/1.1" 200 7584 "http://les-spartiates.no-ip.org/adm/index.php?i=permissions&sid=565c90d95f4b2f5f9467b546b5b5a082&mode=setting_forum_local" "Mozilla/5.0 (Windows NT 6.1; WOW64; rv:2.0b8) Gecko/20100101 Firefox/4.0b8"
80.13.166.212 - - [09/Jan/2011:12:17:29 +0100] "GET /adm/style/permissions.js HTTP/1.1" 200 2126 "http://les-spartiates.no-ip.org/adm/index.php?i=permissions&sid=565c90d95f4b2f5f9467b546b5b5a082&mode=setting_forum_local" "Mozilla/5.0 (Windows NT 6.1; WOW64; rv:2.0b8) Gecko/20100101 Firefox/4.0b8"
80.13.166.212 - - [09/Jan/2011:12:17:29 +0100] "GET /adm/style/tooltip.js HTTP/1.1" 200 1327 "http://les-spartiates.no-ip.org/adm/index.php?i=permissions&sid=565c90d95f4b2f5f9467b546b5b5a082&mode=setting_forum_local" "Mozilla/5.0 (Windows NT 6.1; WOW64; rv:2.0b8) Gecko/20100101 Firefox/4.0b8"
80.13.166.212 - - [09/Jan/2011:12:17:29 +0100] "GET /adm/style/admin.css HTTP/1.1" 200 6162 "http://les-spartiates.no-ip.org/adm/index.php?i=permissions&sid=565c90d95f4b2f5f9467b546b5b5a082&mode=setting_forum_local" "Mozilla/5.0 (Windows NT 6.1; WOW64; rv:2.0b8) Gecko/20100101 Firefox/4.0b8"
80.13.166.212 - - [09/Jan/2011:12:17:33 +0100] "POST /adm/index.php?i=permissions&sid=565c90d95f4b2f5f9467b546b5b5a082&mode=setting_forum_local HTTP/1.1" 200 2550 "http://les-spartiates.no-ip.org/adm/index.php?i=permissions&sid=565c90d95f4b2f5f9467b546b5b5a082&mode=setting_forum_local" "Mozilla/5.0 (Windows NT 6.1; WOW64; rv:2.0b8) Gecko/20100101 Firefox/4.0b8"
80.13.166.212 - - [09/Jan/2011:12:17:33 +0100] "GET /adm/style/admin.css HTTP/1.1" 200 6162 "http://les-spartiates.no-ip.org/adm/index.php?i=permissions&sid=565c90d95f4b2f5f9467b546b5b5a082&mode=setting_forum_local" "Mozilla/5.0 (Windows NT 6.1; WOW64; rv:2.0b8) Gecko/20100101 Firefox/4.0b8"
80.13.166.212 - - [09/Jan/2011:12:17:35 +0100] "GET /adm/index.php?i=permissions&sid=565c90d95f4b2f5f9467b546b5b5a082&mode=setting_forum_local&forum_id[]=13 HTTP/1.1" 200 3538 "http://les-spartiates.no-ip.org/adm/index.php?i=permissions&sid=565c90d95f4b2f5f9467b546b5b5a082&mode=setting_forum_local" "Mozilla/5.0 (Windows NT 6.1; WOW64; rv:2.0b8) Gecko/20100101 Firefox/4.0b8"
87.91.231.6 - - [09/Jan/2011:12:17:37 +0100] "GET /ucp.php?mode=register&sid=d4b8ee80b3876d6c4debd905e5961a7c HTTP/1.1" 200 3934 "http://les-spartiates.no-ip.org/" "Mozilla/5.0 (Windows; U; Windows NT 6.1; fr; rv:1.9.2.13) Gecko/20101203 Firefox/3.6.13 LUDI2 ;ShopperReports"
87.91.231.6 - - [09/Jan/2011:12:17:38 +0100] "GET /style.php?id=1&lang=en HTTP/1.1" 200 13665 "http://les-spartiates.no-ip.org/ucp.php?mode=register&sid=d4b8ee80b3876d6c4debd905e5961a7c" "Mozilla/5.0 (Windows; U; Windows NT 6.1; fr; rv:1.9.2.13) Gecko/20101203 Firefox/3.6.13 LUDI2 ;ShopperReports"
80.13.166.212 - - [09/Jan/2011:12:17:38 +0100] "GET /adm/style/admin.css HTTP/1.1" 200 6162 "http://les-spartiates.no-ip.org/adm/index.php?i=permissions&sid=565c90d95f4b2f5f9467b546b5b5a082&mode=setting_forum_local&forum_id[]=13" "Mozilla/5.0 (Windows NT 6.1; WOW64; rv:2.0b8) Gecko/20100101 Firefox/4.0b8"
87.91.231.6 - - [09/Jan/2011:12:17:40 +0100] "POST /ucp.php?mode=register HTTP/1.1" 200 4652 "http://les-spartiates.no-ip.org/ucp.php?mode=register&sid=d4b8ee80b3876d6c4debd905e5961a7c" "Mozilla/5.0 (Windows; U; Windows NT 6.1; fr; rv:1.9.2.13) Gecko/20101203 Firefox/3.6.13 LUDI2 ;ShopperReports"
87.91.231.6 - - [09/Jan/2011:12:17:41 +0100] "GET /ucp.php?mode=confirm&confirm_id=951156feea86fa5e5a4b6ed515f1c2c1&type=1 HTTP/1.1" 200 15128 "http://les-spartiates.no-ip.org/ucp.php?mode=register" "Mozilla/5.0 (Windows; U; Windows NT 6.1; fr; rv:1.9.2.13) Gecko/20101203 Firefox/3.6.13 LUDI2 ;ShopperReports"
80.13.166.212 - - [09/Jan/2011:12:17:43 +0100] "GET /index.php HTTP/1.1" 200 3797 "http://les-spartiates.no-ip.org/index.php" "Mozilla/5.0 (Windows NT 6.1; WOW64; rv:2.0b8) Gecko/20100101 Firefox/4.0b8"
80.13.166.212 - - [09/Jan/2011:12:17:43 +0100] "GET /styles/prosilver/template/styleswitcher.js HTTP/1.1" 200 966 "http://les-spartiates.no-ip.org/index.php" "Mozilla/5.0 (Windows NT 6.1; WOW64; rv:2.0b8) Gecko/20100101 Firefox/4.0b8"
80.13.166.212 - - [09/Jan/2011:12:17:43 +0100] "GET /styles/prosilver/template/forum_fn.js HTTP/1.1" 200 3329 "http://les-spartiates.no-ip.org/index.php" "Mozilla/5.0 (Windows NT 6.1; WOW64; rv:2.0b8) Gecko/20100101 Firefox/4.0b8"
80.13.166.212 - - [09/Jan/2011:12:17:43 +0100] "GET /styles/prosilver/theme/normal.css HTTP/1.1" 200 46 "http://les-spartiates.no-ip.org/index.php" "Mozilla/5.0 (Windows NT 6.1; WOW64; rv:2.0b8) Gecko/20100101 Firefox/4.0b8"
80.13.166.212 - - [09/Jan/2011:12:17:43 +0100] "GET /styles/prosilver/theme/print.css HTTP/1.1" 200 1226 "http://les-spartiates.no-ip.org/index.php" "Mozilla/5.0 (Windows NT 6.1; WOW64; rv:2.0b8) Gecko/20100101 Firefox/4.0b8"
80.13.166.212 - - [09/Jan/2011:12:17:43 +0100] "GET /style.php?id=1&lang=fr HTTP/1.1" 200 13665 "http://les-spartiates.no-ip.org/index.php" "Mozilla/5.0 (Windows NT 6.1; WOW64; rv:2.0b8) Gecko/20100101 Firefox/4.0b8"
80.13.166.212 - - [09/Jan/2011:12:17:44 +0100] "GET /styles/prosilver/theme/medium.css HTTP/1.1" 200 46 "http://les-spartiates.no-ip.org/index.php" "Mozilla/5.0 (Windows NT 6.1; WOW64; rv:2.0b8) Gecko/20100101 Firefox/4.0b8"
80.13.166.212 - - [09/Jan/2011:12:17:44 +0100] "GET /styles/prosilver/theme/large.css HTTP/1.1" 200 46 "http://les-spartiates.no-ip.org/index.php" "Mozilla/5.0 (Windows NT 6.1; WOW64; rv:2.0b8) Gecko/20100101 Firefox/4.0b8"
80.13.166.212 - - [09/Jan/2011:12:17:49 +0100] "GET /memberlist.php HTTP/1.1" 200 3682 "http://les-spartiates.no-ip.org/index.php" "Mozilla/5.0 (Windows NT 6.1; WOW64; rv:2.0b8) Gecko/20100101 Firefox/4.0b8"
80.13.166.212 - - [09/Jan/2011:12:17:49 +0100] "GET /styles/prosilver/template/styleswitcher.js HTTP/1.1" 200 966 "http://les-spartiates.no-ip.org/memberlist.php" "Mozilla/5.0 (Windows NT 6.1; WOW64; rv:2.0b8) Gecko/20100101 Firefox/4.0b8"
80.13.166.212 - - [09/Jan/2011:12:17:49 +0100] "GET /styles/prosilver/template/forum_fn.js HTTP/1.1" 200 3329 "http://les-spartiates.no-ip.org/memberlist.php" "Mozilla/5.0 (Windows NT 6.1; WOW64; rv:2.0b8) Gecko/20100101 Firefox/4.0b8"
80.13.166.212 - - [09/Jan/2011:12:17:49 +0100] "GET /styles/prosilver/theme/normal.css HTTP/1.1" 200 46 "http://les-spartiates.no-ip.org/memberlist.php" "Mozilla/5.0 (Windows NT 6.1; WOW64; rv:2.0b8) Gecko/20100101 Firefox/4.0b8"
80.13.166.212 - - [09/Jan/2011:12:17:49 +0100] "GET /style.php?id=1&lang=fr HTTP/1.1" 200 13665 "http://les-spartiates.no-ip.org/memberlist.php" "Mozilla/5.0 (Windows NT 6.1; WOW64; rv:2.0b8) Gecko/20100101 Firefox/4.0b8"
80.13.166.212 - - [09/Jan/2011:12:17:50 +0100] "GET /styles/prosilver/theme/print.css HTTP/1.1" 200 1226 "http://les-spartiates.no-ip.org/memberlist.php" "Mozilla/5.0 (Windows NT 6.1; WOW64; rv:2.0b8) Gecko/20100101 Firefox/4.0b8"
80.13.166.212 - - [09/Jan/2011:12:17:52 +0100] "GET /styles/prosilver/theme/medium.css HTTP/1.1" 200 46 "http://les-spartiates.no-ip.org/memberlist.php" "Mozilla/5.0 (Windows NT 6.1; WOW64; rv:2.0b8) Gecko/20100101 Firefox/4.0b8"
80.13.166.212 - - [09/Jan/2011:12:17:55 +0100] "GET /adm/index.php?sid=565c90d95f4b2f5f9467b546b5b5a082&i=1 HTTP/1.1" 200 4826 "http://les-spartiates.no-ip.org/adm/index.php?i=permissions&sid=565c90d95f4b2f5f9467b546b5b5a082&mode=setting_forum_local&forum_id[]=13" "Mozilla/5.0 (Windows NT 6.1; WOW64; rv:2.0b8) Gecko/20100101 Firefox/4.0b8"
80.13.166.212 - - [09/Jan/2011:12:17:55 +0100] "GET /adm/style/admin.css HTTP/1.1" 200 6162 "http://les-spartiates.no-ip.org/adm/index.php?sid=565c90d95f4b2f5f9467b546b5b5a082&i=1" "Mozilla/5.0 (Windows NT 6.1; WOW64; rv:2.0b8) Gecko/20100101 Firefox/4.0b8"
80.13.166.212 - - [09/Jan/2011:12:17:55 +0100] "GET /adm/images/gradient2b.gif HTTP/1.1" 200 192 "http://les-spartiates.no-ip.org/adm/style/admin.css" "Mozilla/5.0 (Windows NT 6.1; WOW64; rv:2.0b8) Gecko/20100101 Firefox/4.0b8"
80.13.166.212 - - [09/Jan/2011:12:17:57 +0100] "GET /styles/prosilver/theme/large.css HTTP/1.1" 200 46 "http://les-spartiates.no-ip.org/memberlist.php" "Mozilla/5.0 (Windows NT 6.1; WOW64; rv:2.0b8) Gecko/20100101 Firefox/4.0b8"
80.13.166.212 - - [09/Jan/2011:12:17:57 +0100] "GET /ucp.php HTTP/1.1" 200 3281 "http://les-spartiates.no-ip.org/index.php" "Mozilla/5.0 (Windows NT 6.1; WOW64; rv:2.0b8) Gecko/20100101 Firefox/4.0b8"
80.13.166.212 - - [09/Jan/2011:12:17:57 +0100] "GET /styles/prosilver/template/forum_fn.js HTTP/1.1" 200 3329 "http://les-spartiates.no-ip.org/ucp.php" "Mozilla/5.0 (Windows NT 6.1; WOW64; rv:2.0b8) Gecko/20100101 Firefox/4.0b8"
80.13.166.212 - - [09/Jan/2011:12:17:57 +0100] "GET /styles/prosilver/theme/print.css HTTP/1.1" 200 1226 "http://les-spartiates.no-ip.org/ucp.php" "Mozilla/5.0 (Windows NT 6.1; WOW64; rv:2.0b8) Gecko/20100101 Firefox/4.0b8"
80.13.166.212 - - [09/Jan/2011:12:17:57 +0100] "GET /styles/prosilver/theme/normal.css HTTP/1.1" 200 46 "http://les-spartiates.no-ip.org/ucp.php" "Mozilla/5.0 (Windows NT 6.1; WOW64; rv:2.0b8) Gecko/20100101 Firefox/4.0b8"
80.13.166.212 - - [09/Jan/2011:12:17:57 +0100] "GET /styles/prosilver/template/styleswitcher.js HTTP/1.1" 200 966 "http://les-spartiates.no-ip.org/ucp.php" "Mozilla/5.0 (Windows NT 6.1; WOW64; rv:2.0b8) Gecko/20100101 Firefox/4.0b8"
80.13.166.212 - - [09/Jan/2011:12:17:57 +0100] "GET /style.php?id=1&lang=fr HTTP/1.1" 200 13665 "http://les-spartiates.no-ip.org/ucp.php" "Mozilla/5.0 (Windows NT 6.1; WOW64; rv:2.0b8) Gecko/20100101 Firefox/4.0b8"
80.13.166.212 - - [09/Jan/2011:12:18:00 +0100] "GET /styles/prosilver/theme/images/bg_tabs1.gif HTTP/1.1" 200 1520 "http://les-spartiates.no-ip.org/style.php?id=1&lang=fr" "Mozilla/5.0 (Windows NT 6.1; WOW64; rv:2.0b8) Gecko/20100101 Firefox/4.0b8"
80.13.166.212 - - [09/Jan/2011:12:18:00 +0100] "GET /styles/prosilver/theme/images/bg_tabs2.gif HTTP/1.1" 200 420 "http://les-spartiates.no-ip.org/style.php?id=1&lang=fr" "Mozilla/5.0 (Windows NT 6.1; WOW64; rv:2.0b8) Gecko/20100101 Firefox/4.0b8"
80.13.166.212 - - [09/Jan/2011:12:18:00 +0100] "GET /styles/prosilver/theme/images/bg_menu.gif HTTP/1.1" 200 354 "http://les-spartiates.no-ip.org/style.php?id=1&lang=fr" "Mozilla/5.0 (Windows NT 6.1; WOW64; rv:2.0b8) Gecko/20100101 Firefox/4.0b8"
80.13.166.212 - - [09/Jan/2011:12:18:00 +0100] "GET /styles/prosilver/theme/medium.css HTTP/1.1" 200 46 "http://les-spartiates.no-ip.org/ucp.php" "Mozilla/5.0 (Windows NT 6.1; WOW64; rv:2.0b8) Gecko/20100101 Firefox/4.0b8"
80.13.166.212 - - [09/Jan/2011:12:18:00 +0100] "GET /styles/prosilver/theme/images/corners_right2.gif HTTP/1.1" 200 111 "http://les-spartiates.no-ip.org/style.php?id=1&lang=fr" "Mozilla/5.0 (Windows NT 6.1; WOW64; rv:2.0b8) Gecko/20100101 Firefox/4.0b8"
80.13.166.212 - - [09/Jan/2011:12:18:00 +0100] "GET /styles/prosilver/theme/images/corners_left2.gif HTTP/1.1" 200 112 "http://les-spartiates.no-ip.org/style.php?id=1&lang=fr" "Mozilla/5.0 (Windows NT 6.1; WOW64; rv:2.0b8) Gecko/20100101 Firefox/4.0b8"
80.13.166.212 - - [09/Jan/2011:12:18:00 +0100] "GET /styles/prosilver/theme/large.css HTTP/1.1" 200 46 "http://les-spartiates.no-ip.org/ucp.php" "Mozilla/5.0 (Windows NT 6.1; WOW64; rv:2.0b8) Gecko/20100101 Firefox/4.0b8"
80.13.166.212 - - [09/Jan/2011:12:18:02 +0100] "GET /ucp.php?i=173 HTTP/1.1" 200 4543 "http://les-spartiates.no-ip.org/ucp.php" "Mozilla/5.0 (Windows NT 6.1; WOW64; rv:2.0b8) Gecko/20100101 Firefox/4.0b8"
80.13.166.212 - - [09/Jan/2011:12:18:02 +0100] "GET /style.php?id=1&lang=fr HTTP/1.1" 200 13665 "http://les-spartiates.no-ip.org/ucp.php?i=173" "Mozilla/5.0 (Windows NT 6.1; WOW64; rv:2.0b8) Gecko/20100101 Firefox/4.0b8"
80.13.166.212 - - [09/Jan/2011:12:18:03 +0100] "GET /styles/prosilver/theme/print.css HTTP/1.1" 200 1226 "http://les-spartiates.no-ip.org/ucp.php?i=173" "Mozilla/5.0 (Windows NT 6.1; WOW64; rv:2.0b8) Gecko/20100101 Firefox/4.0b8"
80.13.166.212 - - [09/Jan/2011:12:18:03 +0100] "GET /styles/prosilver/template/forum_fn.js HTTP/1.1" 200 3329 "http://les-spartiates.no-ip.org/ucp.php?i=173" "Mozilla/5.0 (Windows NT 6.1; WOW64; rv:2.0b8) Gecko/20100101 Firefox/4.0b8"
80.13.166.212 - - [09/Jan/2011:12:18:03 +0100] "GET /styles/prosilver/template/styleswitcher.js HTTP/1.1" 200 966 "http://les-spartiates.no-ip.org/ucp.php?i=173" "Mozilla/5.0 (Windows NT 6.1; WOW64; rv:2.0b8) Gecko/20100101 Firefox/4.0b8"
80.13.166.212 - - [09/Jan/2011:12:18:08 +0100] "GET /styles/prosilver/theme/medium.css HTTP/1.1" 200 46 "http://les-spartiates.no-ip.org/ucp.php?i=173" "Mozilla/5.0 (Windows NT 6.1; WOW64; rv:2.0b8) Gecko/20100101 Firefox/4.0b8"
80.13.166.212 - - [09/Jan/2011:12:18:08 +0100] "GET /styles/prosilver/theme/large.css HTTP/1.1" 200 46 "http://les-spartiates.no-ip.org/ucp.php?i=173" "Mozilla/5.0 (Windows NT 6.1; WOW64; rv:2.0b8) Gecko/20100101 Firefox/4.0b8"
80.13.166.212 - - [09/Jan/2011:12:18:08 +0100] "GET /ucp.php?i=profile&mode=avatar HTTP/1.1" 200 3652 "http://les-spartiates.no-ip.org/ucp.php?i=173" "Mozilla/5.0 (Windows NT 6.1; WOW64; rv:2.0b8) Gecko/20100101 Firefox/4.0b8"
80.13.166.212 - - [09/Jan/2011:12:18:08 +0100] "GET /styles/prosilver/template/styleswitcher.js HTTP/1.1" 200 966 "http://les-spartiates.no-ip.org/ucp.php?i=profile&mode=avatar" "Mozilla/5.0 (Windows NT 6.1; WOW64; rv:2.0b8) Gecko/20100101 Firefox/4.0b8"
80.13.166.212 - - [09/Jan/2011:12:18:08 +0100] "GET /styles/prosilver/template/forum_fn.js HTTP/1.1" 200 3329 "http://les-spartiates.no-ip.org/ucp.php?i=profile&mode=avatar" "Mozilla/5.0 (Windows NT 6.1; WOW64; rv:2.0b8) Gecko/20100101 Firefox/4.0b8"
80.13.166.212 - - [09/Jan/2011:12:18:08 +0100] "GET /styles/prosilver/theme/print.css HTTP/1.1" 200 1226 "http://les-spartiates.no-ip.org/ucp.php?i=profile&mode=avatar" "Mozilla/5.0 (Windows NT 6.1; WOW64; rv:2.0b8) Gecko/20100101 Firefox/4.0b8"
80.13.166.212 - - [09/Jan/2011:12:18:08 +0100] "GET /styles/prosilver/theme/normal.css HTTP/1.1" 200 46 "http://les-spartiates.no-ip.org/ucp.php?i=profile&mode=avatar" "Mozilla/5.0 (Windows NT 6.1; WOW64; rv:2.0b8) Gecko/20100101 Firefox/4.0b8"
80.13.166.212 - - [09/Jan/2011:12:18:11 +0100] "GET /styles/prosilver/theme/images/no_avatar.gif HTTP/1.1" 200 474 "http://les-spartiates.no-ip.org/ucp.php?i=profile&mode=avatar" "Mozilla/5.0 (Windows NT 6.1; WOW64; rv:2.0b8) Gecko/20100101 Firefox/4.0b8"
80.13.166.212 - - [09/Jan/2011:12:18:11 +0100] "GET /style.php?id=1&lang=fr HTTP/1.1" 200 13665 "http://les-spartiates.no-ip.org/ucp.php?i=profile&mode=avatar" "Mozilla/5.0 (Windows NT 6.1; WOW64; rv:2.0b8) Gecko/20100101 Firefox/4.0b8"
80.13.166.212 - - [09/Jan/2011:12:18:12 +0100] "GET /styles/prosilver/theme/large.css HTTP/1.1" 200 46 "http://les-spartiates.no-ip.org/ucp.php?i=profile&mode=avatar" "Mozilla/5.0 (Windows NT 6.1; WOW64; rv:2.0b8) Gecko/20100101 Firefox/4.0b8"
80.13.166.212 - - [09/Jan/2011:12:18:12 +0100] "GET /styles/prosilver/theme/medium.css HTTP/1.1" 200 46 "http://les-spartiates.no-ip.org/ucp.php?i=profile&mode=avatar" "Mozilla/5.0 (Windows NT 6.1; WOW64; rv:2.0b8) Gecko/20100101 Firefox/4.0b8"
87.91.231.6 - - [09/Jan/2011:12:18:19 +0100] "POST /ucp.php?mode=register HTTP/1.1" 200 4722 "http://les-spartiates.no-ip.org/ucp.php?mode=register" "Mozilla/5.0 (Windows; U; Windows NT 6.1; fr; rv:1.9.2.13) Gecko/20101203 Firefox/3.6.13 LUDI2 ;ShopperReports"
87.91.231.6 - - [09/Jan/2011:12:18:19 +0100] "GET /ucp.php?mode=confirm&confirm_id=951156feea86fa5e5a4b6ed515f1c2c1&type=1 HTTP/1.1" 200 14709 "http://les-spartiates.no-ip.org/ucp.php?mode=register" "Mozilla/5.0 (Windows; U; Windows NT 6.1; fr; rv:1.9.2.13) Gecko/20101203 Firefox/3.6.13 LUDI2 ;ShopperReports"
80.13.166.212 - - [09/Jan/2011:12:18:22 +0100] "POST /ucp.php?i=profile&mode=avatar HTTP/1.1" 200 2732 "http://les-spartiates.no-ip.org/ucp.php?i=profile&mode=avatar" "Mozilla/5.0 (Windows NT 6.1; WOW64; rv:2.0b8) Gecko/20100101 Firefox/4.0b8"
80.13.166.212 - - [09/Jan/2011:12:18:23 +0100] "GET /styles/prosilver/template/styleswitcher.js HTTP/1.1" 200 966 "http://les-spartiates.no-ip.org/ucp.php?i=profile&mode=avatar" "Mozilla/5.0 (Windows NT 6.1; WOW64; rv:2.0b8) Gecko/20100101 Firefox/4.0b8"
80.13.166.212 - - [09/Jan/2011:12:18:23 +0100] "GET /styles/prosilver/template/forum_fn.js HTTP/1.1" 200 3329 "http://les-spartiates.no-ip.org/ucp.php?i=profile&mode=avatar" "Mozilla/5.0 (Windows NT 6.1; WOW64; rv:2.0b8) Gecko/20100101 Firefox/4.0b8"
80.13.166.212 - - [09/Jan/2011:12:18:23 +0100] "GET /styles/prosilver/theme/print.css HTTP/1.1" 200 1226 "http://les-spartiates.no-ip.org/ucp.php?i=profile&mode=avatar" "Mozilla/5.0 (Windows NT 6.1; WOW64; rv:2.0b8) Gecko/20100101 Firefox/4.0b8"
80.13.166.212 - - [09/Jan/2011:12:18:23 +0100] "GET /styles/prosilver/theme/normal.css HTTP/1.1" 200 46 "http://les-spartiates.no-ip.org/ucp.php?i=profile&mode=avatar" "Mozilla/5.0 (Windows NT 6.1; WOW64; rv:2.0b8) Gecko/20100101 Firefox/4.0b8"
80.13.166.212 - - [09/Jan/2011:12:18:23 +0100] "GET /style.php?id=1&lang=fr HTTP/1.1" 200 13665 "http://les-spartiates.no-ip.org/ucp.php?i=profile&mode=avatar" "Mozilla/5.0 (Windows NT 6.1; WOW64; rv:2.0b8) Gecko/20100101 Firefox/4.0b8"
80.13.166.212 - - [09/Jan/2011:12:18:26 +0100] "GET /styles/prosilver/theme/medium.css HTTP/1.1" 200 46 "http://les-spartiates.no-ip.org/ucp.php?i=profile&mode=avatar" "Mozilla/5.0 (Windows NT 6.1; WOW64; rv:2.0b8) Gecko/20100101 Firefox/4.0b8"
80.13.166.212 - - [09/Jan/2011:12:18:26 +0100] "GET /styles/prosilver/theme/large.css HTTP/1.1" 200 46 "http://les-spartiates.no-ip.org/ucp.php?i=profile&mode=avatar" "Mozilla/5.0 (Windows NT 6.1; WOW64; rv:2.0b8) Gecko/20100101 Firefox/4.0b8"
80.13.166.212 - - [09/Jan/2011:12:18:28 +0100] "GET /ucp.php?i=profile&mode=avatar HTTP/1.1" 200 3671 "http://les-spartiates.no-ip.org/ucp.php?i=profile&mode=avatar" "Mozilla/5.0 (Windows NT 6.1; WOW64; rv:2.0b8) Gecko/20100101 Firefox/4.0b8"
80.13.166.212 - - [09/Jan/2011:12:18:29 +0100] "GET /styles/prosilver/template/styleswitcher.js HTTP/1.1" 200 966 "http://les-spartiates.no-ip.org/ucp.php?i=profile&mode=avatar" "Mozilla/5.0 (Windows NT 6.1; WOW64; rv:2.0b8) Gecko/20100101 Firefox/4.0b8"
80.13.166.212 - - [09/Jan/2011:12:18:29 +0100] "GET /styles/prosilver/theme/normal.css HTTP/1.1" 200 46 "http://les-spartiates.no-ip.org/ucp.php?i=profile&mode=avatar" "Mozilla/5.0 (Windows NT 6.1; WOW64; rv:2.0b8) Gecko/20100101 Firefox/4.0b8"
80.13.166.212 - - [09/Jan/2011:12:18:29 +0100] "GET /styles/prosilver/theme/print.css HTTP/1.1" 200 1226 "http://les-spartiates.no-ip.org/ucp.php?i=profile&mode=avatar" "Mozilla/5.0 (Windows NT 6.1; WOW64; rv:2.0b8) Gecko/20100101 Firefox/4.0b8"
80.13.166.212 - - [09/Jan/2011:12:18:29 +0100] "GET /style.php?id=1&lang=fr HTTP/1.1" 200 13665 "http://les-spartiates.no-ip.org/ucp.php?i=profile&mode=avatar" "Mozilla/5.0 (Windows NT 6.1; WOW64; rv:2.0b8) Gecko/20100101 Firefox/4.0b8"
80.13.166.212 - - [09/Jan/2011:12:18:29 +0100] "GET /styles/prosilver/template/forum_fn.js HTTP/1.1" 200 3329 "http://les-spartiates.no-ip.org/ucp.php?i=profile&mode=avatar" "Mozilla/5.0 (Windows NT 6.1; WOW64; rv:2.0b8) Gecko/20100101 Firefox/4.0b8"
80.13.166.212 - - [09/Jan/2011:12:18:29 +0100] "GET /download/file.php?avatar=2_1294571902.jpg HTTP/1.1" 200 4989 "http://les-spartiates.no-ip.org/ucp.php?i=profile&mode=avatar" "Mozilla/5.0 (Windows NT 6.1; WOW64; rv:2.0b8) Gecko/20100101 Firefox/4.0b8"
80.13.166.212 - - [09/Jan/2011:12:18:29 +0100] "GET /styles/prosilver/theme/medium.css HTTP/1.1" 200 46 "http://les-spartiates.no-ip.org/ucp.php?i=profile&mode=avatar" "Mozilla/5.0 (Windows NT 6.1; WOW64; rv:2.0b8) Gecko/20100101 Firefox/4.0b8"
80.13.166.212 - - [09/Jan/2011:12:18:29 +0100] "GET /styles/prosilver/theme/large.css HTTP/1.1" 200 46 "http://les-spartiates.no-ip.org/ucp.php?i=profile&mode=avatar" "Mozilla/5.0 (Windows NT 6.1; WOW64; rv:2.0b8) Gecko/20100101 Firefox/4.0b8"
87.91.231.6 - - [09/Jan/2011:12:18:38 +0100] "POST /ucp.php?mode=register HTTP/1.1" 200 4348 "http://les-spartiates.no-ip.org/ucp.php?mode=register" "Mozilla/5.0 (Windows; U; Windows NT 6.1; fr; rv:1.9.2.13) Gecko/20101203 Firefox/3.6.13 LUDI2 ;ShopperReports"
80.13.166.212 - - [09/Jan/2011:12:18:59 +0100] "GET /ucp.php?i=profile&mode=signature HTTP/1.1" 200 4808 "http://les-spartiates.no-ip.org/ucp.php?i=profile&mode=avatar" "Mozilla/5.0 (Windows NT 6.1; WOW64; rv:2.0b8) Gecko/20100101 Firefox/4.0b8"
80.13.166.212 - - [09/Jan/2011:12:19:01 +0100] "GET /styles/prosilver/template/styleswitcher.js HTTP/1.1" 200 966 "http://les-spartiates.no-ip.org/ucp.php?i=profile&mode=signature" "Mozilla/5.0 (Windows NT 6.1; WOW64; rv:2.0b8) Gecko/20100101 Firefox/4.0b8"
80.13.166.212 - - [09/Jan/2011:12:19:01 +0100] "GET /styles/prosilver/template/editor.js HTTP/1.1" 200 3149 "http://les-spartiates.no-ip.org/ucp.php?i=profile&mode=signature" "Mozilla/5.0 (Windows NT 6.1; WOW64; rv:2.0b8) Gecko/20100101 Firefox/4.0b8"
80.13.166.212 - - [09/Jan/2011:12:19:01 +0100] "GET /styles/prosilver/theme/normal.css HTTP/1.1" 200 46 "http://les-spartiates.no-ip.org/ucp.php?i=profile&mode=signature" "Mozilla/5.0 (Windows NT 6.1; WOW64; rv:2.0b8) Gecko/20100101 Firefox/4.0b8"
80.13.166.212 - - [09/Jan/2011:12:19:01 +0100] "GET /styles/prosilver/template/forum_fn.js HTTP/1.1" 200 3329 "http://les-spartiates.no-ip.org/ucp.php?i=profile&mode=signature" "Mozilla/5.0 (Windows NT 6.1; WOW64; rv:2.0b8) Gecko/20100101 Firefox/4.0b8"
80.13.166.212 - - [09/Jan/2011:12:19:01 +0100] "GET /style.php?id=1&lang=fr HTTP/1.1" 200 13665 "http://les-spartiates.no-ip.org/ucp.php?i=profile&mode=signature" "Mozilla/5.0 (Windows NT 6.1; WOW64; rv:2.0b8) Gecko/20100101 Firefox/4.0b8"
87.91.231.6 - - [09/Jan/2011:12:19:01 +0100] "POST /ucp.php?mode=register HTTP/1.1" 200 4349 "http://les-spartiates.no-ip.org/ucp.php?mode=register" "Mozilla/5.0 (Windows; U; Windows NT 6.1; fr; rv:1.9.2.13) Gecko/20101203 Firefox/3.6.13 LUDI2 ;ShopperReports"
80.13.166.212 - - [09/Jan/2011:12:19:03 +0100] "GET /styles/prosilver/theme/print.css HTTP/1.1" 200 1226 "http://les-spartiates.no-ip.org/ucp.php?i=profile&mode=signature" "Mozilla/5.0 (Windows NT 6.1; WOW64; rv:2.0b8) Gecko/20100101 Firefox/4.0b8"
80.13.166.212 - - [09/Jan/2011:12:19:03 +0100] "GET /images/spacer.gif HTTP/1.1" 200 807 "http://les-spartiates.no-ip.org/ucp.php?i=profile&mode=signature" "Mozilla/5.0 (Windows NT 6.1; WOW64; rv:2.0b8) Gecko/20100101 Firefox/4.0b8"
80.13.166.212 - - [09/Jan/2011:12:19:04 +0100] "GET /styles/prosilver/theme/medium.css HTTP/1.1" 200 46 "http://les-spartiates.no-ip.org/ucp.php?i=profile&mode=signature" "Mozilla/5.0 (Windows NT 6.1; WOW64; rv:2.0b8) Gecko/20100101 Firefox/4.0b8"
80.13.166.212 - - [09/Jan/2011:12:19:04 +0100] "GET /styles/prosilver/theme/large.css HTTP/1.1" 200 46 "http://les-spartiates.no-ip.org/ucp.php?i=profile&mode=signature" "Mozilla/5.0 (Windows NT 6.1; WOW64; rv:2.0b8) Gecko/20100101 Firefox/4.0b8"
87.91.231.6 - - [09/Jan/2011:12:19:06 +0100] "POST /ucp.php?mode=register HTTP/1.1" 200 4348 "http://les-spartiates.no-ip.org/ucp.php?mode=register" "Mozilla/5.0 (Windows; U; Windows NT 6.1; fr; rv:1.9.2.13) Gecko/20101203 Firefox/3.6.13 LUDI2 ;ShopperReports"
80.13.166.212 - - [09/Jan/2011:12:19:11 +0100] "POST /ucp.php?i=profile&mode=signature HTTP/1.1" 200 2703 "http://les-spartiates.no-ip.org/ucp.php?i=profile&mode=signature" "Mozilla/5.0 (Windows NT 6.1; WOW64; rv:2.0b8) Gecko/20100101 Firefox/4.0b8"
80.13.166.212 - - [09/Jan/2011:12:19:11 +0100] "GET /styles/prosilver/theme/print.css HTTP/1.1" 200 1226 "http://les-spartiates.no-ip.org/ucp.php?i=profile&mode=signature" "Mozilla/5.0 (Windows NT 6.1; WOW64; rv:2.0b8) Gecko/20100101 Firefox/4.0b8"
80.13.166.212 - - [09/Jan/2011:12:19:11 +0100] "GET /style.php?id=1&lang=fr HTTP/1.1" 200 13665 "http://les-spartiates.no-ip.org/ucp.php?i=profile&mode=signature" "Mozilla/5.0 (Windows NT 6.1; WOW64; rv:2.0b8) Gecko/20100101 Firefox/4.0b8"
80.13.166.212 - - [09/Jan/2011:12:19:11 +0100] "GET /styles/prosilver/template/styleswitcher.js HTTP/1.1" 200 966 "http://les-spartiates.no-ip.org/ucp.php?i=profile&mode=signature" "Mozilla/5.0 (Windows NT 6.1; WOW64; rv:2.0b8) Gecko/20100101 Firefox/4.0b8"
80.13.166.212 - - [09/Jan/2011:12:19:11 +0100] "GET /styles/prosilver/template/forum_fn.js HTTP/1.1" 200 3329 "http://les-spartiates.no-ip.org/ucp.php?i=profile&mode=signature" "Mozilla/5.0 (Windows NT 6.1; WOW64; rv:2.0b8) Gecko/20100101 Firefox/4.0b8"
80.13.166.212 - - [09/Jan/2011:12:19:12 +0100] "GET /styles/prosilver/theme/normal.css HTTP/1.1" 200 46 "http://les-spartiates.no-ip.org/ucp.php?i=profile&mode=signature" "Mozilla/5.0 (Windows NT 6.1; WOW64; rv:2.0b8) Gecko/20100101 Firefox/4.0b8"
80.13.166.212 - - [09/Jan/2011:12:19:12 +0100] "GET /styles/prosilver/theme/medium.css HTTP/1.1" 200 46 "http://les-spartiates.no-ip.org/ucp.php?i=profile&mode=signature" "Mozilla/5.0 (Windows NT 6.1; WOW64; rv:2.0b8) Gecko/20100101 Firefox/4.0b8"
80.13.166.212 - - [09/Jan/2011:12:19:12 +0100] "GET /styles/prosilver/theme/large.css HTTP/1.1" 200 46 "http://les-spartiates.no-ip.org/ucp.php?i=profile&mode=signature" "Mozilla/5.0 (Windows NT 6.1; WOW64; rv:2.0b8) Gecko/20100101 Firefox/4.0b8"
80.13.166.212 - - [09/Jan/2011:12:19:14 +0100] "GET /ucp.php?i=profile&mode=signature HTTP/1.1" 200 4827 "http://les-spartiates.no-ip.org/ucp.php?i=profile&mode=signature" "Mozilla/5.0 (Windows NT 6.1; WOW64; rv:2.0b8) Gecko/20100101 Firefox/4.0b8"
80.13.166.212 - - [09/Jan/2011:12:19:14 +0100] "GET /styles/prosilver/theme/normal.css HTTP/1.1" 200 46 "http://les-spartiates.no-ip.org/ucp.php?i=profile&mode=signature" "Mozilla/5.0 (Windows NT 6.1; WOW64; rv:2.0b8) Gecko/20100101 Firefox/4.0b8"
80.13.166.212 - - [09/Jan/2011:12:19:14 +0100] "GET /styles/prosilver/template/styleswitcher.js HTTP/1.1" 200 966 "http://les-spartiates.no-ip.org/ucp.php?i=profile&mode=signature" "Mozilla/5.0 (Windows NT 6.1; WOW64; rv:2.0b8) Gecko/20100101 Firefox/4.0b8"
80.13.166.212 - - [09/Jan/2011:12:19:14 +0100] "GET /styles/prosilver/template/forum_fn.js HTTP/1.1" 200 3329 "http://les-spartiates.no-ip.org/ucp.php?i=profile&mode=signature" "Mozilla/5.0 (Windows NT 6.1; WOW64; rv:2.0b8) Gecko/20100101 Firefox/4.0b8"
80.13.166.212 - - [09/Jan/2011:12:19:14 +0100] "GET /style.php?id=1&lang=fr HTTP/1.1" 200 13665 "http://les-spartiates.no-ip.org/ucp.php?i=profile&mode=signature" "Mozilla/5.0 (Windows NT 6.1; WOW64; rv:2.0b8) Gecko/20100101 Firefox/4.0b8"
80.13.166.212 - - [09/Jan/2011:12:19:14 +0100] "GET /styles/prosilver/theme/print.css HTTP/1.1" 200 1226 "http://les-spartiates.no-ip.org/ucp.php?i=profile&mode=signature" "Mozilla/5.0 (Windows NT 6.1; WOW64; rv:2.0b8) Gecko/20100101 Firefox/4.0b8"
80.13.166.212 - - [09/Jan/2011:12:19:14 +0100] "GET /styles/prosilver/template/editor.js HTTP/1.1" 200 3149 "http://les-spartiates.no-ip.org/ucp.php?i=profile&mode=signature" "Mozilla/5.0 (Windows NT 6.1; WOW64; rv:2.0b8) Gecko/20100101 Firefox/4.0b8"
80.13.166.212 - - [09/Jan/2011:12:19:15 +0100] "GET /styles/prosilver/theme/medium.css HTTP/1.1" 200 46 "http://les-spartiates.no-ip.org/ucp.php?i=profile&mode=signature" "Mozilla/5.0 (Windows NT 6.1; WOW64; rv:2.0b8) Gecko/20100101 Firefox/4.0b8"
80.13.166.212 - - [09/Jan/2011:12:19:15 +0100] "GET /styles/prosilver/theme/large.css HTTP/1.1" 200 46 "http://les-spartiates.no-ip.org/ucp.php?i=profile&mode=signature" "Mozilla/5.0 (Windows NT 6.1; WOW64; rv:2.0b8) Gecko/20100101 Firefox/4.0b8"
80.13.166.212 - - [09/Jan/2011:12:19:18 +0100] "GET /index.php HTTP/1.1" 200 3797 "http://les-spartiates.no-ip.org/ucp.php?i=profile&mode=signature" "Mozilla/5.0 (Windows NT 6.1; WOW64; rv:2.0b8) Gecko/20100101 Firefox/4.0b8"
80.13.166.212 - - [09/Jan/2011:12:19:19 +0100] "GET /styles/prosilver/template/forum_fn.js HTTP/1.1" 200 3329 "http://les-spartiates.no-ip.org/index.php" "Mozilla/5.0 (Windows NT 6.1; WOW64; rv:2.0b8) Gecko/20100101 Firefox/4.0b8"
80.13.166.212 - - [09/Jan/2011:12:19:19 +0100] "GET /styles/prosilver/theme/print.css HTTP/1.1" 200 1226 "http://les-spartiates.no-ip.org/index.php" "Mozilla/5.0 (Windows NT 6.1; WOW64; rv:2.0b8) Gecko/20100101 Firefox/4.0b8"
87.91.231.6 - - [09/Jan/2011:12:19:19 +0100] "POST /ucp.php?mode=register HTTP/1.1" 200 2565 "http://les-spartiates.no-ip.org/ucp.php?mode=register" "Mozilla/5.0 (Windows; U; Windows NT 6.1; fr; rv:1.9.2.13) Gecko/20101203 Firefox/3.6.13 LUDI2 ;ShopperReports"
80.13.166.212 - - [09/Jan/2011:12:19:20 +0100] "GET /styles/prosilver/theme/normal.css HTTP/1.1" 200 46 "http://les-spartiates.no-ip.org/index.php" "Mozilla/5.0 (Windows NT 6.1; WOW64; rv:2.0b8) Gecko/20100101 Firefox/4.0b8"
80.13.166.212 - - [09/Jan/2011:12:19:22 +0100] "GET /styles/prosilver/template/styleswitcher.js HTTP/1.1" 200 966 "http://les-spartiates.no-ip.org/index.php" "Mozilla/5.0 (Windows NT 6.1; WOW64; rv:2.0b8) Gecko/20100101 Firefox/4.0b8"
80.13.166.212 - - [09/Jan/2011:12:19:22 +0100] "GET /images/smilies/icon_e_smile.gif HTTP/1.1" 200 630 "http://les-spartiates.no-ip.org/index.php" "Mozilla/5.0 (Windows NT 6.1; WOW64; rv:2.0b8) Gecko/20100101 Firefox/4.0b8"
80.13.166.212 - - [09/Jan/2011:12:19:22 +0100] "GET /style.php?id=1&lang=fr HTTP/1.1" 200 13665 "http://les-spartiates.no-ip.org/index.php" "Mozilla/5.0 (Windows NT 6.1; WOW64; rv:2.0b8) Gecko/20100101 Firefox/4.0b8"
80.13.166.212 - - [09/Jan/2011:12:19:22 +0100] "GET /styles/prosilver/theme/images/bg_list.gif HTTP/1.1" 200 664 "http://les-spartiates.no-ip.org/style.php?id=1&lang=fr" "Mozilla/5.0 (Windows NT 6.1; WOW64; rv:2.0b8) Gecko/20100101 Firefox/4.0b8"
80.13.166.212 - - [09/Jan/2011:12:19:22 +0100] "GET /styles/prosilver/theme/images/gradient.gif HTTP/1.1" 200 549 "http://les-spartiates.no-ip.org/style.php?id=1&lang=fr" "Mozilla/5.0 (Windows NT 6.1; WOW64; rv:2.0b8) Gecko/20100101 Firefox/4.0b8"
80.13.166.212 - - [09/Jan/2011:12:19:22 +0100] "GET /styles/prosilver/imageset/forum_read.gif HTTP/1.1" 200 688 "http://les-spartiates.no-ip.org/index.php" "Mozilla/5.0 (Windows NT 6.1; WOW64; rv:2.0b8) Gecko/20100101 Firefox/4.0b8"
80.13.166.212 - - [09/Jan/2011:12:19:22 +0100] "GET /styles/prosilver/theme/medium.css HTTP/1.1" 200 46 "http://les-spartiates.no-ip.org/index.php" "Mozilla/5.0 (Windows NT 6.1; WOW64; rv:2.0b8) Gecko/20100101 Firefox/4.0b8"
80.13.166.212 - - [09/Jan/2011:12:19:22 +0100] "GET /styles/prosilver/theme/large.css HTTP/1.1" 200 46 "http://les-spartiates.no-ip.org/index.php" "Mozilla/5.0 (Windows NT 6.1; WOW64; rv:2.0b8) Gecko/20100101 Firefox/4.0b8"
80.13.166.212 - - [09/Jan/2011:12:19:29 +0100] "GET /adm/index.php?sid=565c90d95f4b2f5f9467b546b5b5a082&i=12 HTTP/1.1" 200 3086 "http://les-spartiates.no-ip.org/adm/index.php?sid=565c90d95f4b2f5f9467b546b5b5a082&i=1" "Mozilla/5.0 (Windows NT 6.1; WOW64; rv:2.0b8) Gecko/20100101 Firefox/4.0b8"
80.13.166.212 - - [09/Jan/2011:12:19:29 +0100] "GET /adm/style/admin.css HTTP/1.1" 200 6162 "http://les-spartiates.no-ip.org/adm/index.php?sid=565c90d95f4b2f5f9467b546b5b5a082&i=12" "Mozilla/5.0 (Windows NT 6.1; WOW64; rv:2.0b8) Gecko/20100101 Firefox/4.0b8"
80.13.166.212 - - [09/Jan/2011:12:19:31 +0100] "GET /adm/index.php?sid=565c90d95f4b2f5f9467b546b5b5a082&i=ranks&mode=ranks HTTP/1.1" 200 3232 "http://les-spartiates.no-ip.org/adm/index.php?sid=565c90d95f4b2f5f9467b546b5b5a082&i=12" "Mozilla/5.0 (Windows NT 6.1; WOW64; rv:2.0b8) Gecko/20100101 Firefox/4.0b8"
80.13.166.212 - - [09/Jan/2011:12:19:34 +0100] "GET /adm/images/icon_edit.gif HTTP/1.1" 200 242 "http://les-spartiates.no-ip.org/adm/index.php?sid=565c90d95f4b2f5f9467b546b5b5a082&i=ranks&mode=ranks" "Mozilla/5.0 (Windows NT 6.1; WOW64; rv:2.0b8) Gecko/20100101 Firefox/4.0b8"
80.13.166.212 - - [09/Jan/2011:12:19:34 +0100] "GET /adm/style/admin.css HTTP/1.1" 200 6162 "http://les-spartiates.no-ip.org/adm/index.php?sid=565c90d95f4b2f5f9467b546b5b5a082&i=ranks&mode=ranks" "Mozilla/5.0 (Windows NT 6.1; WOW64; rv:2.0b8) Gecko/20100101 Firefox/4.0b8"
80.13.166.212 - - [09/Jan/2011:12:19:34 +0100] "GET /adm/images/icon_delete.gif HTTP/1.1" 200 255 "http://les-spartiates.no-ip.org/adm/index.php?sid=565c90d95f4b2f5f9467b546b5b5a082&i=ranks&mode=ranks" "Mozilla/5.0 (Windows NT 6.1; WOW64; rv:2.0b8) Gecko/20100101 Firefox/4.0b8"
80.13.166.212 - - [09/Jan/2011:12:19:37 +0100] "POST /adm/index.php?i=ranks&sid=565c90d95f4b2f5f9467b546b5b5a082&mode=ranks HTTP/1.1" 200 3498 "http://les-spartiates.no-ip.org/adm/index.php?sid=565c90d95f4b2f5f9467b546b5b5a082&i=ranks&mode=ranks" "Mozilla/5.0 (Windows NT 6.1; WOW64; rv:2.0b8) Gecko/20100101 Firefox/4.0b8"
80.13.166.212 - - [09/Jan/2011:12:19:37 +0100] "GET /adm/style/admin.css HTTP/1.1" 200 6162 "http://les-spartiates.no-ip.org/adm/index.php?i=ranks&sid=565c90d95f4b2f5f9467b546b5b5a082&mode=ranks" "Mozilla/5.0 (Windows NT 6.1; WOW64; rv:2.0b8) Gecko/20100101 Firefox/4.0b8"
80.13.166.212 - - [09/Jan/2011:12:19:37 +0100] "GET /adm/images/spacer.gif HTTP/1.1" 200 807 "http://les-spartiates.no-ip.org/adm/index.php?i=ranks&sid=565c90d95f4b2f5f9467b546b5b5a082&mode=ranks" "Mozilla/5.0 (Windows NT 6.1; WOW64; rv:2.0b8) Gecko/20100101 Firefox/4.0b8"
80.13.166.212 - - [09/Jan/2011:12:19:54 +0100] "POST /adm/index.php?i=ranks&sid=565c90d95f4b2f5f9467b546b5b5a082&mode=ranks&id=0 HTTP/1.1" 200 2690 "http://les-spartiates.no-ip.org/adm/index.php?i=ranks&sid=565c90d95f4b2f5f9467b546b5b5a082&mode=ranks" "Mozilla/5.0 (Windows NT 6.1; WOW64; rv:2.0b8) Gecko/20100101 Firefox/4.0b8"
80.13.166.212 - - [09/Jan/2011:12:19:54 +0100] "GET /adm/style/admin.css HTTP/1.1" 200 6162 "http://les-spartiates.no-ip.org/adm/index.php?i=ranks&sid=565c90d95f4b2f5f9467b546b5b5a082&mode=ranks&id=0" "Mozilla/5.0 (Windows NT 6.1; WOW64; rv:2.0b8) Gecko/20100101 Firefox/4.0b8"
80.13.166.212 - - [09/Jan/2011:12:19:58 +0100] "GET /adm/index.php?i=ranks&sid=565c90d95f4b2f5f9467b546b5b5a082&mode=ranks HTTP/1.1" 200 3271 "http://les-spartiates.no-ip.org/adm/index.php?i=ranks&sid=565c90d95f4b2f5f9467b546b5b5a082&mode=ranks&id=0" "Mozilla/5.0 (Windows NT 6.1; WOW64; rv:2.0b8) Gecko/20100101 Firefox/4.0b8"
80.13.166.212 - - [09/Jan/2011:12:19:58 +0100] "GET /adm/style/admin.css HTTP/1.1" 200 6162 "http://les-spartiates.no-ip.org/adm/index.php?i=ranks&sid=565c90d95f4b2f5f9467b546b5b5a082&mode=ranks" "Mozilla/5.0 (Windows NT 6.1; WOW64; rv:2.0b8) Gecko/20100101 Firefox/4.0b8"
80.13.166.212 - - [09/Jan/2011:12:20:01 +0100] "POST /adm/index.php?i=ranks&sid=565c90d95f4b2f5f9467b546b5b5a082&mode=ranks HTTP/1.1" 200 3498 "http://les-spartiates.no-ip.org/adm/index.php?i=ranks&sid=565c90d95f4b2f5f9467b546b5b5a082&mode=ranks" "Mozilla/5.0 (Windows NT 6.1; WOW64; rv:2.0b8) Gecko/20100101 Firefox/4.0b8"
80.13.166.212 - - [09/Jan/2011:12:20:01 +0100] "GET /adm/style/admin.css HTTP/1.1" 200 6162 "http://les-spartiates.no-ip.org/adm/index.php?i=ranks&sid=565c90d95f4b2f5f9467b546b5b5a082&mode=ranks" "Mozilla/5.0 (Windows NT 6.1; WOW64; rv:2.0b8) Gecko/20100101 Firefox/4.0b8"
80.13.166.212 - - [09/Jan/2011:12:20:14 +0100] "POST /adm/index.php?i=ranks&sid=565c90d95f4b2f5f9467b546b5b5a082&mode=ranks&id=0 HTTP/1.1" 200 2690 "http://les-spartiates.no-ip.org/adm/index.php?i=ranks&sid=565c90d95f4b2f5f9467b546b5b5a082&mode=ranks" "Mozilla/5.0 (Windows NT 6.1; WOW64; rv:2.0b8) Gecko/20100101 Firefox/4.0b8"
80.13.166.212 - - [09/Jan/2011:12:20:15 +0100] "GET /adm/style/admin.css HTTP/1.1" 200 6162 "http://les-spartiates.no-ip.org/adm/index.php?i=ranks&sid=565c90d95f4b2f5f9467b546b5b5a082&mode=ranks&id=0" "Mozilla/5.0 (Windows NT 6.1; WOW64; rv:2.0b8) Gecko/20100101 Firefox/4.0b8"
80.13.166.212 - - [09/Jan/2011:12:20:19 +0100] "GET /adm/index.php?i=ranks&sid=565c90d95f4b2f5f9467b546b5b5a082&mode=ranks HTTP/1.1" 200 3293 "http://les-spartiates.no-ip.org/adm/index.php?i=ranks&sid=565c90d95f4b2f5f9467b546b5b5a082&mode=ranks&id=0" "Mozilla/5.0 (Windows NT 6.1; WOW64; rv:2.0b8) Gecko/20100101 Firefox/4.0b8"
80.13.166.212 - - [09/Jan/2011:12:20:20 +0100] "GET /adm/style/admin.css HTTP/1.1" 200 6162 "http://les-spartiates.no-ip.org/adm/index.php?i=ranks&sid=565c90d95f4b2f5f9467b546b5b5a082&mode=ranks" "Mozilla/5.0 (Windows NT 6.1; WOW64; rv:2.0b8) Gecko/20100101 Firefox/4.0b8"
87.91.231.6 - - [09/Jan/2011:12:20:23 +0100] "GET /ucp.php?mode=activate&u=54&k=381G2J04N HTTP/1.1" 200 2498 "http://sn116w.snt116.mail.live.com/mail/InboxLight.aspx?n=1419419309" "Mozilla/5.0 (Windows; U; Windows NT 6.1; fr; rv:1.9.2.13) Gecko/20101203 Firefox/3.6.13 LUDI2 ;ShopperReports"
80.13.166.212 - - [09/Jan/2011:12:20:25 +0100] "POST /adm/index.php?i=ranks&sid=565c90d95f4b2f5f9467b546b5b5a082&mode=ranks HTTP/1.1" 200 3498 "http://les-spartiates.no-ip.org/adm/index.php?i=ranks&sid=565c90d95f4b2f5f9467b546b5b5a082&mode=ranks" "Mozilla/5.0 (Windows NT 6.1; WOW64; rv:2.0b8) Gecko/20100101 Firefox/4.0b8"
80.13.166.212 - - [09/Jan/2011:12:20:25 +0100] "GET /adm/style/admin.css HTTP/1.1" 200 6162 "http://les-spartiates.no-ip.org/adm/index.php?i=ranks&sid=565c90d95f4b2f5f9467b546b5b5a082&mode=ranks" "Mozilla/5.0 (Windows NT 6.1; WOW64; rv:2.0b8) Gecko/20100101 Firefox/4.0b8"
87.91.231.6 - - [09/Jan/2011:12:20:26 +0100] "GET /index.php HTTP/1.1" 200 3557 "-" "Mozilla/5.0 (Windows; U; Windows NT 6.1; fr; rv:1.9.2.13) Gecko/20101203 Firefox/3.6.13 LUDI2 ;ShopperReports"
80.13.166.212 - - [09/Jan/2011:12:20:33 +0100] "POST /adm/index.php?i=ranks&sid=565c90d95f4b2f5f9467b546b5b5a082&mode=ranks&id=0 HTTP/1.1" 200 2690 "http://les-spartiates.no-ip.org/adm/index.php?i=ranks&sid=565c90d95f4b2f5f9467b546b5b5a082&mode=ranks" "Mozilla/5.0 (Windows NT 6.1; WOW64; rv:2.0b8) Gecko/20100101 Firefox/4.0b8"
80.13.166.212 - - [09/Jan/2011:12:20:34 +0100] "GET /adm/style/admin.css HTTP/1.1" 200 6162 "http://les-spartiates.no-ip.org/adm/index.php?i=ranks&sid=565c90d95f4b2f5f9467b546b5b5a082&mode=ranks&id=0" "Mozilla/5.0 (Windows NT 6.1; WOW64; rv:2.0b8) Gecko/20100101 Firefox/4.0b8"
87.91.231.6 - - [09/Jan/2011:12:20:38 +0100] "POST /ucp.php?mode=login HTTP/1.1" 200 2729 "http://les-spartiates.no-ip.org/index.php" "Mozilla/5.0 (Windows; U; Windows NT 6.1; fr; rv:1.9.2.13) Gecko/20101203 Firefox/3.6.13 LUDI2 ;ShopperReports"
80.13.166.212 - - [09/Jan/2011:12:20:38 +0100] "GET /adm/index.php?i=ranks&sid=565c90d95f4b2f5f9467b546b5b5a082&mode=ranks HTTP/1.1" 200 3317 "http://les-spartiates.no-ip.org/adm/index.php?i=ranks&sid=565c90d95f4b2f5f9467b546b5b5a082&mode=ranks&id=0" "Mozilla/5.0 (Windows NT 6.1; WOW64; rv:2.0b8) Gecko/20100101 Firefox/4.0b8"
87.91.231.6 - - [09/Jan/2011:12:20:38 +0100] "GET /style.php?id=1&lang=fr&sid=cf939f8a9718e40c698d9fff71a054c6 HTTP/1.1" 200 13665 "http://les-spartiates.no-ip.org/ucp.php?mode=login" "Mozilla/5.0 (Windows; U; Windows NT 6.1; fr; rv:1.9.2.13) Gecko/20101203 Firefox/3.6.13 LUDI2 ;ShopperReports"
80.13.166.212 - - [09/Jan/2011:12:20:38 +0100] "GET /adm/style/admin.css HTTP/1.1" 200 6162 "http://les-spartiates.no-ip.org/adm/index.php?i=ranks&sid=565c90d95f4b2f5f9467b546b5b5a082&mode=ranks" "Mozilla/5.0 (Windows NT 6.1; WOW64; rv:2.0b8) Gecko/20100101 Firefox/4.0b8"
87.91.231.6 - - [09/Jan/2011:12:20:38 +0100] "GET /styles/prosilver/theme/images/icon_ucp.gif HTTP/1.1" 200 254 "http://les-spartiates.no-ip.org/style.php?id=1&lang=fr&sid=cf939f8a9718e40c698d9fff71a054c6" "Mozilla/5.0 (Windows; U; Windows NT 6.1; fr; rv:1.9.2.13) Gecko/20101203 Firefox/3.6.13 LUDI2 ;ShopperReports"
87.91.231.6 - - [09/Jan/2011:12:20:38 +0100] "GET /styles/prosilver/theme/images/icon_members.gif HTTP/1.1" 200 264 "http://les-spartiates.no-ip.org/style.php?id=1&lang=fr&sid=cf939f8a9718e40c698d9fff71a054c6" "Mozilla/5.0 (Windows; U; Windows NT 6.1; fr; rv:1.9.2.13) Gecko/20101203 Firefox/3.6.13 LUDI2 ;ShopperReports"
87.91.231.6 - - [09/Jan/2011:12:20:42 +0100] "GET /index.php?&sid=cf939f8a9718e40c698d9fff71a054c6 HTTP/1.1" 200 3571 "-" "Mozilla/5.0 (Windows; U; Windows NT 6.1; fr; rv:1.9.2.13) Gecko/20101203 Firefox/3.6.13 LUDI2 ;ShopperReports"
87.91.231.6 - - [09/Jan/2011:12:20:42 +0100] "GET /styles/prosilver/template/styleswitcher.js HTTP/1.1" 304 - "http://les-spartiates.no-ip.org/index.php?&sid=cf939f8a9718e40c698d9fff71a054c6" "Mozilla/5.0 (Windows; U; Windows NT 6.1; fr; rv:1.9.2.13) Gecko/20101203 Firefox/3.6.13 LUDI2 ;ShopperReports"
87.91.231.6 - - [09/Jan/2011:12:20:42 +0100] "GET /styles/prosilver/template/forum_fn.js HTTP/1.1" 304 - "http://les-spartiates.no-ip.org/index.php?&sid=cf939f8a9718e40c698d9fff71a054c6" "Mozilla/5.0 (Windows; U; Windows NT 6.1; fr; rv:1.9.2.13) Gecko/20101203 Firefox/3.6.13 LUDI2 ;ShopperReports"
87.91.231.6 - - [09/Jan/2011:12:20:42 +0100] "GET /style.php?id=1&lang=fr HTTP/1.1" 200 13665 "http://les-spartiates.no-ip.org/index.php?&sid=cf939f8a9718e40c698d9fff71a054c6" "Mozilla/5.0 (Windows; U; Windows NT 6.1; fr; rv:1.9.2.13) Gecko/20101203 Firefox/3.6.13 LUDI2 ;ShopperReports"
87.91.231.6 - - [09/Jan/2011:12:20:42 +0100] "GET /index.php?sid=cf939f8a9718e40c698d9fff71a054c6 HTTP/1.1" 200 3571 "http://les-spartiates.no-ip.org/ucp.php?mode=login" "Mozilla/5.0 (Windows; U; Windows NT 6.1; fr; rv:1.9.2.13) Gecko/20101203 Firefox/3.6.13 LUDI2 ;ShopperReports"
87.91.231.6 - - [09/Jan/2011:12:20:43 +0100] "GET /style.php?id=1&lang=fr HTTP/1.1" 200 13665 "http://les-spartiates.no-ip.org/index.php?sid=cf939f8a9718e40c698d9fff71a054c6" "Mozilla/5.0 (Windows; U; Windows NT 6.1; fr; rv:1.9.2.13) Gecko/20101203 Firefox/3.6.13 LUDI2 ;ShopperReports"
80.13.166.212 - - [09/Jan/2011:12:20:46 +0100] "GET /adm/index.php?sid=565c90d95f4b2f5f9467b546b5b5a082&i=groups&icat=12&mode=manage HTTP/1.1" 200 3663 "http://les-spartiates.no-ip.org/adm/index.php?i=ranks&sid=565c90d95f4b2f5f9467b546b5b5a082&mode=ranks" "Mozilla/5.0 (Windows NT 6.1; WOW64; rv:2.0b8) Gecko/20100101 Firefox/4.0b8"
80.13.166.212 - - [09/Jan/2011:12:20:47 +0100] "GET /adm/style/admin.css HTTP/1.1" 200 6162 "http://les-spartiates.no-ip.org/adm/index.php?sid=565c90d95f4b2f5f9467b546b5b5a082&i=groups&icat=12&mode=manage" "Mozilla/5.0 (Windows NT 6.1; WOW64; rv:2.0b8) Gecko/20100101 Firefox/4.0b8"
80.13.166.212 - - [09/Jan/2011:12:20:49 +0100] "GET /adm/index.php?i=groups&sid=565c90d95f4b2f5f9467b546b5b5a082&icat=12&mode=manage&action=edit&g=9 HTTP/1.1" 200 4741 "http://les-spartiates.no-ip.org/adm/index.php?sid=565c90d95f4b2f5f9467b546b5b5a082&i=groups&icat=12&mode=manage" "Mozilla/5.0 (Windows NT 6.1; WOW64; rv:2.0b8) Gecko/20100101 Firefox/4.0b8"
80.13.166.212 - - [09/Jan/2011:12:20:49 +0100] "GET /adm/images/no_avatar.gif HTTP/1.1" 200 474 "http://les-spartiates.no-ip.org/adm/index.php?i=groups&sid=565c90d95f4b2f5f9467b546b5b5a082&icat=12&mode=manage&action=edit&g=9" "Mozilla/5.0 (Windows NT 6.1; WOW64; rv:2.0b8) Gecko/20100101 Firefox/4.0b8"
80.13.166.212 - - [09/Jan/2011:12:20:49 +0100] "GET /adm/style/admin.css HTTP/1.1" 200 6162 "http://les-spartiates.no-ip.org/adm/index.php?i=groups&sid=565c90d95f4b2f5f9467b546b5b5a082&icat=12&mode=manage&action=edit&g=9" "Mozilla/5.0 (Windows NT 6.1; WOW64; rv:2.0b8) Gecko/20100101 Firefox/4.0b8"
80.13.166.212 - - [09/Jan/2011:12:20:58 +0100] "GET /adm/swatch.php?form=settings&name=group_colour&sid=565c90d95f4b2f5f9467b546b5b5a082 HTTP/1.1" 200 872 "http://les-spartiates.no-ip.org/adm/index.php?i=groups&sid=565c90d95f4b2f5f9467b546b5b5a082&icat=12&mode=manage&action=edit&g=9" "Mozilla/5.0 (Windows NT 6.1; WOW64; rv:2.0b8) Gecko/20100101 Firefox/4.0b8"
80.13.166.212 - - [09/Jan/2011:12:20:59 +0100] "GET /images/spacer.gif HTTP/1.1" 200 807 "http://les-spartiates.no-ip.org/adm/swatch.php?form=settings&name=group_colour&sid=565c90d95f4b2f5f9467b546b5b5a082" "Mozilla/5.0 (Windows NT 6.1; WOW64; rv:2.0b8) Gecko/20100101 Firefox/4.0b8"
80.13.166.212 - - [09/Jan/2011:12:21:05 +0100] "POST /adm/index.php?i=groups&sid=565c90d95f4b2f5f9467b546b5b5a082&icat=12&mode=manage&action=edit&g=9 HTTP/1.1" 200 2706 "http://les-spartiates.no-ip.org/adm/index.php?i=groups&sid=565c90d95f4b2f5f9467b546b5b5a082&icat=12&mode=manage&action=edit&g=9" "Mozilla/5.0 (Windows NT 6.1; WOW64; rv:2.0b8) Gecko/20100101 Firefox/4.0b8"
80.13.166.212 - - [09/Jan/2011:12:21:05 +0100] "GET /adm/style/admin.css HTTP/1.1" 200 6162 "http://les-spartiates.no-ip.org/adm/index.php?i=groups&sid=565c90d95f4b2f5f9467b546b5b5a082&icat=12&mode=manage&action=edit&g=9" "Mozilla/5.0 (Windows NT 6.1; WOW64; rv:2.0b8) Gecko/20100101 Firefox/4.0b8"
80.13.166.212 - - [09/Jan/2011:12:21:10 +0100] "GET /adm/index.php?i=groups&sid=565c90d95f4b2f5f9467b546b5b5a082&icat=12&mode=manage HTTP/1.1" 200 3664 "http://les-spartiates.no-ip.org/adm/index.php?i=groups&sid=565c90d95f4b2f5f9467b546b5b5a082&icat=12&mode=manage&action=edit&g=9" "Mozilla/5.0 (Windows NT 6.1; WOW64; rv:2.0b8) Gecko/20100101 Firefox/4.0b8"
80.13.166.212 - - [09/Jan/2011:12:21:10 +0100] "GET /adm/style/admin.css HTTP/1.1" 200 6162 "http://les-spartiates.no-ip.org/adm/index.php?i=groups&sid=565c90d95f4b2f5f9467b546b5b5a082&icat=12&mode=manage" "Mozilla/5.0 (Windows NT 6.1; WOW64; rv:2.0b8) Gecko/20100101 Firefox/4.0b8"
80.13.166.212 - - [09/Jan/2011:12:21:22 +0100] "GET /adm/index.php?i=groups&sid=565c90d95f4b2f5f9467b546b5b5a082&icat=12&mode=manage&action=list&g=9 HTTP/1.1" 200 3940 "http://les-spartiates.no-ip.org/adm/index.php?i=groups&sid=565c90d95f4b2f5f9467b546b5b5a082&icat=12&mode=manage" "Mozilla/5.0 (Windows NT 6.1; WOW64; rv:2.0b8) Gecko/20100101 Firefox/4.0b8"
80.13.166.212 - - [09/Jan/2011:12:21:22 +0100] "GET /adm/style/admin.css HTTP/1.1" 200 6162 "http://les-spartiates.no-ip.org/adm/index.php?i=groups&sid=565c90d95f4b2f5f9467b546b5b5a082&icat=12&mode=manage&action=list&g=9" "Mozilla/5.0 (Windows NT 6.1; WOW64; rv:2.0b8) Gecko/20100101 Firefox/4.0b8"
80.13.166.212 - - [09/Jan/2011:12:21:29 +0100] "GET /index.php HTTP/1.1" 200 3812 "http://les-spartiates.no-ip.org/index.php" "Mozilla/5.0 (Windows NT 6.1; WOW64; rv:2.0b8) Gecko/20100101 Firefox/4.0b8"
