80.13.166.212 - - [09/Jan/2011:12:53:37 +0100] "GET /chat/?ajax=true&lastID=28 HTTP/1.1" 200 250 "http://les-spartiates.no-ip.org/chat/" "Mozilla/5.0 (Windows NT 6.1; WOW64; rv:2.0b8) Gecko/20100101 Firefox/4.0b8"
87.91.231.6 - - [09/Jan/2011:12:53:38 +0100] "GET /chat/?ajax=true&lastID=29 HTTP/1.1" 200 181 "http://les-spartiates.no-ip.org/chat/" "Mozilla/5.0 (Windows; U; Windows NT 6.1; fr; rv:1.9.2.13) Gecko/20101203 Firefox/3.6.13 LUDI2 ;ShopperReports"
87.91.231.6 - - [09/Jan/2011:12:53:38 +0100] "GET /chat/?ajax=true&lastID=29 HTTP/1.1" 200 181 "http://les-spartiates.no-ip.org/chat/" "Mozilla/5.0 (Windows; U; Windows NT 6.0; fr; rv:1.9.2.13) Gecko/20101203 Firefox/3.6.13 (.NET CLR 3.5.30729)"
87.91.231.6 - - [09/Jan/2011:12:53:40 +0100] "GET /chat/?ajax=true&lastID=29 HTTP/1.1" 200 181 "http://les-spartiates.no-ip.org/chat/" "Mozilla/5.0 (Windows; U; Windows NT 6.1; fr; rv:1.9.2.13) Gecko/20101203 Firefox/3.6.13 LUDI2 ;ShopperReports"
80.13.166.212 - - [09/Jan/2011:12:53:40 +0100] "POST /adm/index.php?i=styles&sid=565c90d95f4b2f5f9467b546b5b5a082&mode=style&action=install&path=Thor HTTP/1.1" 200 2459 "http://les-spartiates.no-ip.org/adm/index.php?i=styles&sid=565c90d95f4b2f5f9467b546b5b5a082&mode=style&action=install&path=Thor" "Mozilla/5.0 (Windows NT 6.1; WOW64; rv:2.0b8) Gecko/20100101 Firefox/4.0b8"
87.91.231.6 - - [09/Jan/2011:12:53:41 +0100] "GET /chat/?ajax=true&lastID=29 HTTP/1.1" 200 181 "http://les-spartiates.no-ip.org/chat/" "Mozilla/5.0 (Windows; U; Windows NT 6.0; fr; rv:1.9.2.13) Gecko/20101203 Firefox/3.6.13 (.NET CLR 3.5.30729)"
80.13.166.212 - - [09/Jan/2011:12:53:41 +0100] "GET /adm/style/admin.css HTTP/1.1" 200 6162 "http://les-spartiates.no-ip.org/adm/index.php?i=styles&sid=565c90d95f4b2f5f9467b546b5b5a082&mode=style&action=install&path=Thor" "Mozilla/5.0 (Windows NT 6.1; WOW64; rv:2.0b8) Gecko/20100101 Firefox/4.0b8"
87.91.231.6 - - [09/Jan/2011:12:53:41 +0100] "POST /chat/?ajax=true HTTP/1.1" 200 262 "http://les-spartiates.no-ip.org/chat/" "Mozilla/5.0 (Windows; U; Windows NT 6.1; fr; rv:1.9.2.13) Gecko/20101203 Firefox/3.6.13 LUDI2 ;ShopperReports"
87.91.231.6 - - [09/Jan/2011:12:53:43 +0100] "GET /chat/?ajax=true&lastID=29 HTTP/1.1" 200 262 "http://les-spartiates.no-ip.org/chat/" "Mozilla/5.0 (Windows; U; Windows NT 6.0; fr; rv:1.9.2.13) Gecko/20101203 Firefox/3.6.13 (.NET CLR 3.5.30729)"
80.13.166.212 - - [09/Jan/2011:12:53:43 +0100] "GET /adm/index.php?i=styles&sid=565c90d95f4b2f5f9467b546b5b5a082&mode=style HTTP/1.1" 200 3316 "http://les-spartiates.no-ip.org/adm/index.php?i=styles&sid=565c90d95f4b2f5f9467b546b5b5a082&mode=style&action=install&path=Thor" "Mozilla/5.0 (Windows NT 6.1; WOW64; rv:2.0b8) Gecko/20100101 Firefox/4.0b8"
87.91.231.6 - - [09/Jan/2011:12:53:43 +0100] "GET /chat/?ajax=true&lastID=30 HTTP/1.1" 200 181 "http://les-spartiates.no-ip.org/chat/" "Mozilla/5.0 (Windows; U; Windows NT 6.1; fr; rv:1.9.2.13) Gecko/20101203 Firefox/3.6.13 LUDI2 ;ShopperReports"
80.13.166.212 - - [09/Jan/2011:12:53:43 +0100] "GET /adm/style/admin.css HTTP/1.1" 200 6162 "http://les-spartiates.no-ip.org/adm/index.php?i=styles&sid=565c90d95f4b2f5f9467b546b5b5a082&mode=style" "Mozilla/5.0 (Windows NT 6.1; WOW64; rv:2.0b8) Gecko/20100101 Firefox/4.0b8"
80.13.166.212 - - [09/Jan/2011:12:53:44 +0100] "GET /chat/?ajax=true&lastID=29 HTTP/1.1" 200 262 "http://les-spartiates.no-ip.org/chat/" "Mozilla/5.0 (Windows NT 6.1; WOW64; rv:2.0b8) Gecko/20100101 Firefox/4.0b8"
87.91.231.6 - - [09/Jan/2011:12:53:45 +0100] "GET /chat/?ajax=true&lastID=30 HTTP/1.1" 200 181 "http://les-spartiates.no-ip.org/chat/" "Mozilla/5.0 (Windows; U; Windows NT 6.0; fr; rv:1.9.2.13) Gecko/20101203 Firefox/3.6.13 (.NET CLR 3.5.30729)"
87.91.231.6 - - [09/Jan/2011:12:53:45 +0100] "GET /chat/?ajax=true&lastID=30 HTTP/1.1" 200 181 "http://les-spartiates.no-ip.org/chat/" "Mozilla/5.0 (Windows; U; Windows NT 6.1; fr; rv:1.9.2.13) Gecko/20101203 Firefox/3.6.13 LUDI2 ;ShopperReports"
87.91.231.6 - - [09/Jan/2011:12:53:47 +0100] "GET /chat/?ajax=true&lastID=30 HTTP/1.1" 200 181 "http://les-spartiates.no-ip.org/chat/" "Mozilla/5.0 (Windows; U; Windows NT 6.0; fr; rv:1.9.2.13) Gecko/20101203 Firefox/3.6.13 (.NET CLR 3.5.30729)"
80.13.166.212 - - [09/Jan/2011:12:53:47 +0100] "GET /index.php?sid=565c90d95f4b2f5f9467b546b5b5a082 HTTP/1.1" 200 4150 "http://les-spartiates.no-ip.org/adm/index.php?i=styles&sid=565c90d95f4b2f5f9467b546b5b5a082&mode=style" "Mozilla/5.0 (Windows NT 6.1; WOW64; rv:2.0b8) Gecko/20100101 Firefox/4.0b8"
87.91.231.6 - - [09/Jan/2011:12:53:47 +0100] "GET /chat/?ajax=true&lastID=30 HTTP/1.1" 200 181 "http://les-spartiates.no-ip.org/chat/" "Mozilla/5.0 (Windows; U; Windows NT 6.1; fr; rv:1.9.2.13) Gecko/20101203 Firefox/3.6.13 LUDI2 ;ShopperReports"
80.13.166.212 - - [09/Jan/2011:12:53:48 +0100] "GET /styles/Thor/template/styleswitcher.js HTTP/1.1" 200 762 "http://les-spartiates.no-ip.org/index.php?sid=565c90d95f4b2f5f9467b546b5b5a082" "Mozilla/5.0 (Windows NT 6.1; WOW64; rv:2.0b8) Gecko/20100101 Firefox/4.0b8"
80.13.166.212 - - [09/Jan/2011:12:53:48 +0100] "GET /styles/Thor/template/forum_fn.js HTTP/1.1" 200 1753 "http://les-spartiates.no-ip.org/index.php?sid=565c90d95f4b2f5f9467b546b5b5a082" "Mozilla/5.0 (Windows NT 6.1; WOW64; rv:2.0b8) Gecko/20100101 Firefox/4.0b8"
80.13.166.212 - - [09/Jan/2011:12:53:48 +0100] "GET /styles/Thor/theme/print.css HTTP/1.1" 200 1137 "http://les-spartiates.no-ip.org/index.php?sid=565c90d95f4b2f5f9467b546b5b5a082" "Mozilla/5.0 (Windows NT 6.1; WOW64; rv:2.0b8) Gecko/20100101 Firefox/4.0b8"
80.13.166.212 - - [09/Jan/2011:12:53:48 +0100] "GET /styles/Thor/theme/normal.css HTTP/1.1" 200 46 "http://les-spartiates.no-ip.org/index.php?sid=565c90d95f4b2f5f9467b546b5b5a082" "Mozilla/5.0 (Windows NT 6.1; WOW64; rv:2.0b8) Gecko/20100101 Firefox/4.0b8"
80.13.166.212 - - [09/Jan/2011:12:53:48 +0100] "GET /style.php?id=2&lang=fr HTTP/1.1" 200 14752 "http://les-spartiates.no-ip.org/index.php?sid=565c90d95f4b2f5f9467b546b5b5a082" "Mozilla/5.0 (Windows NT 6.1; WOW64; rv:2.0b8) Gecko/20100101 Firefox/4.0b8"
87.91.231.6 - - [09/Jan/2011:12:53:48 +0100] "POST /chat/?ajax=true HTTP/1.1" 200 279 "http://les-spartiates.no-ip.org/chat/" "Mozilla/5.0 (Windows; U; Windows NT 6.0; fr; rv:1.9.2.13) Gecko/20101203 Firefox/3.6.13 (.NET CLR 3.5.30729)"
80.13.166.212 - - [09/Jan/2011:12:53:48 +0100] "GET /styles/Thor/imageset/site_logo.gif HTTP/1.1" 404 198 "http://les-spartiates.no-ip.org/index.php?sid=565c90d95f4b2f5f9467b546b5b5a082" "Mozilla/5.0 (Windows NT 6.1; WOW64; rv:2.0b8) Gecko/20100101 Firefox/4.0b8"
80.13.166.212 - - [09/Jan/2011:12:53:48 +0100] "GET /styles/Thor/theme/images/buttons.gif HTTP/1.1" 200 2470 "http://les-spartiates.no-ip.org/style.php?id=2&lang=fr" "Mozilla/5.0 (Windows NT 6.1; WOW64; rv:2.0b8) Gecko/20100101 Firefox/4.0b8"
80.13.166.212 - - [09/Jan/2011:12:53:48 +0100] "GET /styles/Thor/theme/images/icon_textbox_search.gif HTTP/1.1" 200 335 "http://les-spartiates.no-ip.org/style.php?id=2&lang=fr" "Mozilla/5.0 (Windows NT 6.1; WOW64; rv:2.0b8) Gecko/20100101 Firefox/4.0b8"
80.13.166.212 - - [09/Jan/2011:12:53:48 +0100] "GET /styles/Thor/theme/large.css HTTP/1.1" 200 46 "http://les-spartiates.no-ip.org/index.php?sid=565c90d95f4b2f5f9467b546b5b5a082" "Mozilla/5.0 (Windows NT 6.1; WOW64; rv:2.0b8) Gecko/20100101 Firefox/4.0b8"
80.13.166.212 - - [09/Jan/2011:12:53:48 +0100] "GET /styles/Thor/theme/images/sides.jpg HTTP/1.1" 200 50910 "http://les-spartiates.no-ip.org/style.php?id=2&lang=fr" "Mozilla/5.0 (Windows NT 6.1; WOW64; rv:2.0b8) Gecko/20100101 Firefox/4.0b8"
80.13.166.212 - - [09/Jan/2011:12:53:48 +0100] "GET /styles/Thor/theme/medium.css HTTP/1.1" 200 46 "http://les-spartiates.no-ip.org/index.php?sid=565c90d95f4b2f5f9467b546b5b5a082" "Mozilla/5.0 (Windows NT 6.1; WOW64; rv:2.0b8) Gecko/20100101 Firefox/4.0b8"
80.13.166.212 - - [09/Jan/2011:12:53:49 +0100] "GET /styles/Thor/theme/images/corners_left.png HTTP/1.1" 200 209 "http://les-spartiates.no-ip.org/style.php?id=2&lang=fr" "Mozilla/5.0 (Windows NT 6.1; WOW64; rv:2.0b8) Gecko/20100101 Firefox/4.0b8"
80.13.166.212 - - [09/Jan/2011:12:53:48 +0100] "GET /styles/Thor/theme/images/header.jpg HTTP/1.1" 200 53291 "http://les-spartiates.no-ip.org/style.php?id=2&lang=fr" "Mozilla/5.0 (Windows NT 6.1; WOW64; rv:2.0b8) Gecko/20100101 Firefox/4.0b8"
80.13.166.212 - - [09/Jan/2011:12:53:48 +0100] "GET /styles/Thor/theme/images/header_background.jpg HTTP/1.1" 200 99930 "http://les-spartiates.no-ip.org/style.php?id=2&lang=fr" "Mozilla/5.0 (Windows NT 6.1; WOW64; rv:2.0b8) Gecko/20100101 Firefox/4.0b8"
80.13.166.212 - - [09/Jan/2011:12:53:49 +0100] "GET /styles/Thor/theme/images/corners_right.png HTTP/1.1" 200 209 "http://les-spartiates.no-ip.org/style.php?id=2&lang=fr" "Mozilla/5.0 (Windows NT 6.1; WOW64; rv:2.0b8) Gecko/20100101 Firefox/4.0b8"
80.13.166.212 - - [09/Jan/2011:12:53:49 +0100] "GET /styles/Thor/theme/images/icon_home.gif HTTP/1.1" 200 902 "http://les-spartiates.no-ip.org/style.php?id=2&lang=fr" "Mozilla/5.0 (Windows NT 6.1; WOW64; rv:2.0b8) Gecko/20100101 Firefox/4.0b8"
80.13.166.212 - - [09/Jan/2011:12:53:49 +0100] "GET /chat/?ajax=true&lastID=30 HTTP/1.1" 200 279 "http://les-spartiates.no-ip.org/chat/" "Mozilla/5.0 (Windows NT 6.1; WOW64; rv:2.0b8) Gecko/20100101 Firefox/4.0b8"
80.13.166.212 - - [09/Jan/2011:12:53:49 +0100] "GET /styles/Thor/theme/images/icon_members.gif HTTP/1.1" 200 904 "http://les-spartiates.no-ip.org/style.php?id=2&lang=fr" "Mozilla/5.0 (Windows NT 6.1; WOW64; rv:2.0b8) Gecko/20100101 Firefox/4.0b8"
87.91.231.6 - - [09/Jan/2011:12:53:49 +0100] "GET /chat/?ajax=true&lastID=30 HTTP/1.1" 200 279 "http://les-spartiates.no-ip.org/chat/" "Mozilla/5.0 (Windows; U; Windows NT 6.1; fr; rv:1.9.2.13) Gecko/20101203 Firefox/3.6.13 LUDI2 ;ShopperReports"
80.13.166.212 - - [09/Jan/2011:12:53:50 +0100] "GET /styles/Thor/theme/images/icon_logout.gif HTTP/1.1" 200 879 "http://les-spartiates.no-ip.org/style.php?id=2&lang=fr" "Mozilla/5.0 (Windows NT 6.1; WOW64; rv:2.0b8) Gecko/20100101 Firefox/4.0b8"
80.13.166.212 - - [09/Jan/2011:12:53:50 +0100] "GET /styles/Thor/theme/images/thor_forum_header.png HTTP/1.1" 200 14496 "http://les-spartiates.no-ip.org/style.php?id=2&lang=fr" "Mozilla/5.0 (Windows NT 6.1; WOW64; rv:2.0b8) Gecko/20100101 Firefox/4.0b8"
87.91.231.6 - - [09/Jan/2011:12:53:50 +0100] "GET /chat/?ajax=true&lastID=31 HTTP/1.1" 200 181 "http://les-spartiates.no-ip.org/chat/" "Mozilla/5.0 (Windows; U; Windows NT 6.0; fr; rv:1.9.2.13) Gecko/20101203 Firefox/3.6.13 (.NET CLR 3.5.30729)"
80.13.166.212 - - [09/Jan/2011:12:53:50 +0100] "GET /styles/Thor/imageset/forum_read.gif HTTP/1.1" 200 1472 "http://les-spartiates.no-ip.org/index.php?sid=565c90d95f4b2f5f9467b546b5b5a082" "Mozilla/5.0 (Windows NT 6.1; WOW64; rv:2.0b8) Gecko/20100101 Firefox/4.0b8"
80.13.166.212 - - [09/Jan/2011:12:53:51 +0100] "GET /styles/Thor/imageset/forum_link.gif HTTP/1.1" 200 1147 "http://les-spartiates.no-ip.org/index.php?sid=565c90d95f4b2f5f9467b546b5b5a082" "Mozilla/5.0 (Windows NT 6.1; WOW64; rv:2.0b8) Gecko/20100101 Firefox/4.0b8"
80.13.166.212 - - [09/Jan/2011:12:53:51 +0100] "GET /chat/?ajax=true&lastID=31 HTTP/1.1" 200 181 "http://les-spartiates.no-ip.org/chat/" "Mozilla/5.0 (Windows NT 6.1; WOW64; rv:2.0b8) Gecko/20100101 Firefox/4.0b8"
80.13.166.212 - - [09/Jan/2011:12:53:52 +0100] "GET /styles/Thor/theme/images/icon_fontsize.gif HTTP/1.1" 200 978 "http://les-spartiates.no-ip.org/style.php?id=2&lang=fr" "Mozilla/5.0 (Windows NT 6.1; WOW64; rv:2.0b8) Gecko/20100101 Firefox/4.0b8"
87.91.231.6 - - [09/Jan/2011:12:53:52 +0100] "GET /chat/?ajax=true&lastID=31 HTTP/1.1" 200 181 "http://les-spartiates.no-ip.org/chat/" "Mozilla/5.0 (Windows; U; Windows NT 6.1; fr; rv:1.9.2.13) Gecko/20101203 Firefox/3.6.13 LUDI2 ;ShopperReports"
80.13.166.212 - - [09/Jan/2011:12:53:52 +0100] "GET /styles/Thor/theme/images/icon_ucp.gif HTTP/1.1" 200 914 "http://les-spartiates.no-ip.org/style.php?id=2&lang=fr" "Mozilla/5.0 (Windows NT 6.1; WOW64; rv:2.0b8) Gecko/20100101 Firefox/4.0b8"
80.13.166.212 - - [09/Jan/2011:12:53:52 +0100] "GET /styles/Thor/theme/images/icon_faq.gif HTTP/1.1" 200 897 "http://les-spartiates.no-ip.org/style.php?id=2&lang=fr" "Mozilla/5.0 (Windows NT 6.1; WOW64; rv:2.0b8) Gecko/20100101 Firefox/4.0b8"
87.91.231.6 - - [09/Jan/2011:12:53:52 +0100] "GET /chat/?ajax=true&lastID=31 HTTP/1.1" 200 181 "http://les-spartiates.no-ip.org/chat/" "Mozilla/5.0 (Windows; U; Windows NT 6.0; fr; rv:1.9.2.13) Gecko/20101203 Firefox/3.6.13 (.NET CLR 3.5.30729)"
80.13.166.212 - - [09/Jan/2011:12:53:53 +0100] "GET /styles/Thor/theme/images/thor_f_t_bg.png HTTP/1.1" 200 9586 "http://les-spartiates.no-ip.org/style.php?id=2&lang=fr" "Mozilla/5.0 (Windows NT 6.1; WOW64; rv:2.0b8) Gecko/20100101 Firefox/4.0b8"
80.13.166.212 - - [09/Jan/2011:12:53:52 +0100] "GET /styles/Thor/theme/images/thor_f_header_3.png HTTP/1.1" 200 101280 "http://les-spartiates.no-ip.org/style.php?id=2&lang=fr" "Mozilla/5.0 (Windows NT 6.1; WOW64; rv:2.0b8) Gecko/20100101 Firefox/4.0b8"
80.13.166.212 - - [09/Jan/2011:12:53:54 +0100] "GET /chat/?ajax=true&lastID=31 HTTP/1.1" 200 181 "http://les-spartiates.no-ip.org/chat/" "Mozilla/5.0 (Windows NT 6.1; WOW64; rv:2.0b8) Gecko/20100101 Firefox/4.0b8"
87.91.231.6 - - [09/Jan/2011:12:53:54 +0100] "GET /chat/?ajax=true&lastID=31 HTTP/1.1" 200 181 "http://les-spartiates.no-ip.org/chat/" "Mozilla/5.0 (Windows; U; Windows NT 6.1; fr; rv:1.9.2.13) Gecko/20101203 Firefox/3.6.13 LUDI2 ;ShopperReports"
87.91.231.6 - - [09/Jan/2011:12:53:54 +0100] "GET /chat/?ajax=true&lastID=31 HTTP/1.1" 200 181 "http://les-spartiates.no-ip.org/chat/" "Mozilla/5.0 (Windows; U; Windows NT 6.0; fr; rv:1.9.2.13) Gecko/20101203 Firefox/3.6.13 (.NET CLR 3.5.30729)"
80.13.166.212 - - [09/Jan/2011:12:53:56 +0100] "GET /chat/?ajax=true&lastID=31 HTTP/1.1" 200 181 "http://les-spartiates.no-ip.org/chat/" "Mozilla/5.0 (Windows NT 6.1; WOW64; rv:2.0b8) Gecko/20100101 Firefox/4.0b8"
87.91.231.6 - - [09/Jan/2011:12:53:56 +0100] "GET /chat/?ajax=true&lastID=31 HTTP/1.1" 200 181 "http://les-spartiates.no-ip.org/chat/" "Mozilla/5.0 (Windows; U; Windows NT 6.1; fr; rv:1.9.2.13) Gecko/20101203 Firefox/3.6.13 LUDI2 ;ShopperReports"
80.13.166.212 - - [09/Jan/2011:12:53:58 +0100] "GET /chat/?ajax=true&lastID=31 HTTP/1.1" 200 181 "http://les-spartiates.no-ip.org/chat/" "Mozilla/5.0 (Windows NT 6.1; WOW64; rv:2.0b8) Gecko/20100101 Firefox/4.0b8"
87.91.231.6 - - [09/Jan/2011:12:53:58 +0100] "GET /chat/?ajax=true&lastID=31 HTTP/1.1" 200 181 "http://les-spartiates.no-ip.org/chat/" "Mozilla/5.0 (Windows; U; Windows NT 6.1; fr; rv:1.9.2.13) Gecko/20101203 Firefox/3.6.13 LUDI2 ;ShopperReports"
87.91.231.6 - - [09/Jan/2011:12:53:58 +0100] "GET /chat/?ajax=true&lastID=31 HTTP/1.1" 200 181 "http://les-spartiates.no-ip.org/chat/" "Mozilla/5.0 (Windows; U; Windows NT 6.0; fr; rv:1.9.2.13) Gecko/20101203 Firefox/3.6.13 (.NET CLR 3.5.30729)"
80.13.166.212 - - [09/Jan/2011:12:54:00 +0100] "GET /chat/?ajax=true&lastID=31 HTTP/1.1" 200 181 "http://les-spartiates.no-ip.org/chat/" "Mozilla/5.0 (Windows NT 6.1; WOW64; rv:2.0b8) Gecko/20100101 Firefox/4.0b8"
87.91.231.6 - - [09/Jan/2011:12:54:00 +0100] "GET /chat/?ajax=true&lastID=31 HTTP/1.1" 200 181 "http://les-spartiates.no-ip.org/chat/" "Mozilla/5.0 (Windows; U; Windows NT 6.1; fr; rv:1.9.2.13) Gecko/20101203 Firefox/3.6.13 LUDI2 ;ShopperReports"
87.91.231.6 - - [09/Jan/2011:12:54:00 +0100] "GET /chat/?ajax=true&lastID=31 HTTP/1.1" 200 181 "http://les-spartiates.no-ip.org/chat/" "Mozilla/5.0 (Windows; U; Windows NT 6.0; fr; rv:1.9.2.13) Gecko/20101203 Firefox/3.6.13 (.NET CLR 3.5.30729)"
87.91.231.6 - - [09/Jan/2011:12:54:02 +0100] "POST /chat/?ajax=true HTTP/1.1" 200 259 "http://les-spartiates.no-ip.org/chat/" "Mozilla/5.0 (Windows; U; Windows NT 6.1; fr; rv:1.9.2.13) Gecko/20101203 Firefox/3.6.13 LUDI2 ;ShopperReports"
80.13.166.212 - - [09/Jan/2011:12:54:02 +0100] "GET /index.php HTTP/1.1" 200 4152 "http://les-spartiates.no-ip.org/index.php" "Mozilla/5.0 (Windows NT 6.1; WOW64; rv:2.0b8) Gecko/20100101 Firefox/4.0b8"
80.13.166.212 - - [09/Jan/2011:12:54:02 +0100] "GET /chat/?ajax=true&lastID=31 HTTP/1.1" 200 259 "http://les-spartiates.no-ip.org/chat/" "Mozilla/5.0 (Windows NT 6.1; WOW64; rv:2.0b8) Gecko/20100101 Firefox/4.0b8"
87.91.231.6 - - [09/Jan/2011:12:54:02 +0100] "GET /chat/?ajax=true&lastID=31 HTTP/1.1" 200 259 "http://les-spartiates.no-ip.org/chat/" "Mozilla/5.0 (Windows; U; Windows NT 6.0; fr; rv:1.9.2.13) Gecko/20101203 Firefox/3.6.13 (.NET CLR 3.5.30729)"
80.13.166.212 - - [09/Jan/2011:12:54:03 +0100] "GET /styles/Thor/template/forum_fn.js HTTP/1.1" 200 1753 "http://les-spartiates.no-ip.org/index.php" "Mozilla/5.0 (Windows NT 6.1; WOW64; rv:2.0b8) Gecko/20100101 Firefox/4.0b8"
80.13.166.212 - - [09/Jan/2011:12:54:03 +0100] "GET /style.php?id=2&lang=fr HTTP/1.1" 200 14752 "http://les-spartiates.no-ip.org/index.php" "Mozilla/5.0 (Windows NT 6.1; WOW64; rv:2.0b8) Gecko/20100101 Firefox/4.0b8"
80.13.166.212 - - [09/Jan/2011:12:54:03 +0100] "GET /styles/Thor/template/styleswitcher.js HTTP/1.1" 200 762 "http://les-spartiates.no-ip.org/index.php" "Mozilla/5.0 (Windows NT 6.1; WOW64; rv:2.0b8) Gecko/20100101 Firefox/4.0b8"
80.13.166.212 - - [09/Jan/2011:12:54:03 +0100] "GET /styles/Thor/theme/normal.css HTTP/1.1" 200 46 "http://les-spartiates.no-ip.org/index.php" "Mozilla/5.0 (Windows NT 6.1; WOW64; rv:2.0b8) Gecko/20100101 Firefox/4.0b8"
80.13.166.212 - - [09/Jan/2011:12:54:03 +0100] "GET /styles/Thor/theme/print.css HTTP/1.1" 200 1137 "http://les-spartiates.no-ip.org/index.php" "Mozilla/5.0 (Windows NT 6.1; WOW64; rv:2.0b8) Gecko/20100101 Firefox/4.0b8"
87.91.231.6 - - [09/Jan/2011:12:54:04 +0100] "GET /chat/?ajax=true&lastID=32 HTTP/1.1" 200 181 "http://les-spartiates.no-ip.org/chat/" "Mozilla/5.0 (Windows; U; Windows NT 6.1; fr; rv:1.9.2.13) Gecko/20101203 Firefox/3.6.13 LUDI2 ;ShopperReports"
87.91.231.6 - - [09/Jan/2011:12:54:05 +0100] "GET /chat/?ajax=true&lastID=32 HTTP/1.1" 200 181 "http://les-spartiates.no-ip.org/chat/" "Mozilla/5.0 (Windows; U; Windows NT 6.0; fr; rv:1.9.2.13) Gecko/20101203 Firefox/3.6.13 (.NET CLR 3.5.30729)"
80.13.166.212 - - [09/Jan/2011:12:54:05 +0100] "GET /chat/?ajax=true&lastID=32 HTTP/1.1" 200 181 "http://les-spartiates.no-ip.org/chat/" "Mozilla/5.0 (Windows NT 6.1; WOW64; rv:2.0b8) Gecko/20100101 Firefox/4.0b8"
80.13.166.212 - - [09/Jan/2011:12:54:06 +0100] "GET /styles/Thor/imageset/site_logo.gif HTTP/1.1" 404 198 "http://les-spartiates.no-ip.org/index.php" "Mozilla/5.0 (Windows NT 6.1; WOW64; rv:2.0b8) Gecko/20100101 Firefox/4.0b8"
87.91.231.6 - - [09/Jan/2011:12:54:07 +0100] "GET /chat/?ajax=true&lastID=32 HTTP/1.1" 200 181 "http://les-spartiates.no-ip.org/chat/" "Mozilla/5.0 (Windows; U; Windows NT 6.1; fr; rv:1.9.2.13) Gecko/20101203 Firefox/3.6.13 LUDI2 ;ShopperReports"
87.91.231.6 - - [09/Jan/2011:12:54:07 +0100] "GET /chat/?ajax=true&lastID=32 HTTP/1.1" 200 181 "http://les-spartiates.no-ip.org/chat/" "Mozilla/5.0 (Windows; U; Windows NT 6.0; fr; rv:1.9.2.13) Gecko/20101203 Firefox/3.6.13 (.NET CLR 3.5.30729)"
80.13.166.212 - - [09/Jan/2011:12:54:07 +0100] "GET /chat/?ajax=true&lastID=32 HTTP/1.1" 200 181 "http://les-spartiates.no-ip.org/chat/" "Mozilla/5.0 (Windows NT 6.1; WOW64; rv:2.0b8) Gecko/20100101 Firefox/4.0b8"
80.13.166.212 - - [09/Jan/2011:12:54:08 +0100] "GET /styles/Thor/theme/medium.css HTTP/1.1" 200 46 "http://les-spartiates.no-ip.org/index.php" "Mozilla/5.0 (Windows NT 6.1; WOW64; rv:2.0b8) Gecko/20100101 Firefox/4.0b8"
80.13.166.212 - - [09/Jan/2011:12:54:08 +0100] "GET /styles/Thor/theme/large.css HTTP/1.1" 200 46 "http://les-spartiates.no-ip.org/index.php" "Mozilla/5.0 (Windows NT 6.1; WOW64; rv:2.0b8) Gecko/20100101 Firefox/4.0b8"
87.91.231.6 - - [09/Jan/2011:12:54:09 +0100] "GET /chat/?ajax=true&lastID=32 HTTP/1.1" 200 181 "http://les-spartiates.no-ip.org/chat/" "Mozilla/5.0 (Windows; U; Windows NT 6.1; fr; rv:1.9.2.13) Gecko/20101203 Firefox/3.6.13 LUDI2 ;ShopperReports"
87.91.231.6 - - [09/Jan/2011:12:54:09 +0100] "GET /chat/?ajax=true&lastID=32 HTTP/1.1" 200 181 "http://les-spartiates.no-ip.org/chat/" "Mozilla/5.0 (Windows; U; Windows NT 6.0; fr; rv:1.9.2.13) Gecko/20101203 Firefox/3.6.13 (.NET CLR 3.5.30729)"
80.13.166.212 - - [09/Jan/2011:12:54:09 +0100] "GET /chat/?ajax=true&lastID=32 HTTP/1.1" 200 181 "http://les-spartiates.no-ip.org/chat/" "Mozilla/5.0 (Windows NT 6.1; WOW64; rv:2.0b8) Gecko/20100101 Firefox/4.0b8"
87.91.231.6 - - [09/Jan/2011:12:54:11 +0100] "GET /chat/?ajax=true&lastID=32 HTTP/1.1" 200 181 "http://les-spartiates.no-ip.org/chat/" "Mozilla/5.0 (Windows; U; Windows NT 6.1; fr; rv:1.9.2.13) Gecko/20101203 Firefox/3.6.13 LUDI2 ;ShopperReports"
87.91.231.6 - - [09/Jan/2011:12:54:11 +0100] "GET /chat/?ajax=true&lastID=32 HTTP/1.1" 200 181 "http://les-spartiates.no-ip.org/chat/" "Mozilla/5.0 (Windows; U; Windows NT 6.0; fr; rv:1.9.2.13) Gecko/20101203 Firefox/3.6.13 (.NET CLR 3.5.30729)"
80.13.166.212 - - [09/Jan/2011:12:54:11 +0100] "GET /chat/?ajax=true&lastID=32 HTTP/1.1" 200 181 "http://les-spartiates.no-ip.org/chat/" "Mozilla/5.0 (Windows NT 6.1; WOW64; rv:2.0b8) Gecko/20100101 Firefox/4.0b8"
87.91.231.6 - - [09/Jan/2011:12:54:13 +0100] "GET /chat/?ajax=true&lastID=32 HTTP/1.1" 200 181 "http://les-spartiates.no-ip.org/chat/" "Mozilla/5.0 (Windows; U; Windows NT 6.1; fr; rv:1.9.2.13) Gecko/20101203 Firefox/3.6.13 LUDI2 ;ShopperReports"
87.91.231.6 - - [09/Jan/2011:12:54:13 +0100] "GET /chat/?ajax=true&lastID=32 HTTP/1.1" 200 181 "http://les-spartiates.no-ip.org/chat/" "Mozilla/5.0 (Windows; U; Windows NT 6.0; fr; rv:1.9.2.13) Gecko/20101203 Firefox/3.6.13 (.NET CLR 3.5.30729)"
80.13.166.212 - - [09/Jan/2011:12:54:14 +0100] "GET /chat/?ajax=true&lastID=32 HTTP/1.1" 200 181 "http://les-spartiates.no-ip.org/chat/" "Mozilla/5.0 (Windows NT 6.1; WOW64; rv:2.0b8) Gecko/20100101 Firefox/4.0b8"
87.91.231.6 - - [09/Jan/2011:12:54:14 +0100] "POST /chat/?ajax=true HTTP/1.1" 200 249 "http://les-spartiates.no-ip.org/chat/" "Mozilla/5.0 (Windows; U; Windows NT 6.0; fr; rv:1.9.2.13) Gecko/20101203 Firefox/3.6.13 (.NET CLR 3.5.30729)"
80.13.166.212 - - [09/Jan/2011:12:54:15 +0100] "POST /chat/?ajax=true HTTP/1.1" 200 307 "http://les-spartiates.no-ip.org/chat/" "Mozilla/5.0 (Windows NT 6.1; WOW64; rv:2.0b8) Gecko/20100101 Firefox/4.0b8"
87.91.231.6 - - [09/Jan/2011:12:54:15 +0100] "GET /chat/?ajax=true&lastID=32 HTTP/1.1" 200 307 "http://les-spartiates.no-ip.org/chat/" "Mozilla/5.0 (Windows; U; Windows NT 6.1; fr; rv:1.9.2.13) Gecko/20101203 Firefox/3.6.13 LUDI2 ;ShopperReports"
87.91.231.6 - - [09/Jan/2011:12:54:16 +0100] "GET /chat/?ajax=true&lastID=33 HTTP/1.1" 200 282 "http://les-spartiates.no-ip.org/chat/" "Mozilla/5.0 (Windows; U; Windows NT 6.0; fr; rv:1.9.2.13) Gecko/20101203 Firefox/3.6.13 (.NET CLR 3.5.30729)"
80.13.166.212 - - [09/Jan/2011:12:54:17 +0100] "GET /chat/?ajax=true&lastID=34 HTTP/1.1" 200 181 "http://les-spartiates.no-ip.org/chat/" "Mozilla/5.0 (Windows NT 6.1; WOW64; rv:2.0b8) Gecko/20100101 Firefox/4.0b8"
87.91.231.6 - - [09/Jan/2011:12:54:18 +0100] "GET /chat/?ajax=true&lastID=34 HTTP/1.1" 200 181 "http://les-spartiates.no-ip.org/chat/" "Mozilla/5.0 (Windows; U; Windows NT 6.1; fr; rv:1.9.2.13) Gecko/20101203 Firefox/3.6.13 LUDI2 ;ShopperReports"
87.91.231.6 - - [09/Jan/2011:12:54:18 +0100] "GET /chat/?ajax=true&lastID=34 HTTP/1.1" 200 181 "http://les-spartiates.no-ip.org/chat/" "Mozilla/5.0 (Windows; U; Windows NT 6.0; fr; rv:1.9.2.13) Gecko/20101203 Firefox/3.6.13 (.NET CLR 3.5.30729)"
80.13.166.212 - - [09/Jan/2011:12:54:19 +0100] "GET /chat/?ajax=true&lastID=34 HTTP/1.1" 200 181 "http://les-spartiates.no-ip.org/chat/" "Mozilla/5.0 (Windows NT 6.1; WOW64; rv:2.0b8) Gecko/20100101 Firefox/4.0b8"
87.91.231.6 - - [09/Jan/2011:12:54:20 +0100] "GET /chat/?ajax=true&lastID=34 HTTP/1.1" 200 181 "http://les-spartiates.no-ip.org/chat/" "Mozilla/5.0 (Windows; U; Windows NT 6.1; fr; rv:1.9.2.13) Gecko/20101203 Firefox/3.6.13 LUDI2 ;ShopperReports"
87.91.231.6 - - [09/Jan/2011:12:54:20 +0100] "GET /chat/?ajax=true&lastID=34 HTTP/1.1" 200 181 "http://les-spartiates.no-ip.org/chat/" "Mozilla/5.0 (Windows; U; Windows NT 6.0; fr; rv:1.9.2.13) Gecko/20101203 Firefox/3.6.13 (.NET CLR 3.5.30729)"
80.13.166.212 - - [09/Jan/2011:12:54:22 +0100] "GET /chat/?ajax=true&lastID=34 HTTP/1.1" 200 181 "http://les-spartiates.no-ip.org/chat/" "Mozilla/5.0 (Windows NT 6.1; WOW64; rv:2.0b8) Gecko/20100101 Firefox/4.0b8"
87.91.231.6 - - [09/Jan/2011:12:54:22 +0100] "GET /chat/?ajax=true&lastID=34 HTTP/1.1" 200 181 "http://les-spartiates.no-ip.org/chat/" "Mozilla/5.0 (Windows; U; Windows NT 6.1; fr; rv:1.9.2.13) Gecko/20101203 Firefox/3.6.13 LUDI2 ;ShopperReports"
87.91.231.6 - - [09/Jan/2011:12:54:23 +0100] "GET /chat/?ajax=true&lastID=34 HTTP/1.1" 200 181 "http://les-spartiates.no-ip.org/chat/" "Mozilla/5.0 (Windows; U; Windows NT 6.0; fr; rv:1.9.2.13) Gecko/20101203 Firefox/3.6.13 (.NET CLR 3.5.30729)"
80.13.166.212 - - [09/Jan/2011:12:54:24 +0100] "GET /chat/?ajax=true&lastID=34 HTTP/1.1" 200 181 "http://les-spartiates.no-ip.org/chat/" "Mozilla/5.0 (Windows NT 6.1; WOW64; rv:2.0b8) Gecko/20100101 Firefox/4.0b8"
87.91.231.6 - - [09/Jan/2011:12:54:24 +0100] "GET /chat/?ajax=true&lastID=34 HTTP/1.1" 200 181 "http://les-spartiates.no-ip.org/chat/" "Mozilla/5.0 (Windows; U; Windows NT 6.1; fr; rv:1.9.2.13) Gecko/20101203 Firefox/3.6.13 L