80.13.166.212 - - [09/Jan/2011:12:51:49 +0100] "GET /chat/?ajax=true&lastID=25 HTTP/1.1" 200 170 "http://les-spartiates.no-ip.org/chat/" "Mozilla/5.0 (Windows NT 6.1; WOW64; rv:2.0b8) Gecko/20100101 Firefox/4.0b8"
87.91.231.6 - - [09/Jan/2011:12:51:51 +0100] "GET /chat/?ajax=true&lastID=25 HTTP/1.1" 200 170 "http://les-spartiates.no-ip.org/chat/" "Mozilla/5.0 (Windows; U; Windows NT 6.1; fr; rv:1.9.2.13) Gecko/20101203 Firefox/3.6.13 LUDI2 ;ShopperReports"
80.13.166.212 - - [09/Jan/2011:12:51:51 +0100] "GET /chat/?ajax=true&lastID=25 HTTP/1.1" 200 170 "http://les-spartiates.no-ip.org/chat/" "Mozilla/5.0 (Windows NT 6.1; WOW64; rv:2.0b8) Gecko/20100101 Firefox/4.0b8"
87.91.231.6 - - [09/Jan/2011:12:51:53 +0100] "GET /chat/?ajax=true&lastID=25 HTTP/1.1" 200 170 "http://les-spartiates.no-ip.org/chat/" "Mozilla/5.0 (Windows; U; Windows NT 6.1; fr; rv:1.9.2.13) Gecko/20101203 Firefox/3.6.13 LUDI2 ;ShopperReports"
80.13.166.212 - - [09/Jan/2011:12:51:54 +0100] "GET /chat/?ajax=true&lastID=25 HTTP/1.1" 200 170 "http://les-spartiates.no-ip.org/chat/" "Mozilla/5.0 (Windows NT 6.1; WOW64; rv:2.0b8) Gecko/20100101 Firefox/4.0b8"
87.91.231.6 - - [09/Jan/2011:12:51:55 +0100] "GET /chat/?ajax=true&lastID=25 HTTP/1.1" 200 170 "http://les-spartiates.no-ip.org/chat/" "Mozilla/5.0 (Windows; U; Windows NT 6.1; fr; rv:1.9.2.13) Gecko/20101203 Firefox/3.6.13 LUDI2 ;ShopperReports"
80.13.166.212 - - [09/Jan/2011:12:51:56 +0100] "GET /chat/?ajax=true&lastID=25 HTTP/1.1" 200 170 "http://les-spartiates.no-ip.org/chat/" "Mozilla/5.0 (Windows NT 6.1; WOW64; rv:2.0b8) Gecko/20100101 Firefox/4.0b8"
87.91.231.6 - - [09/Jan/2011:12:51:57 +0100] "GET /chat/?ajax=true&lastID=25 HTTP/1.1" 200 170 "http://les-spartiates.no-ip.org/chat/" "Mozilla/5.0 (Windows; U; Windows NT 6.1; fr; rv:1.9.2.13) Gecko/20101203 Firefox/3.6.13 LUDI2 ;ShopperReports"
80.13.166.212 - - [09/Jan/2011:12:51:58 +0100] "GET /chat/?ajax=true&lastID=25 HTTP/1.1" 200 170 "http://les-spartiates.no-ip.org/chat/" "Mozilla/5.0 (Windows NT 6.1; WOW64; rv:2.0b8) Gecko/20100101 Firefox/4.0b8"
87.91.231.6 - - [09/Jan/2011:12:51:59 +0100] "GET /chat/?ajax=true&lastID=25 HTTP/1.1" 200 170 "http://les-spartiates.no-ip.org/chat/" "Mozilla/5.0 (Windows; U; Windows NT 6.1; fr; rv:1.9.2.13) Gecko/20101203 Firefox/3.6.13 LUDI2 ;ShopperReports"
87.91.231.6 - - [09/Jan/2011:12:52:02 +0100] "GET /chat/?ajax=true&lastID=25 HTTP/1.1" 200 170 "http://les-spartiates.no-ip.org/chat/" "Mozilla/5.0 (Windows; U; Windows NT 6.1; fr; rv:1.9.2.13) Gecko/20101203 Firefox/3.6.13 LUDI2 ;ShopperReports"
80.13.166.212 - - [09/Jan/2011:12:52:03 +0100] "GET /chat/?ajax=true&lastID=25 HTTP/1.1" 200 170 "http://les-spartiates.no-ip.org/chat/" "Mozilla/5.0 (Windows NT 6.1; WOW64; rv:2.0b8) Gecko/20100101 Firefox/4.0b8"
87.91.231.6 - - [09/Jan/2011:12:52:04 +0100] "GET /chat/?ajax=true&lastID=25 HTTP/1.1" 200 170 "http://les-spartiates.no-ip.org/chat/" "Mozilla/5.0 (Windows; U; Windows NT 6.1; fr; rv:1.9.2.13) Gecko/20101203 Firefox/3.6.13 LUDI2 ;ShopperReports"
80.13.166.212 - - [09/Jan/2011:12:52:05 +0100] "GET /chat/?ajax=true&lastID=25 HTTP/1.1" 200 170 "http://les-spartiates.no-ip.org/chat/" "Mozilla/5.0 (Windows NT 6.1; WOW64; rv:2.0b8) Gecko/20100101 Firefox/4.0b8"
87.91.231.6 - - [09/Jan/2011:12:52:06 +0100] "GET /chat/?ajax=true&lastID=25 HTTP/1.1" 200 170 "http://les-spartiates.no-ip.org/chat/" "Mozilla/5.0 (Windows; U; Windows NT 6.1; fr; rv:1.9.2.13) Gecko/20101203 Firefox/3.6.13 LUDI2 ;ShopperReports"
80.13.166.212 - - [09/Jan/2011:12:52:08 +0100] "GET /chat/?ajax=true&lastID=25 HTTP/1.1" 200 170 "http://les-spartiates.no-ip.org/chat/" "Mozilla/5.0 (Windows NT 6.1; WOW64; rv:2.0b8) Gecko/20100101 Firefox/4.0b8"
87.91.231.6 - - [09/Jan/2011:12:52:08 +0100] "GET /chat/?ajax=true&lastID=25 HTTP/1.1" 200 170 "http://les-spartiates.no-ip.org/chat/" "Mozilla/5.0 (Windows; U; Windows NT 6.1; fr; rv:1.9.2.13) Gecko/20101203 Firefox/3.6.13 LUDI2 ;ShopperReports"
80.13.166.212 - - [09/Jan/2011:12:52:10 +0100] "GET /chat/?ajax=true&lastID=25 HTTP/1.1" 200 170 "http://les-spartiates.no-ip.org/chat/" "Mozilla/5.0 (Windows NT 6.1; WOW64; rv:2.0b8) Gecko/20100101 Firefox/4.0b8"
87.91.231.6 - - [09/Jan/2011:12:52:10 +0100] "GET /chat/?ajax=true&lastID=25 HTTP/1.1" 200 170 "http://les-spartiates.no-ip.org/chat/" "Mozilla/5.0 (Windows; U; Windows NT 6.1; fr; rv:1.9.2.13) Gecko/20101203 Firefox/3.6.13 LUDI2 ;ShopperReports"
80.13.166.212 - - [09/Jan/2011:12:52:12 +0100] "GET /chat/?ajax=true&lastID=25 HTTP/1.1" 200 170 "http://les-spartiates.no-ip.org/chat/" "Mozilla/5.0 (Windows NT 6.1; WOW64; rv:2.0b8) Gecko/20100101 Firefox/4.0b8"
87.91.231.6 - - [09/Jan/2011:12:52:12 +0100] "GET /chat/?ajax=true&lastID=25 HTTP/1.1" 200 170 "http://les-spartiates.no-ip.org/chat/" "Mozilla/5.0 (Windows; U; Windows NT 6.1; fr; rv:1.9.2.13) Gecko/20101203 Firefox/3.6.13 LUDI2 ;ShopperReports"
80.13.166.212 - - [09/Jan/2011:12:52:14 +0100] "GET /chat/?ajax=true&lastID=25 HTTP/1.1" 200 170 "http://les-spartiates.no-ip.org/chat/" "Mozilla/5.0 (Windows NT 6.1; WOW64; rv:2.0b8) Gecko/20100101 Firefox/4.0b8"
87.91.231.6 - - [09/Jan/2011:12:52:14 +0100] "GET /chat/?ajax=true&lastID=25 HTTP/1.1" 200 170 "http://les-spartiates.no-ip.org/chat/" "Mozilla/5.0 (Windows; U; Windows NT 6.1; fr; rv:1.9.2.13) Gecko/20101203 Firefox/3.6.13 LUDI2 ;ShopperReports"
80.13.166.212 - - [09/Jan/2011:12:52:17 +0100] "GET /chat/?ajax=true&lastID=25 HTTP/1.1" 200 170 "http://les-spartiates.no-ip.org/chat/" "Mozilla/5.0 (Windows NT 6.1; WOW64; rv:2.0b8) Gecko/20100101 Firefox/4.0b8"
87.91.231.6 - - [09/Jan/2011:12:52:17 +0100] "GET /chat/?ajax=true&lastID=25 HTTP/1.1" 200 170 "http://les-spartiates.no-ip.org/chat/" "Mozilla/5.0 (Windows; U; Windows NT 6.1; fr; rv:1.9.2.13) Gecko/20101203 Firefox/3.6.13 LUDI2 ;ShopperReports"
87.91.231.6 - - [09/Jan/2011:12:52:19 +0100] "GET /chat/?ajax=true&lastID=25 HTTP/1.1" 200 170 "http://les-spartiates.no-ip.org/chat/" "Mozilla/5.0 (Windows; U; Windows NT 6.1; fr; rv:1.9.2.13) Gecko/20101203 Firefox/3.6.13 LUDI2 ;ShopperReports"
80.13.166.212 - - [09/Jan/2011:12:52:19 +0100] "GET /chat/?ajax=true&lastID=25 HTTP/1.1" 200 170 "http://les-spartiates.no-ip.org/chat/" "Mozilla/5.0 (Windows NT 6.1; WOW64; rv:2.0b8) Gecko/20100101 Firefox/4.0b8"
87.91.231.6 - - [09/Jan/2011:12:52:21 +0100] "GET /chat/?ajax=true&lastID=25 HTTP/1.1" 200 170 "http://les-spartiates.no-ip.org/chat/" "Mozilla/5.0 (Windows; U; Windows NT 6.1; fr; rv:1.9.2.13) Gecko/20101203 Firefox/3.6.13 LUDI2 ;ShopperReports"
87.91.231.6 - - [09/Jan/2011:12:52:23 +0100] "GET /chat/?ajax=true&lastID=25 HTTP/1.1" 200 170 "http://les-spartiates.no-ip.org/chat/" "Mozilla/5.0 (Windows; U; Windows NT 6.1; fr; rv:1.9.2.13) Gecko/20101203 Firefox/3.6.13 LUDI2 ;ShopperReports"
80.13.166.212 - - [09/Jan/2011:12:52:24 +0100] "GET /chat/?ajax=true&lastID=25 HTTP/1.1" 200 170 "http://les-spartiates.no-ip.org/chat/" "Mozilla/5.0 (Windows NT 6.1; WOW64; rv:2.0b8) Gecko/20100101 Firefox/4.0b8"
87.91.231.6 - - [09/Jan/2011:12:52:25 +0100] "GET /chat/?ajax=true&lastID=25 HTTP/1.1" 200 170 "http://les-spartiates.no-ip.org/chat/" "Mozilla/5.0 (Windows; U; Windows NT 6.1; fr; rv:1.9.2.13) Gecko/20101203 Firefox/3.6.13 LUDI2 ;ShopperReports"
80.13.166.212 - - [09/Jan/2011:12:52:26 +0100] "GET /chat/?ajax=true&lastID=25 HTTP/1.1" 200 170 "http://les-spartiates.no-ip.org/chat/" "Mozilla/5.0 (Windows NT 6.1; WOW64; rv:2.0b8) Gecko/20100101 Firefox/4.0b8"
87.91.231.6 - - [09/Jan/2011:12:52:27 +0100] "GET /chat/?ajax=true&lastID=25 HTTP/1.1" 200 170 "http://les-spartiates.no-ip.org/chat/" "Mozilla/5.0 (Windows; U; Windows NT 6.1; fr; rv:1.9.2.13) Gecko/20101203 Firefox/3.6.13 LUDI2 ;ShopperReports"
80.13.166.212 - - [09/Jan/2011:12:52:29 +0100] "GET /chat/?ajax=true&lastID=25 HTTP/1.1" 200 170 "http://les-spartiates.no-ip.org/chat/" "Mozilla/5.0 (Windows NT 6.1; WOW64; rv:2.0b8) Gecko/20100101 Firefox/4.0b8"
87.91.231.6 - - [09/Jan/2011:12:52:30 +0100] "GET /chat/?ajax=true&lastID=25 HTTP/1.1" 200 170 "http://les-spartiates.no-ip.org/chat/" "Mozilla/5.0 (Windows; U; Windows NT 6.1; fr; rv:1.9.2.13) Gecko/20101203 Firefox/3.6.13 LUDI2 ;ShopperReports"
80.13.166.212 - - [09/Jan/2011:12:52:31 +0100] "GET /chat/?ajax=true&lastID=25 HTTP/1.1" 200 170 "http://les-spartiates.no-ip.org/chat/" "Mozilla/5.0 (Windows NT 6.1; WOW64; rv:2.0b8) Gecko/20100101 Firefox/4.0b8"
87.91.231.6 - - [09/Jan/2011:12:52:32 +0100] "GET /chat/?ajax=true&lastID=25 HTTP/1.1" 200 170 "http://les-spartiates.no-ip.org/chat/" "Mozilla/5.0 (Windows; U; Windows NT 6.1; fr; rv:1.9.2.13) Gecko/20101203 Firefox/3.6.13 LUDI2 ;ShopperReports"
80.13.166.212 - - [09/Jan/2011:12:52:33 +0100] "GET /chat/?ajax=true&lastID=25 HTTP/1.1" 200 170 "http://les-spartiates.no-ip.org/chat/" "Mozilla/5.0 (Windows NT 6.1; WOW64; rv:2.0b8) Gecko/20100101 Firefox/4.0b8"
87.91.231.6 - - [09/Jan/2011:12:52:34 +0100] "GET /chat/?ajax=true&lastID=25 HTTP/1.1" 200 170 "http://les-spartiates.no-ip.org/chat/" "Mozilla/5.0 (Windows; U; Windows NT 6.1; fr; rv:1.9.2.13) Gecko/20101203 Firefox/3.6.13 LUDI2 ;ShopperReports"
80.13.166.212 - - [09/Jan/2011:12:52:35 +0100] "GET /chat/?ajax=true&lastID=25 HTTP/1.1" 200 170 "http://les-spartiates.no-ip.org/chat/" "Mozilla/5.0 (Windows NT 6.1; WOW64; rv:2.0b8) Gecko/20100101 Firefox/4.0b8"
87.91.231.6 - - [09/Jan/2011:12:52:36 +0100] "GET /chat/?ajax=true&lastID=25 HTTP/1.1" 200 170 "http://les-spartiates.no-ip.org/chat/" "Mozilla/5.0 (Windows; U; Windows NT 6.1; fr; rv:1.9.2.13) Gecko/20101203 Firefox/3.6.13 LUDI2 ;ShopperReports"
80.13.166.212 - - [09/Jan/2011:12:52:38 +0100] "GET /chat/?ajax=true&lastID=25 HTTP/1.1" 200 170 "http://les-spartiates.no-ip.org/chat/" "Mozilla/5.0 (Windows NT 6.1; WOW64; rv:2.0b8) Gecko/20100101 Firefox/4.0b8"
87.91.231.6 - - [09/Jan/2011:12:52:38 +0100] "GET /chat/?ajax=true&lastID=25 HTTP/1.1" 200 170 "http://les-spartiates.no-ip.org/chat/" "Mozilla/5.0 (Windows; U; Windows NT 6.1; fr; rv:1.9.2.13) Gecko/20101203 Firefox/3.6.13 LUDI2 ;ShopperReports"
80.13.166.212 - - [09/Jan/2011:12:52:40 +0100] "GET /chat/?ajax=true&lastID=25 HTTP/1.1" 200 170 "http://les-spartiates.no-ip.org/chat/" "Mozilla/5.0 (Windows NT 6.1; WOW64; rv:2.0b8) Gecko/20100101 Firefox/4.0b8"
87.91.231.6 - - [09/Jan/2011:12:52:40 +0100] "GET /chat/?ajax=true&lastID=25 HTTP/1.1" 200 170 "http://les-spartiates.no-ip.org/chat/" "Mozilla/5.0 (Windows; U; Windows NT 6.1; fr; rv:1.9.2.13) Gecko/20101203 Firefox/3.6.13 LUDI2 ;ShopperReports"
80.13.166.212 - - [09/Jan/2011:12:52:42 +0100] "GET /chat/?ajax=true&lastID=25 HTTP/1.1" 200 170 "http://les-spartiates.no-ip.org/chat/" "Mozilla/5.0 (Windows NT 6.1; WOW64; rv:2.0b8) Gecko/20100101 Firefox/4.0b8"
87.91.231.6 - - [09/Jan/2011:12:52:43 +0100] "GET /chat/?ajax=true&lastID=25 HTTP/1.1" 200 170 "http://les-spartiates.no-ip.org/chat/" "Mozilla/5.0 (Windows; U; Windows NT 6.1; fr; rv:1.9.2.13) Gecko/20101203 Firefox/3.6.13 LUDI2 ;ShopperReports"
80.13.166.212 - - [09/Jan/2011:12:52:44 +0100] "GET /chat/?ajax=true&lastID=25 HTTP/1.1" 200 170 "http://les-spartiates.no-ip.org/chat/" "Mozilla/5.0 (Windows NT 6.1; WOW64; rv:2.0b8) Gecko/20100101 Firefox/4.0b8"
87.91.231.6 - - [09/Jan/2011:12:52:44 +0100] "GET /index.php HTTP/1.1" 200 3870 "http://les-spartiates.no-ip.org/ucp.php?mode=register" "Mozilla/5.0 (Windows; U; Windows NT 6.0; fr; rv:1.9.2.13) Gecko/20101203 Firefox/3.6.13 (.NET CLR 3.5.30729)"
87.91.231.6 - - [09/Jan/2011:12:52:45 +0100] "GET /chat/?ajax=true&lastID=25 HTTP/1.1" 200 170 "http://les-spartiates.no-ip.org/chat/" "Mozilla/5.0 (Windows; U; Windows NT 6.1; fr; rv:1.9.2.13) Gecko/20101203 Firefox/3.6.13 LUDI2 ;ShopperReports"
87.91.231.6 - - [09/Jan/2011:12:52:45 +0100] "GET /styles/prosilver/template/styleswitcher.js HTTP/1.1" 304 - "http://les-spartiates.no-ip.org/index.php" "Mozilla/5.0 (Windows; U; Windows NT 6.0; fr; rv:1.9.2.13) Gecko/20101203 Firefox/3.6.13 (.NET CLR 3.5.30729)"
87.91.231.6 - - [09/Jan/2011:12:52:45 +0100] "GET /styles/prosilver/template/forum_fn.js HTTP/1.1" 304 - "http://les-spartiates.no-ip.org/index.php" "Mozilla/5.0 (Windows; U; Windows NT 6.0; fr; rv:1.9.2.13) Gecko/20101203 Firefox/3.6.13 (.NET CLR 3.5.30729)"
87.91.231.6 - - [09/Jan/2011:12:52:45 +0100] "GET /styles/prosilver/theme/print.css HTTP/1.1" 304 - "http://les-spartiates.no-ip.org/index.php" "Mozilla/5.0 (Windows; U; Windows NT 6.0; fr; rv:1.9.2.13) Gecko/20101203 Firefox/3.6.13 (.NET CLR 3.5.30729)"
87.91.231.6 - - [09/Jan/2011:12:52:45 +0100] "GET /styles/prosilver/theme/normal.css HTTP/1.1" 304 - "http://les-spartiates.no-ip.org/index.php" "Mozilla/5.0 (Windows; U; Windows NT 6.0; fr; rv:1.9.2.13) Gecko/20101203 Firefox/3.6.13 (.NET CLR 3.5.30729)"
87.91.231.6 - - [09/Jan/2011:12:52:45 +0100] "GET /style.php?id=1&lang=fr HTTP/1.1" 200 13665 "http://les-spartiates.no-ip.org/index.php" "Mozilla/5.0 (Windows; U; Windows NT 6.0; fr; rv:1.9.2.13) Gecko/20101203 Firefox/3.6.13 (.NET CLR 3.5.30729)"
87.91.231.6 - - [09/Jan/2011:12:52:45 +0100] "GET /images/smilies/icon_e_smile.gif HTTP/1.1" 304 - "http://les-spartiates.no-ip.org/index.php" "Mozilla/5.0 (Windows; U; Windows NT 6.0; fr; rv:1.9.2.13) Gecko/20101203 Firefox/3.6.13 (.NET CLR 3.5.30729)"
87.91.231.6 - - [09/Jan/2011:12:52:45 +0100] "GET /styles/prosilver/imageset/site_logo.gif HTTP/1.1" 304 - "http://les-spartiates.no-ip.org/index.php" "Mozilla/5.0 (Windows; U; Windows NT 6.0; fr; rv:1.9.2.13) Gecko/20101203 Firefox/3.6.13 (.NET CLR 3.5.30729)"
87.91.231.6 - - [09/Jan/2011:12:52:45 +0100] "GET /styles/prosilver/theme/images/bg_header.gif HTTP/1.1" 304 - "http://les-spartiates.no-ip.org/style.php?id=1&lang=fr" "Mozilla/5.0 (Windows; U; Windows NT 6.0; fr; rv:1.9.2.13) Gecko/20101203 Firefox/3.6.13 (.NET CLR 3.5.30729)"
87.91.231.6 - - [09/Jan/2011:12:52:45 +0100] "GET /styles/prosilver/theme/images/corners_left.png HTTP/1.1" 304 - "http://les-spartiates.no-ip.org/style.php?id=1&lang=fr" "Mozilla/5.0 (Windows; U; Windows NT 6.0; fr; rv:1.9.2.13) Gecko/20101203 Firefox/3.6.13 (.NET CLR 3.5.30729)"
87.91.231.6 - - [09/Jan/2011:12:52:45 +0100] "GET /styles/prosilver/theme/images/icon_textbox_search.gif HTTP/1.1" 304 - "http://les-spartiates.no-ip.org/style.php?id=1&lang=fr" "Mozilla/5.0 (Windows; U; Windows NT 6.0; fr; rv:1.9.2.13) Gecko/20101203 Firefox/3.6.13 (.NET CLR 3.5.30729)"
87.91.231.6 - - [09/Jan/2011:12:52:45 +0100] "GET /styles/prosilver/theme/images/corners_right.png HTTP/1.1" 304 - "http://les-spartiates.no-ip.org/style.php?id=1&lang=fr" "Mozilla/5.0 (Windows; U; Windows NT 6.0; fr; rv:1.9.2.13) Gecko/20101203 Firefox/3.6.13 (.NET CLR 3.5.30729)"
87.91.231.6 - - [09/Jan/2011:12:52:45 +0100] "GET /styles/prosilver/theme/images/bg_button.gif HTTP/1.1" 304 - "http://les-spartiates.no-ip.org/style.php?id=1&lang=fr" "Mozilla/5.0 (Windows; U; Windows NT 6.0; fr; rv:1.9.2.13) Gecko/20101203 Firefox/3.6.13 (.NET CLR 3.5.30729)"
87.91.231.6 - - [09/Jan/2011:12:52:45 +0100] "GET /styles/prosilver/theme/images/icon_home.gif HTTP/1.1" 304 - "http://les-spartiates.no-ip.org/style.php?id=1&lang=fr" "Mozilla/5.0 (Windows; U; Windows NT 6.0; fr; rv:1.9.2.13) Gecko/20101203 Firefox/3.6.13 (.NET CLR 3.5.30729)"
87.91.231.6 - - [09/Jan/2011:12:52:45 +0100] "GET /styles/prosilver/theme/medium.css HTTP/1.1" 304 - "http://les-spartiates.no-ip.org/index.php" "Mozilla/5.0 (Windows; U; Windows NT 6.0; fr; rv:1.9.2.13) Gecko/20101203 Firefox/3.6.13 (.NET CLR 3.5.30729)"
87.91.231.6 - - [09/Jan/2011:12:52:45 +0100] "GET /styles/prosilver/theme/large.css HTTP/1.1" 304 - "http://les-spartiates.no-ip.org/index.php" "Mozilla/5.0 (Windows; U; Windows NT 6.0; fr; rv:1.9.2.13) Gecko/20101203 Firefox/3.6.13 (.NET CLR 3.5.30729)"
87.91.231.6 - - [09/Jan/2011:12:52:45 +0100] "GET /styles/prosilver/imageset/forum_link.gif HTTP/1.1" 200 734 "http://les-spartiates.no-ip.org/index.php" "Mozilla/5.0 (Windows; U; Windows NT 6.0; fr; rv:1.9.2.13) Gecko/20101203 Firefox/3.6.13 (.NET CLR 3.5.30729)"
87.91.231.6 - - [09/Jan/2011:12:52:45 +0100] "GET /styles/prosilver/theme/images/icon_fontsize.gif HTTP/1.1" 304 - "http://les-spartiates.no-ip.org/style.php?id=1&lang=fr" "Mozilla/5.0 (Windows; U; Windows NT 6.0; fr; rv:1.9.2.13) Gecko/20101203 Firefox/3.6.13 (.NET CLR 3.5.30729)"
87.91.231.6 - - [09/Jan/2011:12:52:45 +0100] "GET /styles/prosilver/theme/images/icon_ucp.gif HTTP/1.1" 304 - "http://les-spartiates.no-ip.org/style.php?id=1&lang=fr" "Mozilla/5.0 (Windows; U; Windows NT 6.0; fr; rv:1.9.2.13) Gecko/20101203 Firefox/3.6.13 (.NET CLR 3.5.30729)"
87.91.231.6 - - [09/Jan/2011:12:52:45 +0100] "GET /styles/prosilver/theme/images/icon_faq.gif HTTP/1.1" 304 - "http://les-spartiates.no-ip.org/style.php?id=1&lang=fr" "Mozilla/5.0 (Windows; U; Windows NT 6.0; fr; rv:1.9.2.13) Gecko/20101203 Firefox/3.6.13 (.NET CLR 3.5.30729)"
87.91.231.6 - - [09/Jan/2011:12:52:46 +0100] "GET /styles/prosilver/theme/images/icon_members.gif HTTP/1.1" 304 - "http://les-spartiates.no-ip.org/style.php?id=1&lang=fr" "Mozilla/5.0 (Windows; U; Windows NT 6.0; fr; rv:1.9.2.13) Gecko/20101203 Firefox/3.6.13 (.NET CLR 3.5.30729)"
87.91.231.6 - - [09/Jan/2011:12:52:46 +0100] "GET /styles/prosilver/theme/images/icon_logout.gif HTTP/1.1" 304 - "http://les-spartiates.no-ip.org/style.php?id=1&lang=fr" "Mozilla/5.0 (Windows; U; Windows NT 6.0; fr; rv:1.9.2.13) Gecko/20101203 Firefox/3.6.13 (.NET CLR 3.5.30729)"
87.91.231.6 - - [09/Jan/2011:12:52:46 +0100] "GET /styles/prosilver/theme/images/bg_list.gif HTTP/1.1" 304 - "http://les-spartiates.no-ip.org/style.php?id=1&lang=fr" "Mozilla/5.0 (Windows; U; Windows NT 6.0; fr; rv:1.9.2.13) Gecko/20101203 Firefox/3.6.13 (.NET CLR 3.5.30729)"
87.91.231.6 - - [09/Jan/2011:12:52:46 +0100] "GET /styles/prosilver/theme/images/gradient.gif HTTP/1.1" 304 - "http://les-spartiates.no-ip.org/style.php?id=1&lang=fr" "Mozilla/5.0 (Windows; U; Windows NT 6.0; fr; rv:1.9.2.13) Gecko/20101203 Firefox/3.6.13 (.NET CLR 3.5.30729)"
87.91.231.6 - - [09/Jan/2011:12:52:46 +0100] "GET /styles/prosilver/imageset/forum_read.gif HTTP/1.1" 304 - "http://les-spartiates.no-ip.org/index.php" "Mozilla/5.0 (Windows; U; Windows NT 6.0; fr; rv:1.9.2.13) Gecko/20101203 Firefox/3.6.13 (.NET CLR 3.5.30729)"
80.13.166.212 - - [09/Jan/2011:12:52:47 +0100] "GET /chat/?ajax=true&lastID=25 HTTP/1.1" 200 170 "http://les-spartiates.no-ip.org/chat/" "Mozilla/5.0 (Windows NT 6.1; WOW64; rv:2.0b8) Gecko/20100101 Firefox/4.0b8"
87.91.231.6 - - [09/Jan/2011:12:52:47 +0100] "GET /chat/?ajax=true&lastID=25 HTTP/1.1" 200 170 "http://les-spartiates.no-ip.org/chat/" "Mozilla/5.0 (Windows; U; Windows NT 6.1; fr; rv:1.9.2.13) Gecko/20101203 Firefox/3.6.13 LUDI2 ;ShopperReports"
87.91.231.6 - - [09/Jan/2011:12:52:49 +0100] "GET /chat/ HTTP/1.1" 200 25259 "http://les-spartiates.no-ip.org/index.php" "Mozilla/5.0 (Windows; U; Windows NT 6.0; fr; rv:1.9.2.13) Gecko/20101203 Firefox/3.6.13 (.NET CLR 3.5.30729)"
87.91.231.6 - - [09/Jan/2011:12:52:49 +0100] "GET /chat/?ajax=true&lastID=25 HTTP/1.1" 200 170 "http://les-spartiates.no-ip.org/chat/" "Mozilla/5.0 (Windows; U; Windows NT 6.1; fr; rv:1.9.2.13) Gecko/20101203 Firefox/3.6.13 LUDI2 ;ShopperReports"
87.91.231.6 - - [09/Jan/2011:12:52:49 +0100] "GET /chat/css/beige.css HTTP/1.1" 200 796 "http://les-spartiates.no-ip.org/chat/" "Mozilla/5.0 (Windows; U; Windows NT 6.0; fr; rv:1.9.2.13) Gecko/20101203 Firefox/3.6.13 (.NET CLR 3.5.30729)"
87.91.231.6 - - [09/Jan/2011:12:52:49 +0100] "GET /chat/css/prosilver.css HTTP/1.1" 200 871 "http://les-spartiates.no-ip.org/chat/" "Mozilla/5.0 (Windows; U; Windows NT 6.0; fr; rv:1.9.2.13) Gecko/20101203 Firefox/3.6.13 (.NET CLR 3.5.30729)"
87.91.231.6 - - [09/Jan/2011:12:52:49 +0100] "GET /chat/js/chat.js HTTP/1.1" 200 18334 "http://les-spartiates.no-ip.org/chat/" "Mozilla/5.0 (Windows; U; Windows NT 6.0; fr; rv:1.9.2.13) Gecko/20101203 Firefox/3.6.13 (.NET CLR 3.5.30729)"
87.91.231.6 - - [09/Jan/2011:12:52:50 +0100] "GET /chat/css/positions.css HTTP/1.1" 200 929 "http://les-spartiates.no-ip.org/chat/css/beige.css" "Mozilla/5.0 (Windows; U; Windows NT 6.0; fr; rv:1.9.2.13) Gecko/20101203 Firefox/3.6.13 (.NET CLR 3.5.30729)"
87.91.231.6 - - [09/Jan/2011:12:52:50 +0100] "GET /chat/css/borders.css HTTP/1.1" 200 310 "http://les-spartiates.no-ip.org/chat/css/beige.css" "Mozilla/5.0 (Windows; U; Windows NT 6.0; fr; rv:1.9.2.13) Gecko/20101203 Firefox/3.6.13 (.NET CLR 3.5.30729)"
87.91.231.6 - - [09/Jan/2011:12:52:50 +0100] "GET /chat/css/fonts.css HTTP/1.1" 200 532 "http://les-spartiates.no-ip.org/chat/css/beige.css" "Mozilla/5.0 (Windows; U; Windows NT 6.0; fr; rv:1.9.2.13) Gecko/20101203 Firefox/3.6.13 (.NET CLR 3.5.30729)"
87.91.231.6 - - [09/Jan/2011:12:52:50 +0100] "GET /chat/css/misc.css HTTP/1.1" 200 257 "http://les-spartiates.no-ip.org/chat/css/beige.css" "Mozilla/5.0 (Windows; U; Windows NT 6.0; fr; rv:1.9.2.13) Gecko/20101203 Firefox/3.6.13 (.NET CLR 3.5.30729)"
87.91.231.6 - - [09/Jan/2011:12:52:50 +0100] "GET /chat/css/print.css HTTP/1.1" 200 575 "http://les-spartiates.no-ip.org/chat/css/beige.css" "Mozilla/5.0 (Windows; U; Windows NT 6.0; fr; rv:1.9.2.13) Gecko/20101203 Firefox/3.6.13 (.NET CLR 3.5.30729)"
87.91.231.6 - - [09/Jan/2011:12:52:50 +0100] "GET /chat/css/Radium.css HTTP/1.1" 200 849 "http://les-spartiates.no-ip.org/chat/" "Mozilla/5.0 (Windows; U; Windows NT 6.0; fr; rv:1.9.2.13) Gecko/20101203 Firefox/3.6.13 (.NET CLR 3.5.30729)"
87.91.231.6 - - [09/Jan/2011:12:52:50 +0100] "GET /chat/css/Sulfur.css HTTP/1.1" 200 856 "http://les-spartiates.no-ip.org/chat/" "Mozilla/5.0 (Windows; U; Windows NT 6.0; fr; rv:1.9.2.13) Gecko/20101203 Firefox/3.6.13 (.NET CLR 3.5.30729)"
87.91.231.6 - - [09/Jan/2011:12:52:50 +0100] "GET /chat/css/Mercury.css HTTP/1.1" 200 849 "http://les-spartiates.no-ip.org/chat/" "Mozilla/5.0 (Windows; U; Windows NT 6.0; fr; rv:1.9.2.13) Gecko/20101203 Firefox/3.6.13 (.NET CLR 3.5.30729)"
87.91.231.6 - - [09/Jan/2011:12:52:50 +0100] "GET /chat/css/Core.css HTTP/1.1" 200 887 "http://les-spartiates.no-ip.org/chat/" "Mozilla/5.0 (Windows; U; Windows NT 6.0; fr; rv:1.9.2.13) Gecko/20101203 Firefox/3.6.13 (.NET CLR 3.5.30729)"
87.91.231.6 - - [09/Jan/2011:12:52:50 +0100] "GET /chat/css/Oxygen.css HTTP/1.1" 200 852 "http://les-spartiates.no-ip.org/chat/" "Mozilla/5.0 (Windows; U; Windows NT 6.0; fr; rv:1.9.2.13) Gecko/20101203 Firefox/3.6.13 (.NET CLR 3.5.30729)"
87.91.231.6 - - [09/Jan/2011:12:52:50 +0100] "GET /chat/css/subblack2.css HTTP/1.1" 200 840 "http://les-spartiates.no-ip.org/chat/" "Mozilla/5.0 (Windows; U; Windows NT 6.0; fr; rv:1.9.2.13) Gecko/20101203 Firefox/3.6.13 (.NET CLR 3.5.30729)"
87.91.231.6 - - [09/Jan/2011:12:52:50 +0100] "GET /chat/css/grey.css HTTP/1.1" 200 793 "http://les-spartiates.no-ip.org/chat/" "Mozilla/5.0 (Windows; U; Windows NT 6.0; fr; rv:1.9.2.13) Gecko/20101203 Firefox/3.6.13 (.NET CLR 3.5.30729)"
87.91.231.6 - - [09/Jan/2011:12:52:50 +0100] "GET /chat/css/vBulletin.css HTTP/1.1" 200 876 "http://les-spartiates.no-ip.org/chat/" "Mozilla/5.0 (Windows; U; Windows NT 6.0; fr; rv:1.9.2.13) Gecko/20101203 Firefox/3.6.13 (.NET CLR 3.5.30729)"
87.91.231.6 - - [09/Jan/2011:12:52:50 +0100] "GET /chat/css/subSilver.css HTTP/1.1" 200 863 "http://les-spartiates.no-ip.org/chat/" "Mozilla/5.0 (Windows; U; Windows NT 6.0; fr; rv:1.9.2.13) Gecko/20101203 Firefox/3.6.13 (.NET CLR 3.5.30729)"
87.91.231.6 - - [09/Jan/2011:12:52:50 +0100] "GET /chat/css/Lithium.css HTTP/1.1" 200 856 "http://les-spartiates.no-ip.org/chat/" "Mozilla/5.0 (Windows; U; Windows NT 6.0; fr; rv:1.9.2.13) Gecko/20101203 Firefox/3.6.13 (.NET CLR 3.5.30729)"
87.91.231.6 - - [09/Jan/2011:12:52:50 +0100] "GET /chat/css/Cobalt.css HTTP/1.1" 200 847 "http://les-spartiates.no-ip.org/chat/" "Mozilla/5.0 (Windows; U; Windows NT 6.0; fr; rv:1.9.2.13) Gecko/20101203 Firefox/3.6.13 (.NET CLR 3.5.30729)"
87.91.231.6 - - [09/Jan/2011:12:52:50 +0100] "GET /chat/css/MyBB.css HTTP/1.1" 200 869 "http://les-spartiates.no-ip.org/chat/" "Mozilla/5.0 (Windows; U; Windows NT 6.0; fr; rv:1.9.2.13) Gecko/20101203 Firefox/3.6.13 (.NET CLR 3.5.30729)"
87.91.231.6 - - [09/Jan/2011:12:52:50 +0100] "GET /chat/css/subsilver2.css HTTP/1.1" 200 858 "http://les-spartiates.no-ip.org/chat/" "Mozilla/5.0 (Windows; U; Windows NT 6.0; fr; rv:1.9.2.13) Gecko/20101203 Firefox/3.6.13 (.NET CLR 3.5.30729)"
87.91.231.6 - - [09/Jan/2011:12:52:50 +0100] "GET /chat/css/black.css HTTP/1.1" 200 785 "http://les-spartiates.no-ip.org/chat/" "Mozilla/5.0 (Windows; U; Windows NT 6.0; fr; rv:1.9.2.13) Gecko/20101203 Firefox/3.6.13 (.NET CLR 3.5.30729)"
87.91.231.6 - - [09/Jan/2011:12:52:50 +0100] "GET /chat/js/custom.js HTTP/1.1" 200 251 "http://les-spartiates.no-ip.org/chat/" "Mozilla/5.0 (Windows; U; Windows NT 6.0; fr; rv:1.9.2.13) Gecko/20101203 Firefox/3.6.13 (.NET CLR 3.5.30729)"
87.91.231.6 - - [09/Jan/2011:12:52:50 +0100] "GET /chat/js/lang/fr.js HTTP/1.1" 200 1624 "http://les-spartiates.no-ip.org/chat/" "Mozilla/5.0 (Windows; U; Windows NT 6.0; fr; rv:1.9.2.13) Gecko/20101203 Firefox/3.6.13 (.NET CLR 3.5.30729)"
87.91.231.6 - - [09/Jan/2011:12:52:51 +0100] "GET /chat/js/config.js HTTP/1.1" 200 2662 "http://les-spartiates.no-ip.org/chat/" "Mozilla/5.0 (Windows; U; Windows NT 6.0; fr; rv:1.9.2.13) Gecko/20101203 Firefox/3.6.13 (.NET CLR 3.5.30729)"
87.91.231.6 - - [09/Jan/2011:12:52:51 +0100] "GET /chat/js/FABridge.js HTTP/1.1" 200 4991 "http://les-spartiates.no-ip.org/chat/" "Mozilla/5.0 (Windows; U; Windows NT 6.0; fr; rv:1.9.2.13) Gecko/20101203 Firefox/3.6.13 (.NET CLR 3.5.30729)"
87.91.231.6 - - [09/Jan/2011:12:52:51 +0100] "GET /chat/img/pixel.gif HTTP/1.1" 200 43 "http://les-spartiates.no-ip.org/chat/" "Mozilla/5.0 (Windows; U; Windows NT 6.0; fr; rv:1.9.2.13) Gecko/20101203 Firefox/3.6.13 (.NET CLR 3.5.30729)"
87.91.231.6 - - [09/Jan/2011:12:52:51 +0100] "GET /chat/img/loading.png HTTP/1.1" 200 3707 "http://les-spartiates.no-ip.org/chat/css/prosilver.css" "Mozilla/5.0 (Windows; U; Windows NT 6.0; fr; rv:1.9.2.13) Gecko/20101203 Firefox/3.6.13 (.NET CLR 3.5.30729)"
87.91.231.6 - - [09/Jan/2011:12:52:51 +0100] "GET /chat/img/help.png HTTP/1.1" 200 1359 "http://les-spartiates.no-ip.org/chat/css/prosilver.css" "Mozilla/5.0 (Windows; U; Windows NT 6.0; fr; rv:1.9.2.13) Gecko/20101203 Firefox/3.6.13 (.NET CLR 3.5.30729)"
87.91.231.6 - - [09/Jan/2011:12:52:51 +0100] "GET /chat/img/settings.png HTTP/1.1" 200 1151 "http://les-spartiates.no-ip.org/chat/css/prosilver.css" "Mozilla/5.0 (Windows; U; Windows NT 6.0; fr; rv:1.9.2.13) Gecko/20101203 Firefox/3.6.13 (.NET CLR 3.5.30729)"
87.91.231.6 - - [09/Jan/2011:12:52:51 +0100] "GET /chat/img/users.png HTTP/1.1" 200 1277 "http://les-spartiates.no-ip.org/chat/css/prosilver.css" "Mozilla/5.0 (Windows; U; Windows NT 6.0; fr; rv:1.9.2.13) Gecko/20101203 Firefox/3.6.13 (.NET CLR 3.5.30729)"
87.91.231.6 - - [09/Jan/2011:12:52:51 +0100] "GET /chat/img/audio.png HTTP/1.1" 200 978 "http://les-spartiates.no-ip.org/chat/css/prosilver.css" "Mozilla/5.0 (Windows; U; Windows NT 6.0; fr; rv:1.9.2.13) Gecko/20101203 Firefox/3.6.13 (.NET CLR 3.5.30729)"
87.91.231.6 - - [09/Jan/2011:12:52:51 +0100] "GET /chat/?ajax=true&lastID=25 HTTP/1.1" 200 170 "http://les-spartiates.no-ip.org/chat/" "Mozilla/5.0 (Windows; U; Windows NT 6.1; fr; rv:1.9.2.13) Gecko/20101203 Firefox/3.6.13 LUDI2 ;ShopperReports"
87.91.231.6 - - [09/Jan/2011:12:52:51 +0100] "GET /chat/img/autoscroll.png HTTP/1.1" 200 1025 "http://les-spartiates.no-ip.org/chat/css/prosilver.css" "Mozilla/5.0 (Windows; U; Windows NT 6.0; fr; rv:1.9.2.13) Gecko/20101203 Firefox/3.6.13 (.NET CLR 3.5.30729)"
87.91.231.6 - - [09/Jan/2011:12:52:52 +0100] "GET /chat/img/emoticons/smile.png HTTP/1.1" 200 892 "http://les-spartiates.no-ip.org/chat/" "Mozilla/5.0 (Windows; U; Windows NT 6.0; fr; rv:1.9.2.13) Gecko/20101203 Firefox/3.6.13 (.NET CLR 3.5.30729)"
87.91.231.6 - - [09/Jan/2011:12:52:52 +0100] "GET /chat/img/emoticons/sad.png HTTP/1.1" 200 891 "http://les-spartiates.no-ip.org/chat/" "Mozilla/5.0 (Windows; U; Windows NT 6.0; fr; rv:1.9.2.13) Gecko/20101203 Firefox/3.6.13 (.NET CLR 3.5.30729)"
87.91.231.6 - - [09/Jan/2011:12:52:52 +0100] "GET /chat/img/emoticons/wink.png HTTP/1.1" 200 914 "http://les-spartiates.no-ip.org/chat/" "Mozilla/5.0 (Windows; U; Windows NT 6.0; fr; rv:1.9.2.13) Gecko/20101203 Firefox/3.6.13 (.NET CLR 3.5.30729)"
87.91.231.6 - - [09/Jan/2011:12:52:52 +0100] "GET /chat/img/emoticons/razz.png HTTP/1.1" 200 772 "http://les-spartiates.no-ip.org/chat/" "Mozilla/5.0 (Windows; U; Windows NT 6.0; fr; rv:1.9.2.13) Gecko/20101203 Firefox/3.6.13 (.NET CLR 3.5.30729)"
87.91.231.6 - - [09/Jan/2011:12:52:52 +0100] "GET /chat/img/emoticons/grin.png HTTP/1.1" 200 905 "http://les-spartiates.no-ip.org/chat/" "Mozilla/5.0 (Windows; U; Windows NT 6.0; fr; rv:1.9.2.13) Gecko/20101203 Firefox/3.6.13 (.NET CLR 3.5.30729)"
87.91.231.6 - - [09/Jan/2011:12:52:52 +0100] "GET /chat/img/emoticons/plain.png HTTP/1.1" 200 894 "http://les-spartiates.no-ip.org/chat/" "Mozilla/5.0 (Windows; U; Windows NT 6.0; fr; rv:1.9.2.13) Gecko/20101203 Firefox/3.6.13 (.NET CLR 3.5.30729)"
87.91.231.6 - - [09/Jan/2011:12:52:52 +0100] "GET /chat/img/emoticons/important.png HTTP/1.1" 200 717 "http://les-spartiates.no-ip.org/chat/" "Mozilla/5.0 (Windows; U; Windows NT 6.0; fr; rv:1.9.2.13) Gecko/20101203 Firefox/3.6.13 (.NET CLR 3.5.30729)"
87.91.231.6 - - [09/Jan/2011:12:52:52 +0100] "GET /chat/img/emoticons/help.png HTTP/1.1" 200 932 "http://les-spartiates.no-ip.org/chat/" "Mozilla/5.0 (Windows; U; Windows NT 6.0; fr; rv:1.9.2.13) Gecko/20101203 Firefox/3.6.13 (.NET CLR 3.5.30729)"
87.91.231.6 - - [09/Jan/2011:12:52:52 +0100] "GET /chat/img/emoticons/error.png HTTP/1.1" 200 653 "http://les-spartiates.no-ip.org/chat/" "Mozilla/5.0 (Windows; U; Windows NT 6.0; fr; rv:1.9.2.13) Gecko/20101203 Firefox/3.6.13 (.NET CLR 3.5.30729)"
87.91.231.6 - - [09/Jan/2011:12:52:52 +0100] "GET /chat/?ajax=true&lastID=0&getInfos=userID%2CuserName%2CuserRole%2CchannelID%2CchannelName&channelID=0 HTTP/1.1" 200 589 "http://les-spartiates.no-ip.org/chat/" "Mozilla/5.0 (Windows; U; Windows NT 6.0; fr; rv:1.9.2.13) Gecko/20101203 Firefox/3.6.13 (.NET CLR 3.5.30729)"
87.91.231.6 - - [09/Jan/2011:12:52:52 +0100] "GET /chat/flash/FABridge.swf HTTP/1.1" 200 7609 "http://les-spartiates.no-ip.org/chat/" "Mozilla/5.0 (Windows; U; Windows NT 6.0; fr; rv:1.9.2.13) Gecko/20101203 Firefox/3.6.13 (.NET CLR 3.5.30729)"
87.91.231.6 - - [09/Jan/2011:12:52:52 +0100] "GET /chat/img/emoticons/surprise.png HTTP/1.1" 200 894 "http://les-spartiates.no-ip.org/chat/" "Mozilla/5.0 (Windows; U; Windows NT 6.0; fr; rv:1.9.2.13) Gecko/20101203 Firefox/3.6.13 (.NET CLR 3.5.30729)"
87.91.231.6 - - [09/Jan/2011:12:52:52 +0100] "GET /chat/img/emoticons/confused.png HTTP/1.1" 200 904 "http://les-spartiates.no-ip.org/chat/" "Mozilla/5.0 (Windows; U; Windows NT 6.0; fr; rv:1.9.2.13) Gecko/20101203 Firefox/3.6.13 (.NET CLR 3.5.30729)"
87.91.231.6 - - [09/Jan/2011:12:52:52 +0100] "GET /chat/img/emoticons/glasses.png HTTP/1.1" 200 949 "http://les-spartiates.no-ip.org/chat/" "Mozilla/5.0 (Windows; U; Windows NT 6.0; fr; rv:1.9.2.13) Gecko/20101203 Firefox/3.6.13 (.NET CLR 3.5.30729)"
87.91.231.6 - - [09/Jan/2011:12:52:52 +0100] "GET /chat/img/emoticons/eek.png HTTP/1.1" 200 826 "http://les-spartiates.no-ip.org/chat/" "Mozilla/5.0 (Windows; U; Windows NT 6.0; fr; rv:1.9.2.13) Gecko/20101203 Firefox/3.6.13 (.NET CLR 3.5.30729)"
87.91.231.6 - - [09/Jan/2011:12:52:52 +0100] "GET /chat/img/emoticons/cool.png HTTP/1.1" 200 864 "http://les-spartiates.no-ip.org/chat/" "Mozilla/5.0 (Windows; U; Windows NT 6.0; fr; rv:1.9.2.13) Gecko/20101203 Firefox/3.6.13 (.NET CLR 3.5.30729)"
87.91.231.6 - - [09/Jan/2011:12:52:52 +0100] "GET /chat/img/emoticons/smile-big.png HTTP/1.1" 200 856 "http://les-spartiates.no-ip.org/chat/" "Mozilla/5.0 (Windows; U; Windows NT 6.0; fr; rv:1.9.2.13) Gecko/20101203 Firefox/3.6.13 (.NET CLR 3.5.30729)"
87.91.231.6 - - [09/Jan/2011:12:52:52 +0100] "GET /chat/img/emoticons/crying.png HTTP/1.1" 200 899 "http://les-spartiates.no-ip.org/chat/" "Mozilla/5.0 (Windows; U; Windows NT 6.0; fr; rv:1.9.2.13) Gecko/20101203 Firefox/3.6.13 (.NET CLR 3.5.30729)"
87.91.231.6 - - [09/Jan/2011:12:52:52 +0100] "GET /chat/img/emoticons/kiss.png HTTP/1.1" 200 871 "http://les-spartiates.no-ip.org/chat/" "Mozilla/5.0 (Windows; U; Windows NT 6.0; fr; rv:1.9.2.13) Gecko/20101203 Firefox/3.6.13 (.NET CLR 3.5.30729)"
87.91.231.6 - - [09/Jan/2011:12:52:52 +0100] "GET /chat/img/emoticons/angel.png HTTP/1.1" 200 959 "http://les-spartiates.no-ip.org/chat/" "Mozilla/5.0 (Windows; U; Windows NT 6.0; fr; rv:1.9.2.13) Gecko/20101203 Firefox/3.6.13 (.NET CLR 3.5.30729)"
87.91.231.6 - - [09/Jan/2011:12:52:52 +0100] "GET /chat/img/emoticons/devilish.png HTTP/1.1" 200 855 "http://les-spartiates.no-ip.org/chat/" "Mozilla/5.0 (Windows; U; Windows NT 6.0; fr; rv:1.9.2.13) Gecko/20101203 Firefox/3.6.13 (.NET CLR 3.5.30729)"
87.91.231.6 - - [09/Jan/2011:12:52:52 +0100] "GET /chat/img/emoticons/monkey.png HTTP/1.1" 200 830 "http://les-spartiates.no-ip.org/chat/" "Mozilla/5.0 (Windows; U; Windows NT 6.0; fr; rv:1.9.2.13) Gecko/20101203 Firefox/3.6.13 (.NET CLR 3.5.30729)"
87.91.231.6 - - [09/Jan/2011:12:52:52 +0100] "GET /chat/img/emoticons/idea.png HTTP/1.1" 200 863 "http://les-spartiates.no-ip.org/chat/" "Mozilla/5.0 (Windows; U; Windows NT 6.0; fr; rv:1.9.2.13) Gecko/20101203 Firefox/3.6.13 (.NET CLR 3.5.30729)"
87.91.231.6 - - [09/Jan/2011:12:52:52 +0100] "GET /chat/img/emoticons/warning.png HTTP/1.1" 200 603 "http://les-spartiates.no-ip.org/chat/" "Mozilla/5.0 (Windows; U; Windows NT 6.0; fr; rv:1.9.2.13) Gecko/20101203 Firefox/3.6.13 (.NET CLR 3.5.30729)"
87.91.231.6 - - [09/Jan/2011:12:52:52 +0100] "GET /chat/img/emoticons/favorite.png HTTP/1.1" 200 788 "http://les-spartiates.no-ip.org/chat/" "Mozilla/5.0 (Windows; U; Windows NT 6.0; fr; rv:1.9.2.13) Gecko/20101203 Firefox/3.6.13 (.NET CLR 3.5.30729)"
87.91.231.6 - - [09/Jan/2011:12:52:52 +0100] "GET /chat/img/loading-trouble.png HTTP/1.1" 200 3732 "http://les-spartiates.no-ip.org/chat/css/prosilver.css" "Mozilla/5.0 (Windows; U; Windows NT 6.0; fr; rv:1.9.2.13) Gecko/20101203 Firefox/3.6.13 (.NET CLR 3.5.30729)"
87.91.231.6 - - [09/Jan/2011:12:52:52 +0100] "GET /chat/img/loading-done.png HTTP/1.1" 200 3749 "http://les-spartiates.no-ip.org/chat/css/prosilver.css" "Mozilla/5.0 (Windows; U; Windows NT 6.0; fr; rv:1.9.2.13) Gecko/20101203 Firefox/3.6.13 (.NET CLR 3.5.30729)"
87.91.231.6 - - [09/Jan/2011:12:52:53 +0100] "GET /chat/sounds/sound_1.mp3 HTTP/1.1" 200 16256 "-" "Mozilla/5.0 (Windows; U; Windows NT 6.0; fr; rv:1.9.2.13) Gecko/20101203 Firefox/3.6.13 (.NET CLR 3.5.30729)"
87.91.231.6 - - [09/Jan/2011:12:52:53 +0100] "GET /chat/sounds/sound_2.mp3 HTTP/1.1" 200 18868 "-" "Mozilla/5.0 (Windows; U; Windows NT 6.0; fr; rv:1.9.2.13) Gecko/20101203 Firefox/3.6.13 (.NET CLR 3.5.30729)"
87.91.231.6 - - [09/Jan/2011:12:52:53 +0100] "GET /chat/sounds/sound_5.mp3 HTTP/1.1" 200 32425 "-" "Mozilla/5.0 (Windows; U; Windows NT 6.0; fr; rv:1.9.2.13) Gecko/20101203 Firefox/3.6.13 (.NET CLR 3.5.30729)"
87.91.231.6 - - [09/Jan/2011:12:52:53 +0100] "GET /chat/sounds/sound_6.mp3 HTTP/1.1" 200 4788 "-" "Mozilla/5.0 (Windows; U; Windows NT 6.0; fr; rv:1.9.2.13) Gecko/20101203 Firefox/3.6.13 (.NET CLR 3.5.30729)"
87.91.231.6 - - [09/Jan/2011:12:52:54 +0100] "GET /chat/?ajax=true&lastID=25 HTTP/1.1" 200 270 "http://les-spartiates.no-ip.org/chat/" "Mozilla/5.0 (Windows; U; Windows NT 6.1; fr; rv:1.9.2.13) Gecko/20101203 Firefox/3.6.13 LUDI2 ;ShopperReports"
87.91.231.6 - - [09/Jan/2011:12:52:53 +0100] "GET /chat/sounds/sound_3.mp3 HTTP/1.1" 200 37602 "-" "Mozilla/5.0 (Windows; U; Windows NT 6.0; fr; rv:1.9.2.13) Gecko/20101203 Firefox/3.6.13 (.NET CLR 3.5.30729)"
87.91.231.6 - - [09/Jan/2011:12:52:53 +0100] "GET /chat/sounds/sound_4.mp3 HTTP/1.1" 200 51962 "-" "Mozilla/5.0 (Windows; U; Windows NT 6.0; fr; rv:1.9.2.13) Gecko/20101203 Firefox/3.6.13 (.NET CLR 3.5.30729)"
80.13.166.212 - - [09/Jan/2011:12:52:54 +0100] "GET /chat/?ajax=true&lastID=25 HTTP/1.1" 200 270 "http://les-spartiates.no-ip.org/chat/" "Mozilla/5.0 (Windows NT 6.1; WOW64; rv:2.0b8) Gecko/20100101 Firefox/4.0b8"
87.91.231.6 - - [09/Jan/2011:12:52:54 +0100] "GET /chat/?ajax=true&lastID=26 HTTP/1.1" 200 181 "http://les-spartiates.no-ip.org/chat/" "Mozilla/5.0 (Windows; U; Windows NT 6.0; fr; rv:1.9.2.13) Gecko/20101203 Firefox/3.6.13 (.NET CLR 3.5.30729)"
87.91.231.6 - - [09/Jan/2011:12:52:56 +0100] "GET /chat/?ajax=true&lastID=26 HTTP/1.1" 200 181 "http://les-spartiates.no-ip.org/chat/" "Mozilla/5.0 (Windows; U; Windows NT 6.1; fr; rv:1.9.2.13) Gecko/20101203 Firefox/3.6.13 LUDI2 ;ShopperReports"
80.13.166.212 - - [09/Jan/2011:12:52:56 +0100] "GET /chat/?ajax=true&lastID=26 HTTP/1.1" 200 181 "http://les-spartiates.no-ip.org/chat/" "Mozilla/5.0 (Windows NT 6.1; WOW64; rv:2.0b8) Gecko/20100101 Firefox/4.0b8"
87.91.231.6 - - [09/Jan/2011:12:52:56 +0100] "GET /chat/?ajax=true&lastID=26 HTTP/1.1" 200 181 "http://les-spartiates.no-ip.org/chat/" "Mozilla/5.0 (Windows; U; Windows NT 6.0; fr; rv:1.9.2.13) Gecko/20101203 Firefox/3.6.13 (.NET CLR 3.5.30729)"
87.91.231.6 - - [09/Jan/2011:12:52:58 +0100] "GET /chat/?ajax=true&lastID=26 HTTP/1.1" 200 181 "http://les-spartiates.no-ip.org/chat/" "Mozilla/5.0 (Windows; U; Windows NT 6.1; fr; rv:1.9.2.13) Gecko/20101203 Firefox/3.6.13 LUDI2 ;ShopperReports"
80.13.166.212 - - [09/Jan/2011:12:52:58 +0100] "GET /chat/?ajax=true&lastID=26 HTTP/1.1" 200 181 "http://les-spartiates.no-ip.org/chat/" "Mozilla/5.0 (Windows NT 6.1; WOW64; rv:2.0b8) Gecko/20100101 Firefox/4.0b8"
87.91.231.6 - - [09/Jan/2011:12:53:00 +0100] "GET /chat/?ajax=true&lastID=26 HTTP/1.1" 200 181 "http://les-spartiates.no-ip.org/chat/" "Mozilla/5.0 (Windows; U; Windows NT 6.1; fr; rv:1.9.2.13) Gecko/20101203 Firefox/3.6.13 LUDI2 ;ShopperReports"
87.91.231.6 - - [09/Jan/2011:12:53:01 +0100] "GET /chat/?ajax=true&lastID=26 HTTP/1.1" 200 181 "http://les-spartiates.no-ip.org/chat/" "Mozilla/5.0 (Windows; U; Windows NT 6.0; fr; rv:1.9.2.13) Gecko/20101203 Firefox/3.6.13 (.NET CLR 3.5.30729)"
87.91.231.6 - - [09/Jan/2011:12:53:03 +0100] "GET /chat/?ajax=true&lastID=26 HTTP/1.1" 200 181 "http://les-spartiates.no-ip.org/chat/" "Mozilla/5.0 (Windows; U; Windows NT 6.1; fr; rv:1.9.2.13) Gecko/20101203 Firefox/3.6.13 LUDI2 ;ShopperReports"
80.13.166.212 - - [09/Jan/2011:12:53:04 +0100] "GET /chat/?ajax=true&lastID=26 HTTP/1.1" 200 181 "http://les-spartiates.no-ip.org/chat/" "Mozilla/5.0 (Windows NT 6.1; WOW64; rv:2.0b8) Gecko/20100101 Firefox/4.0b8"
87.91.231.6 - - [09/Jan/2011:12:53:04 +0100] "GET /chat/?ajax=true&lastID=26 HTTP/1.1" 200 181 "http://les-spartiates.no-ip.org/chat/" "Mozilla/5.0 (Windows; U; Windows NT 6.0; fr; rv:1.9.2.13) Gecko/20101203 Firefox/3.6.13 (.NET CLR 3.5.30729)"
87.91.231.6 - - [09/Jan/2011:12:53:05 +0100] "GET /chat/?ajax=true&lastID=26 HTTP/1.1" 200 181 "http://les-spartiates.no-ip.org/chat/" "Mozilla/5.0 (Windows; U; Windows NT 6.1; fr; rv:1.9.2.13) Gecko/20101203 Firefox/3.6.13 LUDI2 ;ShopperReports"
87.91.231.6 - - [09/Jan/2011:12:53:06 +0100] "GET /chat/?ajax=true&lastID=26 HTTP/1.1" 200 181 "http://les-spartiates.no-ip.org/chat/" "Mozilla/5.0 (Windows; U; Windows NT 6.0; fr; rv:1.9.2.13) Gecko/20101203 Firefox/3.6.13 (.NET CLR 3.5.30729)"
80.13.166.212 - - [09/Jan/2011:12:53:06 +0100] "GET /chat/?ajax=true&lastID=26 HTTP/1.1" 200 181 "http://les-spartiates.no-ip.org/chat/" "Mozilla/5.0 (Windows NT 6.1; WOW64; rv:2.0b8) Gecko/20100101 Firefox/4.0b8"
87.91.231.6 - - [09/Jan/2011:12:53:07 +0100] "GET /chat/?ajax=true&lastID=26 HTTP/1.1" 200 181 "http://les-spartiates.no-ip.org/chat/" "Mozilla/5.0 (Windows; U; Windows NT 6.1; fr; rv:1.9.2.13) Gecko/20101203 Firefox/3.6.13 LUDI2 ;ShopperReports"
87.91.231.6 - - [09/Jan/2011:12:53:08 +0100] "GET /chat/?ajax=true&lastID=26 HTTP/1.1" 200 181 "http://les-spartiates.no-ip.org/chat/" "Mozilla/5.0 (Windows; U; Windows NT 6.0; fr; rv:1.9.2.13) Gecko/20101203 Firefox/3.6.13 (.NET CLR 3.5.30729)"
80.13.166.212 - - [09/Jan/2011:12:53:08 +0100] "GET /chat/?ajax=true&lastID=26 HTTP/1.1" 200 181 "http://les-spartiates.no-ip.org/chat/" "Mozilla/5.0 (Windows NT 6.1; WOW64; rv:2.0b8) Gecko/20100101 Firefox/4.0b8"
87.91.231.6 - - [09/Jan/2011:12:53:09 +0100] "GET /chat/?ajax=true&lastID=26 HTTP/1.1" 200 181 "http://les-spartiates.no-ip.org/chat/" "Mozilla/5.0 (Windows; U; Windows NT 6.1; fr; rv:1.9.2.13) Gecko/20101203 Firefox/3.6.13 LUDI2 ;ShopperReports"
87.91.231.6 - - [09/Jan/2011:12:53:10 +0100] "GET /chat/?ajax=true&lastID=26 HTTP/1.1" 200 181 "http://les-spartiates.no-ip.org/chat/" "Mozilla/5.0 (Windows; U; Windows NT 6.0; fr; rv:1.9.2.13) Gecko/20101203 Firefox/3.6.13 (.NET CLR 3.5.30729)"
80.13.166.212 - - [09/Jan/2011:12:53:10 +0100] "GET /chat/?ajax=true&lastID=26 HTTP/1.1" 200 181 "http://les-spartiates.no-ip.org/chat/" "Mozilla/5.0 (Windows NT 6.1; WOW64; rv:2.0b8) Gecko/20100101 Firefox/4.0b8"
87.91.231.6 - - [09/Jan/2011:12:53:11 +0100] "GET /chat/?ajax=true&lastID=26 HTTP/1.1" 200 181 "http://les-spartiates.no-ip.org/chat/" "Mozilla/5.0 (Windows; U; Windows NT 6.1; fr; rv:1.9.2.13) Gecko/20101203 Firefox/3.6.13 LUDI2 ;ShopperReports"
87.91.231.6 - - [09/Jan/2011:12:53:12 +0100] "GET /chat/?ajax=true&lastID=26 HTTP/1.1" 200 181 "http://les-spartiates.no-ip.org/chat/" "Mozilla/5.0 (Windows; U; Windows NT 6.0; fr; rv:1.9.2.13) Gecko/20101203 Firefox/3.6.13 (.NET CLR 3.5.30729)"
87.91.231.6 - - [09/Jan/2011:12:53:14 +0100] "GET /chat/?ajax=true&lastID=26 HTTP/1.1" 200 181 "http://les-spartiates.no-ip.org/chat/" "Mozilla/5.0 (Windows; U; Windows NT 6.1; fr; rv:1.9.2.13) Gecko/20101203 Firefox/3.6.13 LUDI2 ;ShopperReports"
87.91.231.6 - - [09/Jan/2011:12:53:14 +0100] "GET /chat/?ajax=true&lastID=26 HTTP/1.1" 200 181 "http://les-spartiates.no-ip.org/chat/" "Mozilla/5.0 (Windows; U; Windows NT 6.0; fr; rv:1.9.2.13) Gecko/20101203 Firefox/3.6.13 (.NET CLR 3.5.30729)"
80.13.166.212 - - [09/Jan/2011:12:53:15 +0100] "GET /chat/?ajax=true&lastID=26 HTTP/1.1" 200 181 "http://les-spartiates.no-ip.org/chat/" "Mozilla/5.0 (Windows NT 6.1; WOW64; rv:2.0b8) Gecko/20100101 Firefox/4.0b8"
87.91.231.6 - - [09/Jan/2011:12:53:16 +0100] "GET /chat/?ajax=true&lastID=26 HTTP/1.1" 200 181 "http://les-spartiates.no-ip.org/chat/" "Mozilla/5.0 (Windows; U; Windows NT 6.1; fr; rv:1.9.2.13) Gecko/20101203 Firefox/3.6.13 LUDI2 ;ShopperReports"
87.91.231.6 - - [09/Jan/2011:12:53:16 +0100] "GET /chat/?ajax=true&lastID=26 HTTP/1.1" 200 181 "http://les-spartiates.no-ip.org/chat/" "Mozilla/5.0 (Windows; U; Windows NT 6.0; fr; rv:1.9.2.13) Gecko/20101203 Firefox/3.6.13 (.NET CLR 3.5.30729)"
80.13.166.212 - - [09/Jan/2011:12:53:17 +0100] "POST /chat/?ajax=true HTTP/1.1" 200 251 "http://les-spartiates.no-ip.org/chat/" "Mozilla/5.0 (Windows NT 6.1; WOW64; rv:2.0b8) Gecko/20100101 Firefox/4.0b8"
87.91.231.6 - - [09/Jan/2011:12:53:18 +0100] "GET /chat/?ajax=true&lastID=26 HTTP/1.1" 200 251 "http://les-spartiates.no-ip.org/chat/" "Mozilla/5.0 (Windows; U; Windows NT 6.1; fr; rv:1.9.2.13) Gecko/20101203 Firefox/3.6.13 LUDI2 ;ShopperReports"
87.91.231.6 - - [09/Jan/2011:12:53:19 +0100] "GET /chat/?ajax=true&lastID=26 HTTP/1.1" 200 251 "http://les-spartiates.no-ip.org/chat/" "Mozilla/5.0 (Windows; U; Windows NT 6.0; fr; rv:1.9.2.13) Gecko/20101203 Firefox/3.6.13 (.NET CLR 3.5.30729)"
80.13.166.212 - - [09/Jan/2011:12:53:19 +0100] "GET /chat/?ajax=true&lastID=27 HTTP/1.1" 200 181 "http://les-spartiates.no-ip.org/chat/" "Mozilla/5.0 (Windows NT 6.1; WOW64; rv:2.0b8) Gecko/20100101 Firefox/4.0b8"
87.91.231.6 - - [09/Jan/2011:12:53:20 +0100] "GET /chat/?ajax=true&lastID=27 HTTP/1.1" 200 181 "http://les-spartiates.no-ip.org/chat/" "Mozilla/5.0 (Windows; U; Windows NT 6.1; fr; rv:1.9.2.13) Gecko/20101203 Firefox/3.6.13 LUDI2 ;ShopperReports"
80.13.166.212 - - [09/Jan/2011:12:53:20 +0100] "POST /chat/?ajax=true HTTP/1.1" 200 264 "http://les-spartiates.no-ip.org/chat/" "Mozilla/5.0 (Windows NT 6.1; WOW64; rv:2.0b8) Gecko/20100101 Firefox/4.0b8"
87.91.231.6 - - [09/Jan/2011:12:53:21 +0100] "GET /chat/?ajax=true&lastID=27 HTTP/1.1" 200 264 "http://les-spartiates.no-ip.org/chat/" "Mozilla/5.0 (Windows; U; Windows NT 6.0; fr; rv:1.9.2.13) Gecko/20101203 Firefox/3.6.13 (.NET CLR 3.5.30729)"
87.91.231.6 - - [09/Jan/2011:12:53:22 +0100] "GET /chat/?ajax=true&lastID=27 HTTP/1.1" 200 264 "http://les-spartiates.no-ip.org/chat/" "Mozilla/5.0 (Windows; U; Windows NT 6.1; fr; rv:1.9.2.13) Gecko/20101203 Firefox/3.6.13 LUDI2 ;ShopperReports"
87.91.231.6 - - [09/Jan/2011:12:53:23 +0100] "GET /chat/?ajax=true&lastID=28 HTTP/1.1" 200 181 "http://les-spartiates.no-ip.org/chat/" "Mozilla/5.0 (Windows; U; Windows NT 6.0; fr; rv:1.9.2.13) Gecko/20101203 Firefox/3.6.13 (.NET CLR 3.5.30729)"
87.91.231.6 - - [09/Jan/2011:12:53:24 +0100] "GET /chat/?ajax=true&lastID=28 HTTP/1.1" 200 181 "http://les-spartiates.no-ip.org/chat/" "Mozilla/5.0 (Windows; U; Windows NT 6.1; fr; rv:1.9.2.13) Gecko/20101203 Firefox/3.6.13 LUDI2 ;ShopperReports"
87.91.231.6 - - [09/Jan/2011:12:53:25 +0100] "GET /chat/?ajax=true&lastID=28 HTTP/1.1" 200 181 "http://les-spartiates.no-ip.org/chat/" "Mozilla/5.0 (Windows; U; Windows NT 6.0; fr; rv:1.9.2.13) Gecko/20101203 Firefox/3.6.13 (.NET CLR 3.5.30729)"
80.13.166.212 - - [09/Jan/2011:12:53:25 +0100] "GET /chat/?ajax=true&lastID=28 HTTP/1.1" 200 181 "http://les-spartiates.no-ip.org/chat/" "Mozilla/5.0 (Windows NT 6.1; WOW64; rv:2.0b8) Gecko/20100101 Firefox/4.0b8"
87.91.231.6 - - [09/Jan/2011:12:53:27 +0100] "GET /chat/?ajax=true&lastID=28 HTTP/1.1" 200 181 "http://les-spartiates.no-ip.org/chat/" "Mozilla/5.0 (Windows; U; Windows NT 6.1; fr; rv:1.9.2.13) Gecko/20101203 Firefox/3.6.13 LUDI2 ;ShopperReports"
87.91.231.6 - - [09/Jan/2011:12:53:27 +0100] "GET /chat/?ajax=true&lastID=28 HTTP/1.1" 200 181 "http://les-spartiates.no-ip.org/chat/" "Mozilla/5.0 (Windows; U; Windows NT 6.0; fr; rv:1.9.2.13) Gecko/20101203 Firefox/3.6.13 (.NET CLR 3.5.30729)"
80.13.166.212 - - [09/Jan/2011:12:53:27 +0100] "GET /adm/index.php?sid=565c90d95f4b2f5f9467b546b5b5a082&i=21 HTTP/1.1" 200 3294 "http://les-spartiates.no-ip.org/adm/index.php?sid=565c90d95f4b2f5f9467b546b5b5a082&i=1" "Mozilla/5.0 (Windows NT 6.1; WOW64; rv:2.0b8) Gecko/20100101 Firefox/4.0b8"
80.13.166.212 - - [09/Jan/2011:12:53:28 +0100] "GET /chat/?ajax=true&lastID=28 HTTP/1.1" 200 181 "http://les-spartiates.no-ip.org/chat/" "Mozilla/5.0 (Windows NT 6.1; WOW64; rv:2.0b8) Gecko/20100101 Firefox/4.0b8"
80.13.166.212 - - [09/Jan/2011:12:53:28 +0100] "GET /adm/style/admin.css HTTP/1.1" 200 6162 "http://les-spartiates.no-ip.org/adm/index.php?sid=565c90d95f4b2f5f9467b546b5b5a082&i=21" "Mozilla/5.0 (Windows NT 6.1; WOW64; rv:2.0b8) Gecko/20100101 Firefox/4.0b8"
87.91.231.6 - - [09/Jan/2011:12:53:29 +0100] "GET /chat/?ajax=true&lastID=28 HTTP/1.1" 200 181 "http://les-spartiates.no-ip.org/chat/" "Mozilla/5.0 (Windows; U; Windows NT 6.1; fr; rv:1.9.2.13) Gecko/20101203 Firefox/3.6.13 LUDI2 ;ShopperReports"
87.91.231.6 - - [09/Jan/2011:12:53:30 +0100] "GET /chat/?ajax=true&lastID=28 HTTP/1.1" 200 181 "http://les-spartiates.no-ip.org/chat/" "Mozilla/5.0 (Windows; U; Windows NT 6.0; fr; rv:1.9.2.13) Gecko/20101203 Firefox/3.6.13 (.NET CLR 3.5.30729)"
80.13.166.212 - - [09/Jan/2011:12:53:30 +0100] "GET /chat/?ajax=true&lastID=28 HTTP/1.1" 200 181 "http://les-spartiates.no-ip.org/chat/" "Mozilla/5.0 (Windows NT 6.1; WOW64; rv:2.0b8) Gecko/20100101 Firefox/4.0b8"
80.13.166.212 - - [09/Jan/2011:12:53:30 +0100] "GET /adm/index.php?i=styles&sid=565c90d95f4b2f5f9467b546b5b5a082&mode=style&action=install&path=Thor HTTP/1.1" 200 3092 "http://les-spartiates.no-ip.org/adm/index.php?sid=565c90d95f4b2f5f9467b546b5b5a082&i=21" "Mozilla/5.0 (Windows NT 6.1; WOW64; rv:2.0b8) Gecko/20100101 Firefox/4.0b8"
80.13.166.212 - - [09/Jan/2011:12:53:30 +0100] "GET /adm/style/admin.css HTTP/1.1" 200 6162 "http://les-spartiates.no-ip.org/adm/index.php?i=styles&sid=565c90d95f4b2f5f9467b546b5b5a082&mode=style&action=install&path=Thor" "Mozilla/5.0 (Windows NT 6.1; WOW64; rv:2.0b8) Gecko/20100101 Firefox/4.0b8"
87.91.231.6 - - [09/Jan/2011:12:53:31 +0100] "GET /chat/?ajax=true&lastID=28 HTTP/1.1" 200 181 "http://les-spartiates.no-ip.org/chat/" "Mozilla/5.0 (Windows; U; Windows NT 6.1; fr; rv:1.9.2.13) Gecko/20101203 Firefox/3.6.13 LUDI2 ;ShopperReports"
87.91.231.6 - - [09/Jan/2011:12:53:32 +0100] "GET /chat/?ajax=true&lastID=28 HTTP/1.1" 200 181 "http://les-spartiates.no-ip.org/chat/" "Mozilla/5.0 (Windows; U; Windows NT 6.0; fr; rv:1.9.2.13) Gecko/20101203 Firefox/3.6.13 (.NET CLR 3.5.30729)"
80.13.166.212 - - [09/Jan/2011:12:53:32 +0100] "GET /chat/?ajax=true&lastID=28 HTTP/1.1" 200 181 "http://les-spartiates.no-ip.org/chat/" "Mozilla/5.0 (Windows NT 6.1; WOW64; rv:2.0b8) Gecko/20100101 Firefox/4.0b8"
87.91.231.6 - - [09/Jan/2011:12:53:33 +0100] "GET /chat/?ajax=true&lastID=28 HTTP/1.1" 200 181 "http://les-spartiates.no-ip.org/chat/" "Mozilla/5.0 (Windows; U; Windows NT 6.1; fr; rv:1.9.2.13) Gecko/20101203 Firefox/3.6.13 LUDI2 ;ShopperReports"
87.91.231.6 - - [09/Jan/2011:12:53:34 +0100] "GET /chat/?ajax=true&lastID=28 HTTP/1.1" 200 181 "http://les-spartiates.no-ip.org/chat/" "Mozilla/5.0 (Windows; U; Windows NT 6.0; fr; rv:1.9.2.13) Gecko/20101203 Firefox/3.6.13 (.NET CLR 3.5.30729)"
87.91.231.6 - - [09/Jan/2011:12:53:34 +0100] "POST /chat/?ajax=true HTTP/1.1" 200 250 "http://les-spartiates.no-ip.org/chat/" "Mozilla/5.0 (Windows; U; Windows NT 6.0; fr; rv:1.9.2.13) Gecko/20101203 Firefox/3.6.13 (.NET CLR 3.5.30729)"
87.91.231.6 - - [09/Jan/2011:12:53:34 +0100] "GET /chat/img/delete.png HTTP/1.1" 200 241 "http://les-spartiates.no-ip.org/chat/css/prosilver.css" "Mozilla/5.0 (Windows; U; Windows NT 6.0; fr; rv:1.9.2.13) Gecko/20101203 Firefox/3.6.13 (.NET CLR 3.5.30729)"
87.91.231.6 - - [09/Jan/2011:12:53:35 +0100] "GET /chat/?ajax=true&lastID=28 HTTP/1.1" 200 250 "http://les-spartiates.no-ip.org/chat/" "Mozilla/5.0 (Windows; U; Windows NT 6.1; fr; rv:1.9.2.13) Gecko/20101203 Firefox/3.6.13 LUDI2 ;ShopperReports"
87.91.231.6 - - [09/Jan/2011:12:53:36 +0100] "GET /chat/?ajax=true&lastID=29 HTTP/1.1" 200 181 "http://les-spartiates.no-ip.org/chat/" "Mozilla/5.0 (Windows; U; Windows NT 6.0; fr; rv:1.9.2.13) Gecko/20101203 Firefox/3.6.13 (.NET CLR 3.5.30729)"
